{"id":28991,"date":"2025-04-26T10:47:54","date_gmt":"2025-04-26T10:47:54","guid":{"rendered":"https:\/\/tthcompany.ma\/?post_type=product&#038;p=28991"},"modified":"2025-04-26T10:48:49","modified_gmt":"2025-04-26T10:48:49","slug":"ajax-keypad-fibra-white","status":"publish","type":"product","link":"https:\/\/tthcompany.ma\/index.php\/product\/ajax-keypad-fibra-white\/","title":{"rendered":"Ajax KeyPad Fibra White"},"content":{"rendered":"<p>Sp\u00e9cifications<\/p>\n<p>&nbsp;<\/p>\n<table width=\"671\" data-start=\"90\" data-end=\"4131\">\n<tbody>\n<tr data-start=\"90\" data-end=\"214\">\n<td width=\"224\">Caract\u00e9ristique<\/td>\n<td width=\"447\">D\u00e9tail<\/td>\n<\/tr>\n<tr data-start=\"339\" data-end=\"462\">\n<td width=\"224\" data-start=\"339\" data-end=\"385\">Communication<\/td>\n<td width=\"447\" data-start=\"385\" data-end=\"462\">Technologie de communication Fibra<\/td>\n<\/tr>\n<tr data-start=\"463\" data-end=\"633\">\n<td width=\"224\" data-start=\"463\" data-end=\"508\">Technologie de communication<\/td>\n<td width=\"447\" data-start=\"508\" data-end=\"633\">Technologie de communication filaire propri\u00e9taire. Fibra offre la fiabilit\u00e9 des fils et la libert\u00e9 de la connexion radio.<\/td>\n<\/tr>\n<tr data-start=\"634\" data-end=\"810\">\n<td width=\"224\" data-start=\"634\" data-end=\"680\">Caract\u00e9ristiques<\/td>\n<td width=\"447\" data-start=\"680\" data-end=\"810\">Communication bidirectionnelle, Anti-sabotage avanc\u00e9, Notifications instantan\u00e9es, Configuration \u00e0 distance via une application<\/td>\n<\/tr>\n<tr data-start=\"811\" data-end=\"933\">\n<td width=\"224\" data-start=\"811\" data-end=\"856\">Connexion par ligne<\/td>\n<td width=\"447\" data-start=\"856\" data-end=\"933\">C\u00e2ble 4 fils<\/td>\n<\/tr>\n<tr data-start=\"934\" data-end=\"1059\">\n<td width=\"224\" data-start=\"934\" data-end=\"980\">Longueur de la ligne Fibra<\/td>\n<td width=\"447\" data-start=\"980\" data-end=\"1059\">Jusqu&#8217;\u00e0 2,000 m\u00e8tres lors de l&#8217;utilisation d&#8217;une paire torsad\u00e9e U\/UTP cat.5<\/td>\n<\/tr>\n<tr data-start=\"1060\" data-end=\"1183\">\n<td width=\"224\" data-start=\"1060\" data-end=\"1106\">Communication chiffr\u00e9e<\/td>\n<td width=\"447\" data-start=\"1106\" data-end=\"1183\">Oui<\/td>\n<\/tr>\n<tr data-start=\"1184\" data-end=\"1307\">\n<td width=\"224\" data-start=\"1184\" data-end=\"1230\">Caract\u00e9ristiques cl\u00e9s<\/td>\n<td width=\"447\" data-start=\"1230\" data-end=\"1307\">Type de capteur : Capacitif<\/td>\n<\/tr>\n<tr data-start=\"1308\" data-end=\"1430\">\n<td width=\"224\" data-start=\"1308\" data-end=\"1353\">Indication du mode de s\u00e9curit\u00e9<\/td>\n<td width=\"447\" data-start=\"1353\" data-end=\"1430\">Uniquement lorsque le Superior KeyPad Fibra est actif.<\/td>\n<\/tr>\n<tr data-start=\"1431\" data-end=\"1554\">\n<td width=\"224\" data-start=\"1431\" data-end=\"1476\">Code de contrainte<\/td>\n<td width=\"447\" data-start=\"1476\" data-end=\"1554\">50 codes personnels, 1 code g\u00e9n\u00e9ral<\/td>\n<\/tr>\n<tr data-start=\"1555\" data-end=\"1688\">\n<td width=\"224\" data-start=\"1555\" data-end=\"1600\">Bouton de fonction<\/td>\n<td width=\"447\" data-start=\"1600\" data-end=\"1688\">Bouton de panique : Pour activer une alarme, Mettre en sourdine les alarmes incendie<\/td>\n<\/tr>\n<tr data-start=\"1689\" data-end=\"1823\">\n<td width=\"224\" data-start=\"1689\" data-end=\"1734\">Codes<\/td>\n<td width=\"447\" data-start=\"1734\" data-end=\"1823\">50 codes personnels, Un par utilisateur, 1 code g\u00e9n\u00e9ral, Un par Superior KeyPad Fibra<\/td>\n<\/tr>\n<tr data-start=\"1824\" data-end=\"1947\">\n<td width=\"224\" data-start=\"1824\" data-end=\"1869\">Type ECA<\/td>\n<td width=\"447\" data-start=\"1869\" data-end=\"1947\">Type B<\/td>\n<\/tr>\n<tr data-start=\"1948\" data-end=\"2187\">\n<td width=\"224\" data-start=\"1948\" data-end=\"1993\">Protection anti-sabotage<\/td>\n<td width=\"447\" data-start=\"1993\" data-end=\"2187\">Protection contre les tentatives de forcer le code d&#8217;acc\u00e8s, Le Superior KeyPad Fibra se verrouille pendant 3 \u00e0 180 minutes si un code incorrect est saisi plus de 3 fois de suite en 1 minute.<\/td>\n<\/tr>\n<tr data-start=\"2188\" data-end=\"2335\">\n<td width=\"224\" data-start=\"2188\" data-end=\"2233\">Alarme anti-sabotage<\/td>\n<td width=\"447\" data-start=\"2233\" data-end=\"2335\">Alertes des tentatives de d\u00e9tacher le d\u00e9tecteur de la surface ou de retirer le panneau de montage.<\/td>\n<\/tr>\n<tr data-start=\"2336\" data-end=\"2458\">\n<td width=\"224\" data-start=\"2336\" data-end=\"2381\">Protection contre la falsification<\/td>\n<td width=\"447\" data-start=\"2381\" data-end=\"2458\">Authentification du dispositif<\/td>\n<\/tr>\n<tr data-start=\"2459\" data-end=\"2620\">\n<td width=\"224\" data-start=\"2459\" data-end=\"2504\">Alimentation<\/td>\n<td width=\"447\" data-start=\"2504\" data-end=\"2620\">Tension op\u00e9rationnelle du clavier : 5\u221227 V\u2393, jusqu&#8217;\u00e0 230 mW, Le clavier est aliment\u00e9 par le panneau de contr\u00f4le.<\/td>\n<\/tr>\n<tr data-start=\"2621\" data-end=\"2743\">\n<td width=\"224\" data-start=\"2621\" data-end=\"2666\">Tension nominale op\u00e9rationnelle<\/td>\n<td width=\"447\" data-start=\"2666\" data-end=\"2743\">24 V\u2393<\/td>\n<\/tr>\n<tr data-start=\"2744\" data-end=\"2867\">\n<td width=\"224\" data-start=\"2744\" data-end=\"2789\">Consommation \u00e9lectrique au repos<\/td>\n<td width=\"447\" data-start=\"2789\" data-end=\"2867\">0,16 mA<\/td>\n<\/tr>\n<tr data-start=\"2868\" data-end=\"2990\">\n<td width=\"224\" data-start=\"2868\" data-end=\"2913\">Consommation \u00e9lectrique maximale<\/td>\n<td width=\"447\" data-start=\"2913\" data-end=\"2990\">15 mA<\/td>\n<\/tr>\n<tr data-start=\"2991\" data-end=\"3114\">\n<td width=\"224\" data-start=\"2991\" data-end=\"3036\">Ondulation de commutation<\/td>\n<td width=\"447\" data-start=\"3036\" data-end=\"3114\">220 mV<\/td>\n<\/tr>\n<tr data-start=\"3115\" data-end=\"3238\">\n<td width=\"224\" data-start=\"3115\" data-end=\"3160\">Dimensions<\/td>\n<td width=\"447\" data-start=\"3160\" data-end=\"3238\">150 \u00d7 103 \u00d7 19 mm<\/td>\n<\/tr>\n<tr data-start=\"3239\" data-end=\"3361\">\n<td width=\"224\" data-start=\"3239\" data-end=\"3284\">Poids du dispositif blanc<\/td>\n<td width=\"447\" data-start=\"3284\" data-end=\"3361\">181 g<\/td>\n<\/tr>\n<tr data-start=\"3362\" data-end=\"3484\">\n<td width=\"224\" data-start=\"3362\" data-end=\"3407\">Poids du dispositif noir<\/td>\n<td width=\"447\" data-start=\"3407\" data-end=\"3484\">165 g<\/td>\n<\/tr>\n<tr data-start=\"3485\" data-end=\"3608\">\n<td width=\"224\" data-start=\"3485\" data-end=\"3530\">Temp\u00e9rature d&#8217;exploitation<\/td>\n<td width=\"447\" data-start=\"3530\" data-end=\"3608\">De \u201310\u00b0C \u00e0 +40\u00b0C<\/td>\n<\/tr>\n<tr data-start=\"3609\" data-end=\"3733\">\n<td width=\"224\" data-start=\"3609\" data-end=\"3654\">Humidit\u00e9 admissible<\/td>\n<td width=\"447\" data-start=\"3654\" data-end=\"3733\">Jusqu&#8217;\u00e0 75 %<\/td>\n<\/tr>\n<tr data-start=\"3734\" data-end=\"3856\">\n<td width=\"224\" data-start=\"3734\" data-end=\"3779\">Indice de protection<\/td>\n<td width=\"447\" data-start=\"3779\" data-end=\"3856\">IP50, IK04<\/td>\n<\/tr>\n<tr data-start=\"3857\" data-end=\"4007\">\n<td width=\"224\" data-start=\"3857\" data-end=\"3902\">Kit complet<\/td>\n<td width=\"447\" data-start=\"3902\" data-end=\"4007\">Superior KeyPad Fibra, Panneau de montage SmartBracket, Kit d\u2019installation, Guide de d\u00e9marrage rapide<\/td>\n<\/tr>\n<tr data-start=\"4008\" data-end=\"4131\">\n<td width=\"224\" data-start=\"4008\" data-end=\"4053\">Couleurs<\/td>\n<td width=\"447\" data-start=\"4053\" data-end=\"4131\">Noir, Blanc<\/td>\n<\/tr>\n<\/tbody>\n<\/table>\n","protected":false},"excerpt":{"rendered":"<p>Le Ajax KeyPad Fibra White est un clavier de contr\u00f4le sans fil con\u00e7u pour int\u00e9grer parfaitement les syst\u00e8mes de s\u00e9curit\u00e9\u00a0 <a href=\"https:\/\/ajaxshop.ma\/produit\/ajax-keypad-fibra\/\">Ajax<\/a>.<\/p>\n<p>&nbsp;<\/p>\n","protected":false},"featured_media":28992,"comment_status":"open","ping_status":"closed","template":"","meta":{"om_disable_all_campaigns":false,"_monsterinsights_skip_tracking":false,"_monsterinsights_sitenote_active":false,"_monsterinsights_sitenote_note":"","_monsterinsights_sitenote_category":0},"product_cat":[1518,1517],"product_tag":[1521,1519,1520,1523,1522,283,1524,1531,1528,1529,1525,1530,1526,1527],"class_list":{"0":"post-28991","1":"product","2":"type-product","3":"status-publish","4":"has-post-thumbnail","6":"product_cat-protection-contre-les-intrusions","7":"product_cat-systeme-de-securite","8":"product_tag-alarme-gsm","9":"product_tag-alarme-maison","10":"product_tag-alarme-sans-fil","11":"product_tag-controle-acces","12":"product_tag-detecteur-mouvement","13":"product_tag-installation-alarme","14":"product_tag-kit-alarme","15":"product_tag-prix-alarme","16":"product_tag-securite-appartement","17":"product_tag-securite-entreprise","18":"product_tag-securite-intrusion","19":"product_tag-securite-maison","20":"product_tag-systeme-alarme","21":"product_tag-telesurveillance","22":"ts_product_brand-ajax","24":"first","25":"instock","26":"shipping-taxable","27":"purchasable","28":"product-type-simple","29":"add-to-wishlist-after_add_to_cart"},"aioseo_notices":[],"_links":{"self":[{"href":"https:\/\/tthcompany.ma\/index.php\/wp-json\/wp\/v2\/product\/28991","targetHints":{"allow":["GET"]}}],"collection":[{"href":"https:\/\/tthcompany.ma\/index.php\/wp-json\/wp\/v2\/product"}],"about":[{"href":"https:\/\/tthcompany.ma\/index.php\/wp-json\/wp\/v2\/types\/product"}],"replies":[{"embeddable":true,"href":"https:\/\/tthcompany.ma\/index.php\/wp-json\/wp\/v2\/comments?post=28991"}],"wp:featuredmedia":[{"embeddable":true,"href":"https:\/\/tthcompany.ma\/index.php\/wp-json\/wp\/v2\/media\/28992"}],"wp:attachment":[{"href":"https:\/\/tthcompany.ma\/index.php\/wp-json\/wp\/v2\/media?parent=28991"}],"wp:term":[{"taxonomy":"product_cat","embeddable":true,"href":"https:\/\/tthcompany.ma\/index.php\/wp-json\/wp\/v2\/product_cat?post=28991"},{"taxonomy":"product_tag","embeddable":true,"href":"https:\/\/tthcompany.ma\/index.php\/wp-json\/wp\/v2\/product_tag?post=28991"}],"curies":[{"name":"wp","href":"https:\/\/api.w.org\/{rel}","templated":true}]}}