{"id":26616,"date":"2024-03-14T13:10:34","date_gmt":"2024-03-14T13:10:34","guid":{"rendered":"https:\/\/tthcompany.ma\/?post_type=product&#038;p=26616"},"modified":"2024-03-14T13:20:24","modified_gmt":"2024-03-14T13:20:24","slug":"lc-series","status":"publish","type":"product","link":"https:\/\/tthcompany.ma\/index.php\/product\/lc-series\/","title":{"rendered":"LC Series"},"content":{"rendered":"","protected":false},"excerpt":{"rendered":"<p>L&#8217;Affichage LED Illumine Partout<\/p>\n<p>Le module de la s\u00e9rie LC, rentable et standard, est sp\u00e9cifiquement con\u00e7u pour les clients des canaux de distribution. Le produit vise \u00e0 \u00eatre comp\u00e9titif sur le plan des prix, aidant \u00e0 augmenter la part de march\u00e9 et \u00e0 fournir une expansion rapide.<\/p>\n<p>S\u00e9rie LC<\/p>\n<p>Module standard r\u00e9gulier<\/p>\n<p>Pas de Pixel (mm)<\/p>\n<p>1.25 | 1.538 | 1.839 | 2 | 2.5 | 3 | 3.076 | 3.3 | 4 | 5 | 5.926 | 6 | 6.667 | 8 | 10<\/p>\n","protected":false},"featured_media":26621,"comment_status":"open","ping_status":"closed","template":"","meta":{"om_disable_all_campaigns":false,"_monsterinsights_skip_tracking":false,"_monsterinsights_sitenote_active":false,"_monsterinsights_sitenote_note":"","_monsterinsights_sitenote_category":0},"product_cat":[1289],"product_tag":[],"class_list":{"0":"post-26616","1":"product","2":"type-product","3":"status-publish","4":"has-post-thumbnail","6":"product_cat-module","7":"ts_product_brand-lampro","9":"first","10":"instock","11":"shipping-taxable","12":"purchasable","13":"product-type-simple","14":"add-to-wishlist-after_add_to_cart"},"aioseo_notices":[],"_links":{"self":[{"href":"https:\/\/tthcompany.ma\/index.php\/wp-json\/wp\/v2\/product\/26616","targetHints":{"allow":["GET"]}}],"collection":[{"href":"https:\/\/tthcompany.ma\/index.php\/wp-json\/wp\/v2\/product"}],"about":[{"href":"https:\/\/tthcompany.ma\/index.php\/wp-json\/wp\/v2\/types\/product"}],"replies":[{"embeddable":true,"href":"https:\/\/tthcompany.ma\/index.php\/wp-json\/wp\/v2\/comments?post=26616"}],"wp:featuredmedia":[{"embeddable":true,"href":"https:\/\/tthcompany.ma\/index.php\/wp-json\/wp\/v2\/media\/26621"}],"wp:attachment":[{"href":"https:\/\/tthcompany.ma\/index.php\/wp-json\/wp\/v2\/media?parent=26616"}],"wp:term":[{"taxonomy":"product_cat","embeddable":true,"href":"https:\/\/tthcompany.ma\/index.php\/wp-json\/wp\/v2\/product_cat?post=26616"},{"taxonomy":"product_tag","embeddable":true,"href":"https:\/\/tthcompany.ma\/index.php\/wp-json\/wp\/v2\/product_tag?post=26616"}],"curies":[{"name":"wp","href":"https:\/\/api.w.org\/{rel}","templated":true}]}}