{"id":26271,"date":"2024-01-19T09:09:35","date_gmt":"2024-01-19T09:09:35","guid":{"rendered":"https:\/\/tthcompany.ma\/?post_type=product&#038;p=26271"},"modified":"2024-01-19T10:08:32","modified_gmt":"2024-01-19T10:08:32","slug":"armoire-12u","status":"publish","type":"product","link":"https:\/\/tthcompany.ma\/index.php\/product\/armoire-12u\/","title":{"rendered":"Armoire 12U"},"content":{"rendered":"<h3>Caract\u00e9ristiques techniques<\/h3>\n<ul>\n<li>Coffret mural 19 \u2018\u2019<\/li>\n<li>Installation murale du coffret facilit\u00e9e par un syst\u00e8me d\u2019\u00e9querre m\u00e9tallique : une seule personne seulement est n\u00e9cessaire pour la fixation au mur<\/li>\n<li>Noir RAL 9004<\/li>\n<li>Porte avant avec vitre en verre, d\u00e9montable et r\u00e9versible et \u00e9quip\u00e9e d\u2019une serrure<\/li>\n<li>Panneaux lat\u00e9raux : 2 points de fermeture sans clef<\/li>\n<li>4 montants 19\u2019\u2019<\/li>\n<li>Perforation pour fixation d\u2019un ventilateur sur le toit<\/li>\n<li>Ventilation naturelle via perforation des parties lat\u00e9rales et sup\u00e9rieures du coffret<\/li>\n<li>Pr\u00e9d\u00e9coupes sur les parties inf\u00e9rieures, sup\u00e9rieures et arri\u00e8res du coffret pour l\u2019entr\u00e9e des c\u00e2bles qui peuvent \u00eatre ferm\u00e9es avec des obturateurs pour plus d\u2019esth\u00e9tisme et une meilleure protection anti poussi\u00e8re<\/li>\n<li>Profondeur 400 mm<\/li>\n<li>Capacit\u00e9 de charge 40 Kg<\/li>\n<li>Conforme aux normes : ANSI\/EIA RS-310-D,DIN41497 part 1, IEC297- 2 , DIN41494 part<br \/>\n7, GBIT3047.2 -92<\/li>\n<\/ul>\n<h3>Dimensions<\/h3>\n<p><img fetchpriority=\"high\" decoding=\"async\" class=\"alignnone wp-image-26273 size-full\" src=\"https:\/\/tthcompany.ma\/wp-content\/uploads\/2024\/01\/fiche-technique-SW4.54xx-06-06.png\" alt=\"\" width=\"568\" height=\"287\" srcset=\"https:\/\/tthcompany.ma\/wp-content\/uploads\/2024\/01\/fiche-technique-SW4.54xx-06-06.png 568w, https:\/\/tthcompany.ma\/wp-content\/uploads\/2024\/01\/fiche-technique-SW4.54xx-06-06-300x152.png 300w\" sizes=\"(max-width: 568px) 100vw, 568px\" \/><\/p>\n<h3>La composition d\u2019emballage :<\/h3>\n<ul>\n<li>1 pi\u00e8ce : Cadre inf\u00e9rieur<\/li>\n<li>2 pi\u00e8ces : Colonne avant<\/li>\n<li>1 pi\u00e8ces : Panneau arri\u00e8re<\/li>\n<li>1 pi\u00e8ce : Couvercle sup\u00e9rieur<\/li>\n<li>4 pi\u00e8ces : Montant vertical<\/li>\n<li>2 pi\u00e8ces : Porte lat\u00e9rale<\/li>\n<li>1 pi\u00e8ces : Porte avant<\/li>\n<\/ul>\n<h3>T\u00e9lechargement de la fiche technique :<\/h3>\n<p><a href=\"https:\/\/ttlinkcompany.com\/wp-content\/uploads\/2021\/10\/fiche-technique-SW4.54xx.pdf\"><strong>Telecharger <\/strong><\/a><\/p>\n","protected":false},"excerpt":{"rendered":"<h3><strong>Description du coffret informatique TTLINK<\/strong><\/h3>\n<p>Le coffret 19\u2019\u2019 TTLINK est la solution compl\u00e9te et parfaite des coffrets informatiques avec un design \u00e9l\u00e9gant et pourra \u00eatre install\u00e9 dans tous les environnements, tout en offrant un parfait point de d\u00e9part pour la distribution de c\u00e2blage.<\/p>\n","protected":false},"featured_media":26272,"comment_status":"open","ping_status":"closed","template":"","meta":{"om_disable_all_campaigns":false,"_monsterinsights_skip_tracking":false,"_monsterinsights_sitenote_active":false,"_monsterinsights_sitenote_note":"","_monsterinsights_sitenote_category":0},"product_cat":[583,858],"product_tag":[1244,1245,1242,1034,1243],"class_list":{"0":"post-26271","1":"product","2":"type-product","3":"status-publish","4":"has-post-thumbnail","6":"product_cat-accessoires","7":"product_cat-armoires","8":"product_tag-accessoires-camera-de-surveillance","9":"product_tag-accessoires-camera-surveillance","10":"product_tag-armoire","11":"product_tag-camera-de-surveillance","12":"product_tag-ttlink","13":"ts_product_brand-ttlink","15":"first","16":"instock","17":"shipping-taxable","18":"purchasable","19":"product-type-simple","20":"add-to-wishlist-after_add_to_cart"},"aioseo_notices":[],"_links":{"self":[{"href":"https:\/\/tthcompany.ma\/index.php\/wp-json\/wp\/v2\/product\/26271","targetHints":{"allow":["GET"]}}],"collection":[{"href":"https:\/\/tthcompany.ma\/index.php\/wp-json\/wp\/v2\/product"}],"about":[{"href":"https:\/\/tthcompany.ma\/index.php\/wp-json\/wp\/v2\/types\/product"}],"replies":[{"embeddable":true,"href":"https:\/\/tthcompany.ma\/index.php\/wp-json\/wp\/v2\/comments?post=26271"}],"wp:featuredmedia":[{"embeddable":true,"href":"https:\/\/tthcompany.ma\/index.php\/wp-json\/wp\/v2\/media\/26272"}],"wp:attachment":[{"href":"https:\/\/tthcompany.ma\/index.php\/wp-json\/wp\/v2\/media?parent=26271"}],"wp:term":[{"taxonomy":"product_cat","embeddable":true,"href":"https:\/\/tthcompany.ma\/index.php\/wp-json\/wp\/v2\/product_cat?post=26271"},{"taxonomy":"product_tag","embeddable":true,"href":"https:\/\/tthcompany.ma\/index.php\/wp-json\/wp\/v2\/product_tag?post=26271"}],"curies":[{"name":"wp","href":"https:\/\/api.w.org\/{rel}","templated":true}]}}