{"id":22985,"date":"2023-03-08T14:39:38","date_gmt":"2023-03-08T14:39:38","guid":{"rendered":"https:\/\/tthcompany.ma\/?post_type=product&#038;p=22985"},"modified":"2023-09-26T10:41:55","modified_gmt":"2023-09-26T10:41:55","slug":"bullet-2-ipc-f22fep","status":"publish","type":"product","link":"https:\/\/tthcompany.ma\/index.php\/product\/bullet-2-ipc-f22fep\/","title":{"rendered":"Bullet 2 &#8211; IPC-F22FEP"},"content":{"rendered":"<table class=\"STable\" border=\"1\" width=\"100%\" cellspacing=\"0\" cellpadding=\"5\" align=\"center\">\n<tbody>\n<tr class=\"bright\">\n<td class=\"tab_title\" width=\"40%\"><span class=\"article-sleep\"><span class=\"row_id_23620\">Standard<\/span><\/span>:<\/td>\n<td class=\"tab_value\"><span class=\"article-sleep\">TCP\/IP<\/span><\/td>\n<\/tr>\n<tr class=\"dark\">\n<td class=\"tab_title\" width=\"40%\"><span class=\"article-sleep\"><span class=\"row_id_597\">Sensor<\/span><\/span>:<\/td>\n<td class=\"tab_value\">1\/2.8\u00a0&#8221; Progressive Scan CMOS<\/td>\n<\/tr>\n<tr class=\"bright\">\n<td class=\"tab_title\" width=\"40%\"><span class=\"article-sleep\"><span class=\"row_id_13984\">Matrix size<\/span><\/span>:<\/td>\n<td class=\"tab_value\">2.1\u00a0<span class=\"article-sleep\">Mpx<\/span><\/td>\n<\/tr>\n<tr class=\"dark\">\n<td class=\"tab_title\" width=\"40%\"><span class=\"article-sleep\"><span class=\"row_id_1767\">Resolution<\/span><\/span>:<\/td>\n<td class=\"tab_value\">1920 x 1080\u00a0 &#8211; <span class=\"article-sleep\">1080p<\/span><\/td>\n<\/tr>\n<tr class=\"bright\">\n<td class=\"tab_title\" width=\"40%\"><span class=\"row_id_598\">Lens<\/span>:<\/td>\n<td class=\"tab_value\">2.8\u00a0mm<\/td>\n<\/tr>\n<tr class=\"dark\">\n<td class=\"tab_title\" width=\"40%\"><span class=\"article-sleep\"><span class=\"row_id_599\">View angle<\/span><\/span>:<\/td>\n<td class=\"tab_value\">108\u00a0\u00b0<\/td>\n<\/tr>\n<tr class=\"bright\">\n<td class=\"tab_title\" width=\"40%\"><span class=\"row_id_4677\">White light LED illuminator range<\/span>:<\/td>\n<td class=\"tab_value\">30\u00a0m<\/td>\n<\/tr>\n<tr class=\"dark\">\n<td class=\"tab_title\" width=\"40%\"><span class=\"row_id_1654\">Audio<\/span>:<\/td>\n<td class=\"tab_value\">\n<ul>\n<li>Microphone built-in,<\/li>\n<li>Speaker built-in,<\/li>\n<li>Alarm siren 110\u00a0<span class=\"article-sleep\">dB<\/span><\/li>\n<li>Audio transmission via network<\/li>\n<\/ul>\n<\/td>\n<\/tr>\n<tr class=\"bright\">\n<td class=\"tab_title\" width=\"40%\"><span class=\"no_row_id_3859\">Image compression method<\/span>:<\/td>\n<td class=\"tab_value\"><span class=\"article-sleep\">H.265<\/span> \/ <span class=\"article-sleep\">H.264<\/span><\/td>\n<\/tr>\n<tr class=\"dark\">\n<td class=\"tab_title\" width=\"40%\"><span class=\"row_id_12358\">Main stream frame rate<\/span>:<\/td>\n<td class=\"tab_value\">25\u00a0<span class=\"article-sleep\">fps<\/span> @ <span class=\"article-sleep\">1080p<\/span><\/td>\n<\/tr>\n<tr class=\"bright\">\n<td class=\"tab_title\" width=\"40%\"><span class=\"row_id_7661\">Network protocols<\/span>:<\/td>\n<td class=\"tab_value\">TCP, DHCP<\/td>\n<\/tr>\n<tr class=\"dark\">\n<td class=\"tab_title\" width=\"40%\"><span class=\"article-sleep\"><span class=\"row_id_12361\">ONVIF<\/span><\/span>:<\/td>\n<td class=\"tab_value\"><img decoding=\"async\" title=\"\" src=\"https:\/\/shopdelta.eu\/img\/p_table_true.png\" alt=\"\" border=\"0\" \/><\/td>\n<\/tr>\n<tr class=\"bright\">\n<td class=\"tab_title\" width=\"40%\"><span class=\"row_id_3981\">Network interface<\/span>:<\/td>\n<td class=\"tab_value\">\n<ul>\n<li>Ethernet : 100\u00a0Mbps<\/li>\n<li>Wi-Fi IEEE 802.11 b\/g\/n &#8211; 2.4\u00a0GHz<\/li>\n<\/ul>\n<\/td>\n<\/tr>\n<tr class=\"dark\">\n<td class=\"tab_title\" width=\"40%\"><span class=\"row_id_12363\">WEB Server<\/span>:<\/td>\n<td class=\"tab_value\"><img decoding=\"async\" title=\"\" src=\"https:\/\/shopdelta.eu\/img\/p_table_false.png\" alt=\"\" border=\"0\" \/><\/td>\n<\/tr>\n<tr class=\"bright\">\n<td class=\"tab_title\" width=\"40%\"><span class=\"row_id_3873\">Mobile phones support<\/span>:<\/td>\n<td class=\"tab_value\">Access by a cloud (P2P)<\/p>\n<ul>\n<li>Android: Free application <a href=\"https:\/\/play.google.com\/store\/apps\/details?id=com.mm.android.smartlifeiot&amp;hl=pl\" target=\"_blank\" rel=\"noopener\">IMOU<\/a><\/li>\n<li>iOS (iPhone): Free application <a href=\"https:\/\/itunes.apple.com\/pl\/app\/easy4ip\/id1071165451?mt=8\" target=\"_blank\" rel=\"noopener\">IMOU<\/a><\/li>\n<\/ul>\n<\/td>\n<\/tr>\n<tr class=\"dark\">\n<td class=\"tab_title\" width=\"40%\"><span class=\"article-sleep\"><span class=\"no_row_id_25516\">Default admin user \/ password<\/span><\/span>:<\/td>\n<td class=\"tab_value\">admin \/ &#8211;<br \/>\nThe administrator password should be set at the first start<\/td>\n<\/tr>\n<tr class=\"bright\">\n<td class=\"tab_title\" width=\"40%\"><span class=\"no_row_id_25518\">Default IP address<\/span>:<\/td>\n<td class=\"tab_value\">DHCP<\/td>\n<\/tr>\n<tr class=\"dark\">\n<td class=\"tab_title\" width=\"40%\"><span class=\"no_row_id_25519\">Web browser access ports<\/span>:<\/td>\n<td class=\"tab_value\"><img decoding=\"async\" title=\"\" src=\"https:\/\/shopdelta.eu\/img\/p_table_false.png\" alt=\"\" border=\"0\" \/><\/td>\n<\/tr>\n<tr class=\"bright\">\n<td class=\"tab_title\" width=\"40%\"><span class=\"no_row_id_25522\">PC client access ports<\/span>:<\/td>\n<td class=\"tab_value\"><img decoding=\"async\" title=\"\" src=\"https:\/\/shopdelta.eu\/img\/p_table_false.png\" alt=\"\" border=\"0\" \/><\/td>\n<\/tr>\n<tr class=\"dark\">\n<td class=\"tab_title\" width=\"40%\"><span class=\"no_row_id_25523\">Mobile client access ports<\/span>:<\/td>\n<td class=\"tab_value\"><img decoding=\"async\" title=\"\" src=\"https:\/\/shopdelta.eu\/img\/p_table_false.png\" alt=\"\" border=\"0\" \/><\/td>\n<\/tr>\n<tr class=\"bright\">\n<td class=\"tab_title\" width=\"40%\"><span class=\"no_row_id_25524\">Port ONVIF<\/span>:<\/td>\n<td class=\"tab_value\"><img decoding=\"async\" title=\"\" src=\"https:\/\/shopdelta.eu\/img\/p_table_false.png\" alt=\"\" border=\"0\" \/><\/td>\n<\/tr>\n<tr class=\"dark\">\n<td class=\"tab_title\" width=\"40%\"><span class=\"no_row_id_25525\">RTSP URL<\/span>:<\/td>\n<td class=\"tab_value\"><img decoding=\"async\" title=\"\" src=\"https:\/\/shopdelta.eu\/img\/p_table_false.png\" alt=\"\" border=\"0\" \/><\/td>\n<\/tr>\n<tr class=\"bright\">\n<td class=\"tab_title\" width=\"40%\"><span class=\"row_id_12428\">Memory card slot<\/span>:<\/td>\n<td class=\"tab_value\">Micro SD memory cards up to 256GB support (possible local recording)<\/td>\n<\/tr>\n<tr class=\"dark\">\n<td class=\"tab_title\" width=\"40%\"><span class=\"row_id_2932\">Main features<\/span>:<\/td>\n<td class=\"tab_value\">\n<ul>\n<li>Wi-Fi Module &#8211; IEEE 802.11 b\/g\/n,<\/li>\n<li>MIMO technology &#8211; increases the throughput of wireless link (multiple antennas transmission)<\/li>\n<li><span class=\"article-sleep\">Motion Detection<\/span><\/li>\n<li>People detection<\/li>\n<li>D-ZOOM &#8211; Digital Zoom : 16x<\/li>\n<li>Built-in alarm siren<\/li>\n<li>LED Floodlight<\/li>\n<li>Full Color &#8211; colorful night mode<\/li>\n<li>Light and sound alarm<\/li>\n<li>IMOU Cloud<\/li>\n<li>RESET button<\/li>\n<\/ul>\n<\/td>\n<\/tr>\n<tr class=\"bright\">\n<td class=\"tab_title\" width=\"40%\"><span class=\"row_id_127\">Power supply<\/span>:<\/td>\n<td class=\"tab_value\">12\u00a0V <span class=\"article-sleep\">DC<\/span> \/ 1\u00a0A (power adapter included)<\/td>\n<\/tr>\n<tr class=\"dark\">\n<td class=\"tab_title\" width=\"40%\"><span class=\"row_id_632\">Power consumption<\/span>:<\/td>\n<td class=\"tab_value\">&lt; 5.32\u00a0W<\/td>\n<\/tr>\n<tr class=\"bright\">\n<td class=\"tab_title\" width=\"40%\"><span class=\"article-sleep\"><span class=\"row_id_143\">&#8220;Index of Protection&#8221;<\/span><\/span>:<\/td>\n<td class=\"tab_value\"><span class=\"article-sleep\">IP67<\/span><\/td>\n<\/tr>\n<tr class=\"dark\">\n<td class=\"tab_title\" width=\"40%\"><span class=\"row_id_32\">Weight<\/span>:<\/td>\n<td class=\"tab_value\">0.36\u00a0kg<\/td>\n<\/tr>\n<tr class=\"bright\">\n<td class=\"tab_title\" width=\"40%\"><span class=\"no_row_id_130\">Dimensions<\/span>:<\/td>\n<td class=\"tab_value\">148\u00a0 x 74\u00a0 x 74\u00a0mm<\/td>\n<\/tr>\n<tr class=\"dark\">\n<td class=\"tab_title\" width=\"40%\"><span class=\"row_id_4365\">Supported languages<\/span>:<\/td>\n<td class=\"tab_value\"><img decoding=\"async\" title=\"\" src=\"https:\/\/shopdelta.eu\/img\/p_table_false.png\" alt=\"\" border=\"0\" \/><\/td>\n<\/tr>\n<tr class=\"bright\">\n<td class=\"tab_title\" width=\"40%\"><span class=\"row_id_22236\">Manufacturer \/ Brand<\/span>:<\/td>\n<td class=\"tab_value\">DAHUA<\/td>\n<\/tr>\n<tr class=\"dark\">\n<td class=\"tab_title\" width=\"40%\"><span class=\"row_id_22124\">Guarantee<\/span>:<\/td>\n<td class=\"tab_value\">2 years<\/td>\n<\/tr>\n<\/tbody>\n<\/table>\n","protected":false},"excerpt":{"rendered":"<div class=\"relative flex w-[calc(100%-50px)] flex-col gap-1 md:gap-3 lg:w-[calc(100%-115px)]\">\n<div class=\"flex flex-grow flex-col gap-3\">\n<div class=\"min-h-[20px] flex flex-col items-start gap-4 whitespace-pre-wrap\">\n<div class=\"markdown prose w-full break-words dark:prose-invert dark\">\n<p>Les cam\u00e9ras de la s\u00e9rie IMOU ont \u00e9t\u00e9 con\u00e7ues avec un soin particulier pour simplifier la configuration et l&#8217;exploitation. En combinaison avec la plateforme IMOU conviviale pour l&#8217;utilisateur, les appareils de la s\u00e9rie IMOU permettent \u00e0 quiconque de cr\u00e9er un syst\u00e8me de surveillance simple et efficace.<\/p>\n<p>Une utilisation tr\u00e8s facile via des appareils mobiles (Android \/ iOS) permet aux utilisateurs une exploitation confortable et \u00e0 distance, ainsi que la gestion de la cam\u00e9ra. La cam\u00e9ra est conforme \u00e0 la norme d&#8217;indice de protection IP67.<\/p>\n<p>La cam\u00e9ra peut coop\u00e9rer avec l&#8217;enregistreur N14P.<\/p>\n<p>Attention ! Les appareils de la s\u00e9rie IMOU n&#8217;ont pas d&#8217;interface WEB. Afin d&#8217;obtenir des performances optimales des cam\u00e9ras de la s\u00e9rie IMOU, il est recommand\u00e9 d&#8217;utiliser des cartes m\u00e9moire Micro SD DAHUA.<\/p>\n<\/div>\n<\/div>\n<\/div>\n<div class=\"flex justify-between\">\n<div class=\"text-gray-400 flex self-end lg:self-center justify-center mt-2 gap-3 md:gap-4 lg:gap-1 lg:absolute lg:top-0 lg:translate-x-full lg:right-0 lg:mt-0 lg:pl-2 visible\"><\/div>\n<\/div>\n<\/div>\n","protected":false},"featured_media":22986,"comment_status":"open","ping_status":"closed","template":"","meta":{"om_disable_all_campaigns":false,"_monsterinsights_skip_tracking":false,"_monsterinsights_sitenote_active":false,"_monsterinsights_sitenote_note":"","_monsterinsights_sitenote_category":0},"product_cat":[741],"product_tag":[1009,1011,885,1012,1013,1010,1093],"class_list":{"0":"post-22985","1":"product","2":"type-product","3":"status-publish","4":"has-post-thumbnail","6":"product_cat-imou","7":"product_tag-imou","8":"product_tag-imou-dahua","9":"product_tag-imou-maroc","10":"product_tag-imou-prix","11":"product_tag-imou-rabatt","12":"product_tag-imou-tanger","13":"product_tag-onstuck","14":"ts_product_brand-imou","16":"first","17":"instock","18":"shipping-taxable","19":"purchasable","20":"product-type-simple","21":"add-to-wishlist-after_add_to_cart"},"aioseo_notices":[],"_links":{"self":[{"href":"https:\/\/tthcompany.ma\/index.php\/wp-json\/wp\/v2\/product\/22985","targetHints":{"allow":["GET"]}}],"collection":[{"href":"https:\/\/tthcompany.ma\/index.php\/wp-json\/wp\/v2\/product"}],"about":[{"href":"https:\/\/tthcompany.ma\/index.php\/wp-json\/wp\/v2\/types\/product"}],"replies":[{"embeddable":true,"href":"https:\/\/tthcompany.ma\/index.php\/wp-json\/wp\/v2\/comments?post=22985"}],"wp:featuredmedia":[{"embeddable":true,"href":"https:\/\/tthcompany.ma\/index.php\/wp-json\/wp\/v2\/media\/22986"}],"wp:attachment":[{"href":"https:\/\/tthcompany.ma\/index.php\/wp-json\/wp\/v2\/media?parent=22985"}],"wp:term":[{"taxonomy":"product_cat","embeddable":true,"href":"https:\/\/tthcompany.ma\/index.php\/wp-json\/wp\/v2\/product_cat?post=22985"},{"taxonomy":"product_tag","embeddable":true,"href":"https:\/\/tthcompany.ma\/index.php\/wp-json\/wp\/v2\/product_tag?post=22985"}],"curies":[{"name":"wp","href":"https:\/\/api.w.org\/{rel}","templated":true}]}}