{"id":22165,"date":"2023-01-06T10:39:31","date_gmt":"2023-01-06T10:39:31","guid":{"rendered":"https:\/\/tthcompany.ma\/?post_type=product&#038;p=22165"},"modified":"2023-01-06T10:40:15","modified_gmt":"2023-01-06T10:40:15","slug":"ipc-hdw1239t1p-led","status":"publish","type":"product","link":"https:\/\/tthcompany.ma\/index.php\/product\/ipc-hdw1239t1p-led\/","title":{"rendered":"IPC-HDW1239T1P-LED"},"content":{"rendered":"<table id=\"table001\" class=\"NEW-TABLE TableOverride-1 tab-drag\">\n<tbody>\n<tr>\n<td colspan=\"60\">Camera<\/td>\n<\/tr>\n<tr>\n<td colspan=\"18\">Image Sensor<\/td>\n<td colspan=\"42\">1\/2.7&#8243; 2Megapixel progressive CMOS<\/td>\n<\/tr>\n<tr>\n<td colspan=\"18\">Effective Pixels<\/td>\n<td colspan=\"42\">1920 (H) \u00d7 1080 (V)<\/td>\n<\/tr>\n<tr>\n<td colspan=\"18\">ROM<\/td>\n<td colspan=\"42\">16 MB<\/td>\n<\/tr>\n<tr>\n<td colspan=\"18\">RAM<\/td>\n<td colspan=\"42\">64 MB<\/td>\n<\/tr>\n<tr>\n<td colspan=\"18\">Scanning System<\/td>\n<td colspan=\"42\">Progressive<\/td>\n<\/tr>\n<tr>\n<td colspan=\"18\">Electronic Shutter Speed<\/td>\n<td colspan=\"42\">Auto\/Manual 1\/3 s\u20131\/100000 s<\/td>\n<\/tr>\n<tr>\n<td colspan=\"18\">Min. Illumination<\/td>\n<td colspan=\"42\">0.005 Lux @F1.6<\/td>\n<\/tr>\n<tr>\n<td colspan=\"18\">LED Distance<\/td>\n<td colspan=\"42\">2.8 mm: 10 m (32.8ft)<\/p>\n<p>3.6 mm: 15 m (49.2ft)<\/td>\n<\/tr>\n<tr>\n<td colspan=\"18\">LED On\/Off Control<\/td>\n<td colspan=\"42\">Auto\/Manual<\/td>\n<\/tr>\n<tr>\n<td colspan=\"18\">LEDs Number<\/td>\n<td colspan=\"42\">1<\/td>\n<\/tr>\n<tr>\n<td colspan=\"18\">Pan\/Tilt\/Rotation Range<\/td>\n<td colspan=\"42\">Horizontal: 0\u00b0\u2013355\u00b0<\/p>\n<p>Vertical: 0\u00b0\u201378\u00b0<\/p>\n<p>Rotation: 0\u00b0\u2013360\u00b0<\/td>\n<\/tr>\n<tr>\n<td colspan=\"60\">Lens<\/td>\n<\/tr>\n<tr>\n<td colspan=\"18\">Lens Type<\/td>\n<td colspan=\"42\">Fixed-focal<\/td>\n<\/tr>\n<tr>\n<td colspan=\"18\">Mount Type<\/td>\n<td colspan=\"42\">M12<\/td>\n<\/tr>\n<tr>\n<td colspan=\"18\">Focal Length<\/td>\n<td colspan=\"42\">2.8 mm<br \/>\n3.6 mm<\/td>\n<\/tr>\n<tr>\n<td colspan=\"18\">Max. Aperture<\/td>\n<td colspan=\"42\">2.8 mm: F1.6<\/p>\n<p>3.6 mm: F1.6<\/td>\n<\/tr>\n<tr>\n<td colspan=\"18\">Field of View<\/td>\n<td colspan=\"42\">2.8 mm: Pan 110\u00b0 \u00d7 Tilt 59\u00b0 \u00d7 Diagonal 132\u00b0<\/p>\n<p>3.6 mm: Pan 91\u00b0 \u00d7 Tilt 48\u00b0 \u00d7 Diagonal 109\u00b0<\/td>\n<\/tr>\n<tr>\n<td colspan=\"18\">Iris Type<\/td>\n<td colspan=\"42\">Fixed<\/td>\n<\/tr>\n<tr>\n<td colspan=\"18\">Close Focus Distance<\/td>\n<td colspan=\"42\">2.8 mm: 0.6 m (2.0 ft)<\/p>\n<p>3.6 mm: 1.1 m (3.6 ft)<\/td>\n<\/tr>\n<tr>\n<td colspan=\"18\" rowspan=\"3\">DORI Distance<\/td>\n<td colspan=\"8\">Lens<\/td>\n<td colspan=\"8\">Detect<\/td>\n<td colspan=\"8\">Observe<\/td>\n<td colspan=\"8\">Recognize<\/td>\n<td colspan=\"10\">Identify<\/td>\n<\/tr>\n<tr>\n<td colspan=\"8\">2.8 mm<\/td>\n<td colspan=\"8\">37.3 m<br \/>\n(122.4 ft)<\/td>\n<td colspan=\"8\">14.9 m<\/p>\n<p>(48.9 ft)<\/td>\n<td colspan=\"8\">7.5 m<\/p>\n<p>( 24.6 ft)<\/td>\n<td colspan=\"10\">3.7 m<br \/>\n(12.1 ft)<\/td>\n<\/tr>\n<tr>\n<td colspan=\"8\">3.6 mm<\/td>\n<td colspan=\"8\">53.3 m<\/p>\n<p>(174.9 ft)<\/td>\n<td colspan=\"8\">21.3 m<\/p>\n<p>(69.9 ft)<\/td>\n<td colspan=\"8\">10.7 m<br \/>\n(35.1 ft)<\/td>\n<td colspan=\"10\">5.3 m<br \/>\n(17.4 ft)<\/td>\n<\/tr>\n<tr>\n<td colspan=\"60\">Video<\/td>\n<\/tr>\n<tr>\n<td colspan=\"18\">Video Compression<\/td>\n<td colspan=\"42\">H.265; H.264; H.264H; H.264B; MJPEG<\/td>\n<\/tr>\n<tr>\n<td colspan=\"18\">Smart Codec<\/td>\n<td colspan=\"42\">Yes<\/td>\n<\/tr>\n<tr>\n<td colspan=\"18\">Video Frame Rate<\/td>\n<td colspan=\"42\">Main Stream:<\/p>\n<p>1920 \u00d7 1080 (1 fps\u201325\/30 fps)<\/p>\n<p>Sub stream:<\/p>\n<p>704 \u00d7 576 (1 fps\u201325 fps)<\/p>\n<p>704 \u00d7 480 (1 fps\u201330 fps)<\/td>\n<\/tr>\n<tr>\n<td colspan=\"18\">Stream Capability<\/td>\n<td colspan=\"42\">2 streams<\/td>\n<\/tr>\n<tr>\n<td colspan=\"18\">Resolution<\/td>\n<td colspan=\"42\">1080P (1920\u00d71080); 1.3MP (1280\u00d7960);720p (1280\u00d7720); D1 (704\u00d7576\/704\u00d7480); VGA (640\u00d7480); CIF (352\u00d7288\/352\u00d7240)<\/td>\n<\/tr>\n<tr>\n<td colspan=\"18\">Bit Rate Control<\/td>\n<td colspan=\"42\">CBR\/VBR<\/td>\n<\/tr>\n<tr>\n<td colspan=\"18\">Video Bit Rate<\/td>\n<td colspan=\"42\">H.264: 32 Kbps\u20136144 Kbps<br \/>\nH.265: 12 Kbps\u20136400 Kbps<\/td>\n<\/tr>\n<tr>\n<td colspan=\"18\">Day\/Night<\/td>\n<td colspan=\"42\">Color\/B\/W<\/td>\n<\/tr>\n<tr>\n<td colspan=\"18\">BLC<\/td>\n<td colspan=\"42\">Yes<\/td>\n<\/tr>\n<tr>\n<td colspan=\"18\">HLC<\/td>\n<td colspan=\"42\">Yes<\/td>\n<\/tr>\n<tr>\n<td colspan=\"18\">WDR<\/td>\n<td colspan=\"42\">DWDR<\/td>\n<\/tr>\n<tr>\n<td colspan=\"18\">White Balance<\/td>\n<td colspan=\"42\">Auto\/natural\/street lamp\/outdoor\/manual\/regional custom<\/td>\n<\/tr>\n<tr>\n<td colspan=\"18\">Gain Control<\/td>\n<td colspan=\"42\">Manual\/Auto<\/td>\n<\/tr>\n<tr>\n<td colspan=\"18\">Noise Reduction<\/td>\n<td colspan=\"42\">3D DNR<\/td>\n<\/tr>\n<tr>\n<td colspan=\"18\">Motion Detection<\/td>\n<td colspan=\"42\">OFF\/ON (4 areas, rectangular)<\/td>\n<\/tr>\n<tr>\n<td colspan=\"18\">Region of Interest(RoI)<\/td>\n<td colspan=\"42\">Yes (4 areas)<\/td>\n<\/tr>\n<tr>\n<td colspan=\"18\">Smart Light<\/td>\n<td colspan=\"42\">Yes<\/td>\n<\/tr>\n<tr>\n<td colspan=\"18\">Image Rotation<\/td>\n<td colspan=\"42\">0\u00b0\/90\u00b0\/180\u00b0\/270\u00b0 (Support 90\u00b0\/270\u00b0 with 1080p resolution.)<\/td>\n<\/tr>\n<tr>\n<td colspan=\"18\">Mirror<\/td>\n<td colspan=\"42\">Yes<\/td>\n<\/tr>\n<tr>\n<td colspan=\"18\">Privacy Masking<\/td>\n<td colspan=\"42\">4 areas<\/td>\n<\/tr>\n<tr>\n<td colspan=\"60\">Network<\/td>\n<\/tr>\n<tr>\n<td colspan=\"18\">Network<\/td>\n<td colspan=\"42\">RJ-45 (10\/100 Base-T)<\/td>\n<\/tr>\n<tr>\n<td colspan=\"18\">Protocol<\/td>\n<td colspan=\"42\">IPv4; IPV6; HTTP; HTTPS; TCP; UDP; ARP; RTP; RTSP; SMTP; FTP; DHCP; DNS; NTP; DDNS ;Multicast<\/td>\n<\/tr>\n<tr>\n<td colspan=\"18\">Interoperability<\/td>\n<td colspan=\"42\">ONVIF (Profile S); CGI; P2P; Genetec<\/td>\n<\/tr>\n<tr>\n<td colspan=\"18\">User\/Host<\/td>\n<td colspan=\"42\">20<\/td>\n<\/tr>\n<tr>\n<td colspan=\"18\">Edge Storage<\/td>\n<td colspan=\"42\">FTP; Dahua Cloud<\/td>\n<\/tr>\n<tr>\n<td colspan=\"18\">Browser<\/td>\n<td colspan=\"42\">IE<br \/>\nChrome<br \/>\nFirefox<\/td>\n<\/tr>\n<tr>\n<td colspan=\"18\">Management Software<\/td>\n<td colspan=\"42\">Smart PSS; DSS; DMSS<\/td>\n<\/tr>\n<tr>\n<td colspan=\"18\">Mobile Phone<\/td>\n<td colspan=\"42\">IOS; Android<\/td>\n<\/tr>\n<tr>\n<td colspan=\"60\">Certification<\/td>\n<\/tr>\n<tr>\n<td colspan=\"18\">Certifications<\/td>\n<td colspan=\"42\">CE-LVD: EN62368-1<br \/>\nCE-EMC: Electromagnetic Compatibility Directive 2014\/30\/EU<br \/>\nFCC: 47 CFR FCC Part 15, Subpart B<\/td>\n<\/tr>\n<tr>\n<td colspan=\"60\">Power<\/td>\n<\/tr>\n<tr>\n<td colspan=\"18\">Power Supply<\/td>\n<td colspan=\"42\">12V DC\/PoE (802.3af)<\/td>\n<\/tr>\n<tr>\n<td colspan=\"18\">Power Consumption<\/td>\n<td colspan=\"42\">&lt;4.8 W<\/td>\n<\/tr>\n<tr>\n<td colspan=\"60\">Environment<\/td>\n<\/tr>\n<tr>\n<td colspan=\"18\">Operating Conditions<\/td>\n<td colspan=\"42\">-40\u00b0C to +60\u00b0C (-40\u00b0F to +140\u00b0F)\/less than \u2264 95%<\/td>\n<\/tr>\n<tr>\n<td colspan=\"18\">Storage Temperature<\/td>\n<td colspan=\"42\">-40\u00b0C to +60\u00b0C (-40\u00b0F to +140\u00b0F)<\/td>\n<\/tr>\n<tr>\n<td colspan=\"18\">Ingress Protection<\/td>\n<td colspan=\"42\">IP67<\/td>\n<\/tr>\n<tr>\n<td colspan=\"60\">Structure<\/td>\n<\/tr>\n<tr>\n<td colspan=\"18\">Casing<\/td>\n<td colspan=\"42\">Plastic<\/td>\n<\/tr>\n<tr>\n<td colspan=\"18\">Dimensions<\/td>\n<td colspan=\"42\">85.5 mm \u00d7 \u03a6109 mm (3.4&#8243; \u00d7 \u03a64.3&#8243;)<\/td>\n<\/tr>\n<tr>\n<td colspan=\"18\">Net Weight<\/td>\n<td colspan=\"42\">0.24 kg (0.5 lb)<\/td>\n<\/tr>\n<tr>\n<td colspan=\"18\">Gross Weight<\/td>\n<td colspan=\"42\">0.37 kg (0.8 lb)<\/td>\n<\/tr>\n<\/tbody>\n<\/table>\n","protected":false},"excerpt":{"rendered":"<p class=\"text\" data-v-6f7ca0da=\"\">2MP Lite Full-Color Fixed-focal Eyeball Network Camera<\/p>\n<div data-v-6f7ca0da=\"\">\n<p>&gt; 2MP, 1\/2.7\u201d CMOS image sensor, low illuminance, high image definition<\/p>\n<p>&gt; Outputs max. 2MP (1920 \u00d7 1080) @25\/30 fps<\/p>\n<p>&gt; H.265 codec, high compression rate, ultra-low bit rate<\/p>\n<p>&gt; Built-in LEDs, max LED distance: 30 meters<\/p>\n<p>&gt; ROI, SMART H.264\/H.265, flexible coding, applicable to various bandwidth and storage environments<\/p>\n<p>&gt; Rotation mode, DWDR, 3D DNR, HLC, BLC, digital watermarking, applicable to various monitoring scenes<\/p>\n<p>&gt; Abnormality detection: Motion detection, video tampering, network disconnection, IP conflict, illegal access<\/p>\n<p>&gt; 12V DC\/PoE power support<\/p>\n<p>&gt; IP67 protection<\/p>\n<p><img decoding=\"async\" src=\"https:\/\/www.dahuasecurity.com\/asset\/upload\/uploads\/image\/20210708\/20210708171234_58418.png\" alt=\"\" \/><\/p>\n<\/div>\n","protected":false},"featured_media":22166,"comment_status":"open","ping_status":"closed","template":"","meta":{"om_disable_all_campaigns":false,"_monsterinsights_skip_tracking":false,"_monsterinsights_sitenote_active":false,"_monsterinsights_sitenote_note":"","_monsterinsights_sitenote_category":0},"product_cat":[782,305,781,440],"product_tag":[261,262,197,200,201,877,893],"class_list":{"0":"post-22165","1":"product","2":"type-product","3":"status-publish","4":"has-post-thumbnail","6":"product_cat-2mp-full-color-full-color-cameras-ip","7":"product_cat-cameras-2mp-camera-fixe","8":"product_cat-full-color-cameras-ip","9":"product_cat-serie-lite","10":"product_tag-camera-ip-dahua","11":"product_tag-camera-maroc","12":"product_tag-dahua-maroc","13":"product_tag-dahua-rabat","14":"product_tag-dahua-tanger","15":"product_tag-full-color","16":"product_tag-maroc-dahua","17":"ts_product_brand-dahua","19":"first","20":"instock","21":"shipping-taxable","22":"purchasable","23":"product-type-simple","24":"add-to-wishlist-after_add_to_cart"},"aioseo_notices":[],"_links":{"self":[{"href":"https:\/\/tthcompany.ma\/index.php\/wp-json\/wp\/v2\/product\/22165","targetHints":{"allow":["GET"]}}],"collection":[{"href":"https:\/\/tthcompany.ma\/index.php\/wp-json\/wp\/v2\/product"}],"about":[{"href":"https:\/\/tthcompany.ma\/index.php\/wp-json\/wp\/v2\/types\/product"}],"replies":[{"embeddable":true,"href":"https:\/\/tthcompany.ma\/index.php\/wp-json\/wp\/v2\/comments?post=22165"}],"wp:featuredmedia":[{"embeddable":true,"href":"https:\/\/tthcompany.ma\/index.php\/wp-json\/wp\/v2\/media\/22166"}],"wp:attachment":[{"href":"https:\/\/tthcompany.ma\/index.php\/wp-json\/wp\/v2\/media?parent=22165"}],"wp:term":[{"taxonomy":"product_cat","embeddable":true,"href":"https:\/\/tthcompany.ma\/index.php\/wp-json\/wp\/v2\/product_cat?post=22165"},{"taxonomy":"product_tag","embeddable":true,"href":"https:\/\/tthcompany.ma\/index.php\/wp-json\/wp\/v2\/product_tag?post=22165"}],"curies":[{"name":"wp","href":"https:\/\/api.w.org\/{rel}","templated":true}]}}