{"id":21765,"date":"2022-12-26T16:40:04","date_gmt":"2022-12-26T16:40:04","guid":{"rendered":"https:\/\/tthcompany.ma\/?post_type=product&#038;p=21765"},"modified":"2023-09-26T09:16:09","modified_gmt":"2023-09-26T09:16:09","slug":"dh-hac-me1509tqp-pv","status":"publish","type":"product","link":"https:\/\/tthcompany.ma\/index.php\/product\/dh-hac-me1509tqp-pv\/","title":{"rendered":"DH-HAC-ME1509TQP-PV"},"content":{"rendered":"<table id=\"table001\" class=\"NEW-TABLE TableOverride-1 tab-drag\">\n<tbody>\n<tr>\n<td colspan=\"60\">Camera<\/td>\n<\/tr>\n<tr>\n<td colspan=\"18\">Image Sensor<\/td>\n<td colspan=\"42\">1\/2.7&#8243; CMOS<\/td>\n<\/tr>\n<tr>\n<td colspan=\"18\">Max. Resolution<\/td>\n<td colspan=\"42\">2592 (H) \u00d7 1944 (V)<\/td>\n<\/tr>\n<tr>\n<td colspan=\"18\">Pixel<\/td>\n<td colspan=\"42\">5MP<\/td>\n<\/tr>\n<tr>\n<td colspan=\"18\">Scanning System<\/td>\n<td colspan=\"42\">Progressive<\/td>\n<\/tr>\n<tr>\n<td colspan=\"18\">Electronic Shutter Speed<\/td>\n<td colspan=\"42\">PAL: 1\/25 s\u20131\/100000 s<br \/>\nNTSC: 1\/30 s\u20131\/100000 s<\/td>\n<\/tr>\n<tr>\n<td colspan=\"18\">S\/N Ratio<\/td>\n<td colspan=\"42\">&gt;65 dB<\/td>\n<\/tr>\n<tr>\n<td colspan=\"18\">Min. Illumination<\/td>\n<td colspan=\"42\">0.005 Lux\/F1.2, 0 Lux warm light on<\/td>\n<\/tr>\n<tr>\n<td colspan=\"18\">Illumination Distance<\/td>\n<td colspan=\"42\">40 m (131.2 ft)<\/td>\n<\/tr>\n<tr>\n<td colspan=\"18\">Illumination Type<\/td>\n<td colspan=\"42\">Warm light<\/td>\n<\/tr>\n<tr>\n<td colspan=\"18\">Illuminator On\/Off Control<\/td>\n<td colspan=\"42\">Auto; manual<\/td>\n<\/tr>\n<tr>\n<td colspan=\"18\">Illuminator Number<\/td>\n<td colspan=\"42\">2 (Warm light)<\/td>\n<\/tr>\n<tr>\n<td colspan=\"18\">Pan\/Tilt\/Rotation Range<\/td>\n<td colspan=\"42\">Pan: 0\u00b0\u2013360\u00b0<br \/>\nTilt: 0\u00b0\u201378\u00b0<br \/>\nRotation: 0\u00b0\u2013360\u00b0<\/td>\n<\/tr>\n<tr>\n<td colspan=\"60\">Lens<\/td>\n<\/tr>\n<tr>\n<td colspan=\"18\">Lens Type<\/td>\n<td colspan=\"42\">Fixed-focal<\/td>\n<\/tr>\n<tr>\n<td colspan=\"18\">Mount Type<\/td>\n<td colspan=\"42\">M12<\/td>\n<\/tr>\n<tr>\n<td colspan=\"18\">Focal Length<\/td>\n<td colspan=\"42\">2.8 mm; 3.6 mm<\/td>\n<\/tr>\n<tr>\n<td colspan=\"18\">Max. Aperture<\/td>\n<td colspan=\"42\">2.8 mm: F1.2<br \/>\n3.6 mm: F1.2<\/td>\n<\/tr>\n<tr>\n<td colspan=\"18\">Field of View<\/td>\n<td colspan=\"42\">2.8 mm: H: 98\u00b0; V: 71\u00b0; D: 129\u00b0<br \/>\n3.6 mm: H: 83\u00b0; V: 60\u00b0; D: 112\u00b0<\/td>\n<\/tr>\n<tr>\n<td colspan=\"18\">Iris Type<\/td>\n<td colspan=\"42\">Fixed iris<\/td>\n<\/tr>\n<tr>\n<td colspan=\"18\">Close Focus Distance<\/td>\n<td colspan=\"42\">2.8 mm: 1.6 m (5.25 ft)<br \/>\n3.6 mm: 1.9 m (6.23 ft)<\/td>\n<\/tr>\n<tr>\n<td colspan=\"18\" rowspan=\"3\">DORI Distance<\/td>\n<td colspan=\"8\">Lens<\/td>\n<td colspan=\"8\">Detect<\/td>\n<td colspan=\"8\">Observe<\/td>\n<td colspan=\"8\">Recognize<\/td>\n<td colspan=\"10\">Identify<\/td>\n<\/tr>\n<tr>\n<td colspan=\"8\">2.8 mm<\/td>\n<td colspan=\"8\">67.4 m (221.1 ft)<\/td>\n<td colspan=\"8\">27 m<\/p>\n<p>(88.6 ft)<\/td>\n<td colspan=\"8\">13.5 m (44.3 ft)<\/td>\n<td colspan=\"10\">6.7 m<\/p>\n<p>(22.0 ft)<\/td>\n<\/tr>\n<tr>\n<td colspan=\"8\">3.6 mm<\/td>\n<td colspan=\"8\">77.8 m (255.3 ft)<\/td>\n<td colspan=\"8\">31.1 m (102.0 ft)<\/td>\n<td colspan=\"8\">15.6 m<\/p>\n<p>(51.2 ft)<\/td>\n<td colspan=\"10\">7.8 m<\/p>\n<p>(25.6 ft)<\/td>\n<\/tr>\n<tr>\n<td colspan=\"60\">Video<\/td>\n<\/tr>\n<tr>\n<td colspan=\"18\">Frame Rate<\/td>\n<td colspan=\"42\">CVI:<br \/>\n5M@20 fps, 4M@25 fps\/30 fps, 1080p@25 fps\/30 fps;<br \/>\nAHD:<br \/>\n5M@20 fps;<br \/>\nTVI:<br \/>\n5M@20 fps;<br \/>\nCVBS:<br \/>\n960H<\/td>\n<\/tr>\n<tr>\n<td colspan=\"18\">Resolution<\/td>\n<td colspan=\"42\">5M (2592 \u00d7 1944); 4M (2560 \u00d7 1440); 1080p (1920 \u00d7 1080); 960H (960 \u00d7 576\/960 \u00d7 480)<\/td>\n<\/tr>\n<tr>\n<td colspan=\"18\">BLC Mode<\/td>\n<td colspan=\"42\">BLC\/HLC\/DWDR<\/td>\n<\/tr>\n<tr>\n<td colspan=\"18\">WDR<\/td>\n<td colspan=\"42\">DWDR<\/td>\n<\/tr>\n<tr>\n<td colspan=\"18\">White Balance<\/td>\n<td colspan=\"42\">Auto\/Manual<\/td>\n<\/tr>\n<tr>\n<td colspan=\"18\">Gain Control<\/td>\n<td colspan=\"42\">Auto\/Manual<\/td>\n<\/tr>\n<tr>\n<td colspan=\"18\">Noise Reduction<\/td>\n<td colspan=\"42\">2D<\/td>\n<\/tr>\n<tr>\n<td colspan=\"18\">Smart Light<\/td>\n<td colspan=\"42\">Yes<\/td>\n<\/tr>\n<tr>\n<td colspan=\"18\">Mirror<\/td>\n<td colspan=\"42\">Off\/On<\/td>\n<\/tr>\n<tr>\n<td colspan=\"18\">Privacy Masking<\/td>\n<td colspan=\"42\">Off\/On (8 Area, Rectangle)<\/td>\n<\/tr>\n<tr>\n<td colspan=\"60\">Certifications<\/td>\n<\/tr>\n<tr>\n<td colspan=\"18\">Certifications<\/td>\n<td colspan=\"42\">CE (EN55032:2015, EN61000-3-2:2014, EN61000-3-3:2013, EN55024:2010+A1:2015, EN 55035:2017, EN50130-4:2011+A1:2014)<br \/>\nFCC (CFR 47 FCC Part 15 subpartB, ANSI C63.4-2014)<br \/>\nUL (UL60950-1+CAN\/CSA C22.2 No.60950-1)<br \/>\nIEC 62368-1:2014 (Second Edition)<\/td>\n<\/tr>\n<tr>\n<td colspan=\"60\">Port<\/td>\n<\/tr>\n<tr>\n<td colspan=\"18\">Video Output<\/td>\n<td colspan=\"42\">1 BNC output<br \/>\nSupport CVI\/TVI\/AHD\/CVBS<\/td>\n<\/tr>\n<tr>\n<td colspan=\"18\">Alarm out<\/td>\n<td colspan=\"42\">1ch alarm out<\/td>\n<\/tr>\n<tr>\n<td colspan=\"60\">Active Deterrence<\/td>\n<\/tr>\n<tr>\n<td colspan=\"18\">Red\/Blue Light Warning<\/td>\n<td colspan=\"42\">Flash: 5 s\u201330 s; frequency: high\/medium\/low<\/td>\n<\/tr>\n<tr>\n<td colspan=\"18\">Sound Warning<\/td>\n<td colspan=\"42\">Audio 1\/2\/3; Volume: high\/medium\/low;<\/p>\n<p>duration: 5 s\u201330 s; 110 dB<\/td>\n<\/tr>\n<tr>\n<td colspan=\"60\">Power<\/td>\n<\/tr>\n<tr>\n<td colspan=\"18\">Power Supply<\/td>\n<td colspan=\"42\">12V \u00b130% DC<\/td>\n<\/tr>\n<tr>\n<td colspan=\"18\">Power Consumption<\/td>\n<td colspan=\"42\">Max 7.7W (12V DC, warm light on)<\/td>\n<\/tr>\n<tr>\n<td colspan=\"60\">Environment<\/td>\n<\/tr>\n<tr>\n<td colspan=\"18\">Operating Temperature<\/td>\n<td colspan=\"42\">\u201340\u00b0C to +60\u00b0C (\u201340\u00b0F to 140\u00b0F);<\/p>\n<p>&lt;95% (non-condensation)<\/td>\n<\/tr>\n<tr>\n<td colspan=\"18\">Storage Temperature<\/td>\n<td colspan=\"42\">\u201340\u00b0C to +60\u00b0C (\u201340\u00b0F to 140\u00b0F);<\/p>\n<p>&lt;95% (non-condensation)<\/td>\n<\/tr>\n<tr>\n<td colspan=\"18\">Ingress Protection<\/td>\n<td colspan=\"42\">IP67<\/td>\n<\/tr>\n<tr>\n<td colspan=\"60\">Structure<\/td>\n<\/tr>\n<tr>\n<td colspan=\"18\">Casing<\/td>\n<td colspan=\"42\">Cover: Metal<br \/>\nRear: Plastic<br \/>\nPedestal: Plastic<\/td>\n<\/tr>\n<tr>\n<td colspan=\"18\">Camera Dimensions<\/td>\n<td colspan=\"42\">\u03a6109.9 mm \u00d7 100.9 mm (\u03a64.33&#8243; \u00d7 3.97&#8243;)<\/td>\n<\/tr>\n<tr>\n<td colspan=\"18\">Net Weight<\/td>\n<td colspan=\"42\">0.32 kg (0.71 lb)<\/td>\n<\/tr>\n<tr>\n<td colspan=\"18\">Gross Weight<\/td>\n<td colspan=\"42\">0.50 kg (1.10 lb)<\/td>\n<\/tr>\n<\/tbody>\n<\/table>\n","protected":false},"excerpt":{"rendered":"<p class=\"text\" data-v-6f7ca0da=\"\">5MP HDCVI Full-Color Active Deterrence Fixed Eyeball Camera<\/p>\n<div data-v-6f7ca0da=\"\">&gt; 24\/7 color imaging<br \/>\n&gt; Active deterrence with red blue light, siren and alarm out interface<br \/>\n&gt; Quick-to-install eyeball save installation time.<br \/>\n&gt; Max. 20 fps@5MP<br \/>\n&gt; 2.8 mm fixed lens (3.6 mm optional)<br \/>\n&gt; 40 m illumination distance<br \/>\n&gt; IP67, 12V\u00b130% DC<br \/>\n<img decoding=\"async\" src=\"https:\/\/www.dahuasecurity.com\/asset\/upload\/uploads\/image\/20200901\/20200901102359_68842.png\" alt=\"\" \/><\/p>\n<\/div>\n","protected":false},"featured_media":21766,"comment_status":"open","ping_status":"closed","template":"","meta":{"om_disable_all_campaigns":false,"_monsterinsights_skip_tracking":false,"_monsterinsights_sitenote_active":false,"_monsterinsights_sitenote_note":"","_monsterinsights_sitenote_category":0},"product_cat":[657,780,806,825],"product_tag":[309,229,336,201,877,1093],"class_list":{"0":"post-21765","1":"product","2":"type-product","3":"status-publish","4":"has-post-thumbnail","6":"product_cat-5mp","7":"product_cat-5mp-full-color","8":"product_cat-5mp-camera-de-dissuasion","9":"product_cat-tioc","10":"product_tag-camera-5mp","11":"product_tag-dahua-agadir","12":"product_tag-dahua-casabalannca","13":"product_tag-dahua-tanger","14":"product_tag-full-color","15":"product_tag-onstuck","16":"ts_product_brand-dahua","18":"first","19":"instock","20":"shipping-taxable","21":"purchasable","22":"product-type-simple","23":"add-to-wishlist-after_add_to_cart"},"aioseo_notices":[],"_links":{"self":[{"href":"https:\/\/tthcompany.ma\/index.php\/wp-json\/wp\/v2\/product\/21765","targetHints":{"allow":["GET"]}}],"collection":[{"href":"https:\/\/tthcompany.ma\/index.php\/wp-json\/wp\/v2\/product"}],"about":[{"href":"https:\/\/tthcompany.ma\/index.php\/wp-json\/wp\/v2\/types\/product"}],"replies":[{"embeddable":true,"href":"https:\/\/tthcompany.ma\/index.php\/wp-json\/wp\/v2\/comments?post=21765"}],"wp:featuredmedia":[{"embeddable":true,"href":"https:\/\/tthcompany.ma\/index.php\/wp-json\/wp\/v2\/media\/21766"}],"wp:attachment":[{"href":"https:\/\/tthcompany.ma\/index.php\/wp-json\/wp\/v2\/media?parent=21765"}],"wp:term":[{"taxonomy":"product_cat","embeddable":true,"href":"https:\/\/tthcompany.ma\/index.php\/wp-json\/wp\/v2\/product_cat?post=21765"},{"taxonomy":"product_tag","embeddable":true,"href":"https:\/\/tthcompany.ma\/index.php\/wp-json\/wp\/v2\/product_tag?post=21765"}],"curies":[{"name":"wp","href":"https:\/\/api.w.org\/{rel}","templated":true}]}}