{"id":19691,"date":"2022-08-17T10:44:05","date_gmt":"2022-08-17T10:44:05","guid":{"rendered":"https:\/\/tthcompany.ma\/?post_type=product&#038;p=19691"},"modified":"2022-12-24T11:05:07","modified_gmt":"2022-12-24T11:05:07","slug":"sd49225xa-hnr-s3","status":"publish","type":"product","link":"https:\/\/tthcompany.ma\/index.php\/product\/sd49225xa-hnr-s3\/","title":{"rendered":"SD49225XA-HNR-S3"},"content":{"rendered":"<table id=\"table001\" class=\"NEW-TABLE TableOverride-1 tab-drag\">\n<tbody>\n<tr>\n<td colspan=\"60\">Cam\u00e9ra<\/td>\n<\/tr>\n<tr>\n<td colspan=\"18\">Capteur d&#8217;image<\/td>\n<td colspan=\"42\">CMOS 1\/2,8&#8243;<\/td>\n<\/tr>\n<tr>\n<td colspan=\"18\">Pixel<\/td>\n<td colspan=\"42\">2 MP<\/td>\n<\/tr>\n<tr>\n<td colspan=\"18\">Max.\u00a0R\u00e9solution<\/td>\n<td colspan=\"42\">1920 (H) \u00d7 1080 (V)<\/td>\n<\/tr>\n<tr>\n<td colspan=\"18\">ROM<\/td>\n<td colspan=\"42\">256 Mo<\/td>\n<\/tr>\n<tr>\n<td colspan=\"18\">RAM<\/td>\n<td colspan=\"42\">512 Mo<\/td>\n<\/tr>\n<tr>\n<td colspan=\"18\">Vitesse d&#8217;obturation \u00e9lectronique<\/td>\n<td colspan=\"42\">1\/1 s\u20131\/30 000 s<\/td>\n<\/tr>\n<tr>\n<td colspan=\"18\">Syst\u00e8me de num\u00e9risation<\/td>\n<td colspan=\"42\">Progressive<\/td>\n<\/tr>\n<tr>\n<td colspan=\"18\">Min.\u00a0\u00c9clairage<\/td>\n<td colspan=\"42\">Couleur : 0,005 lux@F1.6<br \/>\nN\/B : 0,0005 lux@F1.6<br \/>\n0 lux@F1.6 (lumi\u00e8re IR allum\u00e9e)<\/td>\n<\/tr>\n<tr>\n<td colspan=\"18\">Distance d&#8217;\u00e9clairage<\/td>\n<td colspan=\"42\">100 m (328,08 pieds) (IR)<\/td>\n<\/tr>\n<tr>\n<td colspan=\"18\">Contr\u00f4le marche\/arr\u00eat de l&#8217;illuminateur<\/td>\n<td colspan=\"42\">zoom prioritaire\u00a0;\u00a0Manuel;\u00a0infrarouge intelligent\u00a0;\u00a0D\u00e9sactiv\u00e9<\/td>\n<\/tr>\n<tr>\n<td colspan=\"18\">Num\u00e9ro d&#8217;illuminateur<\/td>\n<td colspan=\"42\">4 (IR)<\/td>\n<\/tr>\n<tr>\n<td colspan=\"60\">Lentille<\/td>\n<\/tr>\n<tr>\n<td colspan=\"18\">Distance focale<\/td>\n<td colspan=\"42\">4,8 mm\u2013120 mm<\/td>\n<\/tr>\n<tr>\n<td colspan=\"18\">Max.\u00a0Ouverture<\/td>\n<td colspan=\"42\">F1.6\u2013F3.8<\/td>\n<\/tr>\n<tr>\n<td colspan=\"18\">Champ de vision<\/td>\n<td colspan=\"42\">H : 56,2\u00b0\u20132,6\u00b0 ;\u00a0V : 32,5\u00b0\u20131,5\u00b0 ;\u00a0D : 63,2\u00b0\u20133\u00b0<\/td>\n<\/tr>\n<tr>\n<td colspan=\"18\">Zoom optique<\/td>\n<td colspan=\"42\">25x<\/td>\n<\/tr>\n<tr>\n<td colspan=\"18\">Contr\u00f4le de la mise au point<\/td>\n<td colspan=\"42\">Auto;\u00a0Semi-automatique;\u00a0Manuel<\/td>\n<\/tr>\n<tr>\n<td colspan=\"18\">Distance de mise au point rapproch\u00e9e<\/td>\n<td colspan=\"42\">1,5 m (4,92 pieds)<\/td>\n<\/tr>\n<tr>\n<td colspan=\"18\">Contr\u00f4le du diaphragme<\/td>\n<td colspan=\"42\">Auto<\/td>\n<\/tr>\n<tr>\n<td colspan=\"18\" rowspan=\"2\">DORI Distance<\/td>\n<td colspan=\"10\">D\u00e9tecter<\/td>\n<td colspan=\"10\">Observer<\/td>\n<td colspan=\"10\">Reconna\u00eetre<\/td>\n<td colspan=\"12\">Identifier<\/td>\n<\/tr>\n<tr>\n<td colspan=\"10\">2400 m (7874,02 pieds)<\/td>\n<td colspan=\"10\">948 m (3110,24 pieds)<\/td>\n<td colspan=\"10\">480 m (1574,80 pieds)<\/td>\n<td colspan=\"12\">240 m (787,40 pieds)<\/td>\n<\/tr>\n<tr>\n<td colspan=\"60\">PTZ<\/td>\n<\/tr>\n<tr>\n<td colspan=\"18\">Plage de panoramique\/inclinaison<\/td>\n<td colspan=\"42\">Panoramique : 0\u00b0 \u00e0 360\u00b0 sans fin<br \/>\nInclinaison : \u201315\u00b0 \u00e0 +90\u00b0, retournement automatique 180\u00b0<\/td>\n<\/tr>\n<tr>\n<td colspan=\"18\">Vitesse de contr\u00f4le manuel<\/td>\n<td colspan=\"42\">Panoramique : 0,1\u00b0\/s\u2013200\u00b0\/s<br \/>\nInclinaison : 0,1\u00b0\/s\u2013100\u00b0\/s<\/td>\n<\/tr>\n<tr>\n<td colspan=\"18\">Vitesse pr\u00e9d\u00e9finie<\/td>\n<td colspan=\"42\">panoramique : 200\u00b0\/s ;\u00a0Inclinaison : 100\u00b0\/s<\/td>\n<\/tr>\n<tr>\n<td colspan=\"18\">Pr\u00e9configurations<\/td>\n<td colspan=\"42\">300<\/td>\n<\/tr>\n<tr>\n<td colspan=\"18\">Tour<\/td>\n<td colspan=\"42\">8 (jusqu&#8217;\u00e0 32 pr\u00e9r\u00e9glages par tour)<\/td>\n<\/tr>\n<tr>\n<td colspan=\"18\">Sch\u00e9ma<\/td>\n<td colspan=\"42\">5<\/td>\n<\/tr>\n<tr>\n<td colspan=\"18\">Analyse<\/td>\n<td colspan=\"42\">5<\/td>\n<\/tr>\n<tr>\n<td colspan=\"18\">M\u00e9moire de mise hors tension<\/td>\n<td colspan=\"42\">Oui<\/td>\n<\/tr>\n<tr>\n<td colspan=\"18\">Mouvement \u00e0 vide<\/td>\n<td colspan=\"42\">pr\u00e9r\u00e9gl\u00e9\u00a0;\u00a0Tour;\u00a0Sch\u00e9ma;\u00a0Analyse<\/td>\n<\/tr>\n<tr>\n<td colspan=\"18\">Protocole PTZ<\/td>\n<td colspan=\"42\">DH-SD<br \/>\nPelco-P\/D (reconnaissance automatique)<\/td>\n<\/tr>\n<tr>\n<td colspan=\"60\">Intelligence<\/td>\n<\/tr>\n<tr>\n<td colspan=\"18\">IVS (protection p\u00e9rim\u00e9trique)<\/td>\n<td colspan=\"42\">Tripwire et intrusion.\u00a0Prise en charge du d\u00e9clenchement d&#8217;alarme par types de cibles (humain et v\u00e9hicule).\u00a0Prend en charge le filtrage des fausses alarmes caus\u00e9es par les animaux, le bruissement des feuilles, les lumi\u00e8res vives, etc.<\/td>\n<\/tr>\n<tr>\n<td colspan=\"18\">D\u00e9tection facial<\/td>\n<td colspan=\"42\">Oui<\/td>\n<\/tr>\n<tr>\n<td colspan=\"18\">CMS<\/td>\n<td colspan=\"42\">Oui<\/td>\n<\/tr>\n<tr>\n<td colspan=\"60\">Vid\u00e9o<\/td>\n<\/tr>\n<tr>\n<td colspan=\"18\">Compression de vid\u00e9o<\/td>\n<td colspan=\"42\">H.265+ intelligent\u00a0;\u00a0H.265\u00a0;\u00a0H.264+ intelligent\u00a0;\u00a0H.264B\u00a0;\u00a0H.264M\u00a0;\u00a0H.264H\u00a0;\u00a0MJPEG (sous-flux)<\/td>\n<\/tr>\n<tr>\n<td colspan=\"18\">Capacit\u00e9 de diffusion en continu<\/td>\n<td colspan=\"42\">3 flux<\/td>\n<\/tr>\n<tr>\n<td colspan=\"18\">R\u00e9solution<\/td>\n<td colspan=\"42\">1080p (1920 \u00d7 1080);\u00a01.3M (1280 \u00d7 960);\u00a0720p (1280 \u00d7 720);\u00a0D1 (704 \u00d7 576\/704 \u00d7 480);\u00a0CAF (352 \u00d7 288\/352 \u00d7 240)<\/td>\n<\/tr>\n<tr>\n<td colspan=\"18\">Frame rate vid\u00e9o<\/td>\n<td colspan=\"42\">Flux principal : 1080p\/1,3M\/720p (25\/30 ips) Flux secondaire<br \/>\n1\u00a0: D1\/CIF (1\u201325\/30 ips)<br \/>\nFlux secondaire 2\u00a0: 720p (1\u201325\/30 ips)<\/td>\n<\/tr>\n<tr>\n<td colspan=\"18\">Contr\u00f4le du d\u00e9bit binaire<\/td>\n<td colspan=\"42\">RBC\u00a0;\u00a0VBR<\/td>\n<\/tr>\n<tr>\n<td colspan=\"18\">Bitrate vid\u00e9o<\/td>\n<td colspan=\"42\">H.264\u00a0:\u00a032\u00a0Kbit\/s\u20138\u00a0192\u00a0Kbit\/s<br \/>\nH.265\u00a0:\u00a032\u00a0Kbit\/s\u20138\u00a0192\u00a0Kbit\/s<\/td>\n<\/tr>\n<tr>\n<td colspan=\"18\">Jour Nuit<\/td>\n<td colspan=\"42\">automatique (ICR);\u00a0Couleur;\u00a0N\/B<\/td>\n<\/tr>\n<tr>\n<td colspan=\"18\">BLC<\/td>\n<td colspan=\"42\">Oui<\/td>\n<\/tr>\n<tr>\n<td colspan=\"18\">WDR<\/td>\n<td colspan=\"42\">120 dB<\/td>\n<\/tr>\n<tr>\n<td colspan=\"18\">CLH<\/td>\n<td colspan=\"42\">Oui<\/td>\n<\/tr>\n<tr>\n<td colspan=\"18\">Balance des blancs<\/td>\n<td colspan=\"42\">Auto;\u00a0int\u00e9rieur;\u00a0Ext\u00e9rieur;\u00a0suivi;\u00a0Manuel;\u00a0lampe au sodium;\u00a0lumi\u00e8re naturelle;\u00a0r\u00e9verb\u00e8re<\/td>\n<\/tr>\n<tr>\n<td colspan=\"18\">Prendre le contr\u00f4le<\/td>\n<td colspan=\"42\">Auto;\u00a0Manuel<\/td>\n<\/tr>\n<tr>\n<td colspan=\"18\">R\u00e9duction de bruit<\/td>\n<td colspan=\"42\">NR 2D\u00a0;\u00a0NR 3D<\/td>\n<\/tr>\n<tr>\n<td colspan=\"18\">D\u00e9tection de mouvement<\/td>\n<td colspan=\"42\">Oui<\/td>\n<\/tr>\n<tr>\n<td colspan=\"18\">R\u00e9gion d&#8217;int\u00e9r\u00eat (RoI)<\/td>\n<td colspan=\"42\">Oui<\/td>\n<\/tr>\n<tr>\n<td colspan=\"18\">D\u00e9sembuage<\/td>\n<td colspan=\"42\">\u00c9lectronique<\/td>\n<\/tr>\n<tr>\n<td colspan=\"18\">Rotation des images<\/td>\n<td colspan=\"42\">180\u00b0<\/td>\n<\/tr>\n<tr>\n<td colspan=\"18\">Masquage de confidentialit\u00e9<\/td>\n<td colspan=\"42\">Jusqu&#8217;\u00e0 24 zones peuvent \u00eatre d\u00e9finies, avec jusqu&#8217;\u00e0 8 zones dans la m\u00eame vue<\/td>\n<\/tr>\n<tr>\n<td colspan=\"18\">Rapport signal\/bruit<\/td>\n<td colspan=\"42\">\u2265 55 dB<\/td>\n<\/tr>\n<tr>\n<td colspan=\"60\">l&#8217;audio<\/td>\n<\/tr>\n<tr>\n<td colspan=\"18\">Compression audio<\/td>\n<td colspan=\"42\">G.711a\u00a0;\u00a0G.711Mu\u00a0;\u00a0G.726\u00a0;\u00a0MPEG2-Couche2\u00a0;\u00a0G722.1<\/td>\n<\/tr>\n<tr>\n<td colspan=\"60\">R\u00e9seau<\/td>\n<\/tr>\n<tr>\n<td colspan=\"18\">Port r\u00e9seau<\/td>\n<td colspan=\"42\">1 port RJ-45 10\/100Base-T<\/td>\n<\/tr>\n<tr>\n<td colspan=\"18\">Protocole r\u00e9seau<\/td>\n<td colspan=\"42\">HTTP\u00a0;\u00a0HTTPS\u00a0;\u00a0IPv4\u00a0;\u00a0RTSP\u00a0;\u00a0UDP\u00a0;\u00a0SMTP\u00a0;\u00a0NTP\u00a0;\u00a0DHCP\u00a0;\u00a0DNS\u00a0;\u00a0DDNS\u00a0;\u00a0IPv6\u00a0;\u00a0802.1x\u00a0;\u00a0qualit\u00e9 de service\u00a0;\u00a0FTP\u00a0;\u00a0UPnP\u00a0;\u00a0ICMP\u00a0;\u00a0SNMP\u00a0;\u00a0SNMP v1\/v2c\/v3 (MIB-2)\u00a0;\u00a0IGMP\u00a0;\u00a0ARP\u00a0;\u00a0RTCP\u00a0;\u00a0RTP\u00a0;\u00a0PPPoE\u00a0;\u00a0RTMP\u00a0;\u00a0TCP<\/td>\n<\/tr>\n<tr>\n<td colspan=\"18\">Interop\u00e9rabilit\u00e9<\/td>\n<td colspan=\"42\">Profil ONVIF S&amp;G&amp;T\u00a0;\u00a0Image de synth\u00e8se<\/td>\n<\/tr>\n<tr>\n<td colspan=\"18\">M\u00e9thode de diffusion<\/td>\n<td colspan=\"42\">monodiffusion\u00a0;\u00a0Multidiffusion<\/td>\n<\/tr>\n<tr>\n<td colspan=\"18\">Utilisateur\/H\u00f4te<\/td>\n<td colspan=\"42\">20 (bande passante totale : 64 M)<\/td>\n<\/tr>\n<tr>\n<td colspan=\"18\">Stockage<\/td>\n<td colspan=\"42\">FTP\u00a0;\u00a0Carte Micro SD (512 Go) ;\u00a0NAS<\/td>\n<\/tr>\n<tr>\n<td colspan=\"18\">Navigateur<\/td>\n<td colspan=\"42\">IE7 et versions ult\u00e9rieures<br \/>\nChrome<br \/>\nFirefox<br \/>\nSafari<\/td>\n<\/tr>\n<tr>\n<td colspan=\"18\">Logiciel de gestion<\/td>\n<td colspan=\"42\">PSS intelligent\u00a0;\u00a0SSD\u00a0;\u00a0IVSS\u00a0;\u00a0outil de configuration\u00a0;\u00a0NVR\u00a0;\u00a0Lecteur intelligent<\/td>\n<\/tr>\n<tr>\n<td colspan=\"18\">Client mobile<\/td>\n<td colspan=\"42\">iOS\u00a0;\u00a0Android<\/td>\n<\/tr>\n<tr>\n<td colspan=\"60\">Certificat<\/td>\n<\/tr>\n<tr>\n<td colspan=\"18\">Certificats<\/td>\n<td colspan=\"42\">CE : EN55032\/EN55024\/EN50130-4<br \/>\nFCC : Partie 15 sous-partie B, ANSI C63.4-2014<\/td>\n<\/tr>\n<tr>\n<td colspan=\"60\">Port<\/td>\n<\/tr>\n<tr>\n<td colspan=\"18\">Liaison d&#8217;alarme<\/td>\n<td colspan=\"42\">Capturer;\u00a0pr\u00e9d\u00e9fini\u00a0;\u00a0tour;\u00a0sch\u00e9ma;\u00a0enregistrements sur carte SD\u00a0;\u00a0entr\u00e9e num\u00e9rique d&#8217;alarme\u00a0;\u00a0envoyer un e-mail<\/td>\n<\/tr>\n<tr>\n<td colspan=\"18\">\u00c9v\u00e9nement d&#8217;alarme<\/td>\n<td colspan=\"42\">D\u00e9tection de mouvement\/effraction\u00a0;\u00a0d\u00e9tection audio\u00a0;\u00a0d\u00e9tection de d\u00e9connexion r\u00e9seau\u00a0;\u00a0d\u00e9tection de conflits IP\u00a0;\u00a0d\u00e9tection de l&#8217;\u00e9tat de la carte m\u00e9moire\u00a0;\u00a0d\u00e9tection d&#8217;espace m\u00e9moire<\/td>\n<\/tr>\n<tr>\n<td colspan=\"18\">E\/S d&#8217;alarme<\/td>\n<td colspan=\"42\">2\/1<\/td>\n<\/tr>\n<tr>\n<td colspan=\"60\">Pouvoir<\/td>\n<\/tr>\n<tr>\n<td colspan=\"18\">Source de courant<\/td>\n<td colspan=\"42\">12 VCC, 3 A (\u00b1 10 %)<\/p>\n<p>PoE+ (802.3at)<\/td>\n<\/tr>\n<tr>\n<td colspan=\"18\">Consommation d&#8217;\u00e9nergie<\/td>\n<td colspan=\"42\">Basique : 12 W<br \/>\nMax. : 21 W (illuminateur + PTZ en marche)<\/td>\n<\/tr>\n<tr>\n<td colspan=\"60\">Environnement<\/td>\n<\/tr>\n<tr>\n<td colspan=\"18\">Des conditions de fonctionnement<\/td>\n<td colspan=\"42\">\u201340 \u00b0C \u00e0 +65 \u00b0C (\u201340 \u00b0F \u00e0 +149 \u00b0F)<\/td>\n<\/tr>\n<tr>\n<td colspan=\"18\">humidit\u00e9 d&#8217;exploitation<\/td>\n<td colspan=\"42\">\u2264 95% HR<\/td>\n<\/tr>\n<tr>\n<td colspan=\"18\">protection<\/td>\n<td colspan=\"42\">IP66\u00a0;\u00a0TVS 6000 V r\u00e9sistant \u00e0 la foudre ;\u00a0protection contre les surtensions;\u00a0protection contre les transitoires de tension<\/td>\n<\/tr>\n<tr>\n<td colspan=\"60\">Structure<\/td>\n<\/tr>\n<tr>\n<td colspan=\"18\">Enveloppe<\/td>\n<td colspan=\"42\">Alliage d&#8217;aluminium ADC12<\/td>\n<\/tr>\n<tr>\n<td colspan=\"18\">dimensions du produit<\/td>\n<td colspan=\"42\">295 mm \u00d7 \u03a6160 mm (11,61&#8243; \u00d7 \u03a66,30&#8243;)<\/td>\n<\/tr>\n<tr>\n<td colspan=\"18\">Poids net:<\/td>\n<td colspan=\"42\">2,8 kg (6,17 livres)<\/td>\n<\/tr>\n<tr>\n<td colspan=\"18\">Poids brut<\/td>\n<td colspan=\"42\">4,3 kg (9,48 livres)<\/td>\n<\/tr>\n<\/tbody>\n<\/table>\n","protected":false},"excerpt":{"rendered":"<h1 class=\"text\"><span style=\"font-size: 12pt;\">Cam\u00e9ra PTZ r\u00e9seau WizSense IR Starlight 2MP 25x<\/span><\/h1>\n<ul>\n<li>CMOS STARVIS\u2122 1\/2,8&#8243; 2 m\u00e9gapixels<\/li>\n<li>Zoom optique puissant 25x<\/li>\n<li>Technologie Starlight<\/li>\n<li>Max. 25\/30 ips@1080p<\/li>\n<li>Distance IR jusqu&#8217;\u00e0 100 m<\/li>\n<li>Protection p\u00e9rim\u00e9trique<\/li>\n<li>D\u00e9tection de visage<\/li>\n<li>SMD Plus<\/li>\n<li>IP66<\/li>\n<\/ul>\n<p><img decoding=\"async\" class=\"alignnone size-medium wp-image-8742\" src=\"http:\/\/tthcompany.com\/wp-content\/uploads\/2022\/01\/20210916091328_11243-300x32.png\" alt=\"\" width=\"300\" height=\"32\" \/><\/p>\n","protected":false},"featured_media":19720,"comment_status":"closed","ping_status":"closed","template":"","meta":{"om_disable_all_campaigns":false,"_monsterinsights_skip_tracking":false,"_monsterinsights_sitenote_active":false,"_monsterinsights_sitenote_note":"","_monsterinsights_sitenote_category":0},"product_cat":[510,462,860,363,479],"product_tag":[],"class_list":{"0":"post-19691","1":"product","2":"type-product","3":"status-publish","4":"has-post-thumbnail","6":"product_cat-2mp-sd","7":"product_cat-2mp-speed-dome","8":"product_cat-cameras-de-surveillance","9":"product_cat-speed-dome","10":"product_cat-speed-dome-cameras-hdcvi","12":"first","13":"instock","14":"shipping-taxable","15":"purchasable","16":"product-type-simple","17":"add-to-wishlist-after_add_to_cart"},"aioseo_notices":[],"_links":{"self":[{"href":"https:\/\/tthcompany.ma\/index.php\/wp-json\/wp\/v2\/product\/19691","targetHints":{"allow":["GET"]}}],"collection":[{"href":"https:\/\/tthcompany.ma\/index.php\/wp-json\/wp\/v2\/product"}],"about":[{"href":"https:\/\/tthcompany.ma\/index.php\/wp-json\/wp\/v2\/types\/product"}],"replies":[{"embeddable":true,"href":"https:\/\/tthcompany.ma\/index.php\/wp-json\/wp\/v2\/comments?post=19691"}],"wp:featuredmedia":[{"embeddable":true,"href":"https:\/\/tthcompany.ma\/index.php\/wp-json\/wp\/v2\/media\/19720"}],"wp:attachment":[{"href":"https:\/\/tthcompany.ma\/index.php\/wp-json\/wp\/v2\/media?parent=19691"}],"wp:term":[{"taxonomy":"product_cat","embeddable":true,"href":"https:\/\/tthcompany.ma\/index.php\/wp-json\/wp\/v2\/product_cat?post=19691"},{"taxonomy":"product_tag","embeddable":true,"href":"https:\/\/tthcompany.ma\/index.php\/wp-json\/wp\/v2\/product_tag?post=19691"}],"curies":[{"name":"wp","href":"https:\/\/api.w.org\/{rel}","templated":true}]}}