{"id":19679,"date":"2022-08-17T10:44:04","date_gmt":"2022-08-17T10:44:04","guid":{"rendered":"https:\/\/tthcompany.ma\/?post_type=product&#038;p=19679"},"modified":"2023-09-26T10:50:56","modified_gmt":"2023-09-26T10:50:56","slug":"ipc-hdbw1230e-s5","status":"publish","type":"product","link":"https:\/\/tthcompany.ma\/index.php\/product\/ipc-hdbw1230e-s5\/","title":{"rendered":"IPC-HDBW1230E-S5"},"content":{"rendered":"<table id=\"table001\" class=\"NEW-TABLE TableOverride-1 tab-drag\">\n<tbody>\n<tr>\n<td colspan=\"60\">Cam\u00e9ra<\/td>\n<\/tr>\n<tr>\n<td colspan=\"18\">Capteur d&#8217;image<\/td>\n<td colspan=\"42\">CMOS 1\/2,8&#8243;<\/td>\n<\/tr>\n<tr>\n<td colspan=\"18\">Max.\u00a0R\u00e9solution<\/td>\n<td colspan=\"42\">1920 (H) \u00d7 1080 (V)<\/td>\n<\/tr>\n<tr>\n<td colspan=\"18\">ROM<\/td>\n<td colspan=\"42\">16 Mo<\/td>\n<\/tr>\n<tr>\n<td colspan=\"18\">RAM<\/td>\n<td colspan=\"42\">64 Mo<\/td>\n<\/tr>\n<tr>\n<td colspan=\"18\">Syst\u00e8me de num\u00e9risation<\/td>\n<td colspan=\"42\">Progressive<\/td>\n<\/tr>\n<tr>\n<td colspan=\"18\">Vitesse d&#8217;obturation \u00e9lectronique<\/td>\n<td colspan=\"42\">Auto\/Manuel 1\/3 s\u20131\/100000 s<\/td>\n<\/tr>\n<tr>\n<td colspan=\"18\">Min.\u00a0\u00c9clairage<\/td>\n<td colspan=\"42\">0,01 Lux @F2.0<\/td>\n<\/tr>\n<tr>\n<td colspan=\"18\">Rapport S\/B<\/td>\n<td colspan=\"42\"><span lang=\"zh-CN\">&gt;\u00a0<\/span>56 dB<\/td>\n<\/tr>\n<tr>\n<td colspan=\"18\">Distance d&#8217;\u00e9clairage<\/td>\n<td colspan=\"42\">30 m (98,4 pi)<\/td>\n<\/tr>\n<tr>\n<td colspan=\"18\">Contr\u00f4le marche\/arr\u00eat de l&#8217;illuminateur<\/td>\n<td colspan=\"42\">Auto\/Manuel<\/td>\n<\/tr>\n<tr>\n<td colspan=\"18\">Num\u00e9ro de l&#8217;illuminateur<\/td>\n<td colspan=\"42\">3 (LED infrarouge)<\/td>\n<\/tr>\n<tr>\n<td colspan=\"18\">Plage de panoramique\/inclinaison\/rotation<\/td>\n<td colspan=\"42\">Panoramique\u00a0: 0\u00b0\u2013355\u00a0\u00b0<\/p>\n<p>Inclinaison : 0\u00b0 \u201365\u00b0<\/p>\n<p>Rotation : 0\u00b0\u2013355\u00b0<\/td>\n<\/tr>\n<tr>\n<td colspan=\"60\">Lentille<\/td>\n<\/tr>\n<tr>\n<td colspan=\"18\">Type d&#8217;objectif<\/td>\n<td colspan=\"42\">Focale fixe<\/td>\n<\/tr>\n<tr>\n<td colspan=\"18\">Monture de lentilles<\/td>\n<td colspan=\"42\">M12<\/td>\n<\/tr>\n<tr>\n<td colspan=\"18\">Distance focale<\/td>\n<td colspan=\"42\">2,8 mm\u00a0;\u00a03,6 mm<\/td>\n<\/tr>\n<tr>\n<td colspan=\"18\">Max.\u00a0Ouverture<\/td>\n<td colspan=\"42\">2,8 mm : F2.0<\/p>\n<p>3,6 mm : F2.0<\/td>\n<\/tr>\n<tr>\n<td colspan=\"18\">Champ de vision<\/td>\n<td colspan=\"42\">2,8 mm : Horizontale : 102\u00b0 ;\u00a0Verticale : 54\u00b0 ;\u00a0Diagonale : 120\u00b0<\/p>\n<p>3,6 mm : Horizontale : 84\u00b0 ;\u00a0Verticale : 45\u00b0 ;\u00a0Diagonale : 100\u00b0<\/td>\n<\/tr>\n<tr>\n<td colspan=\"18\">Contr\u00f4le de l&#8217;iris<\/td>\n<td colspan=\"42\">Fix\u00e9<\/td>\n<\/tr>\n<tr>\n<td colspan=\"18\">Distance de mise au point rapproch\u00e9e<\/td>\n<td colspan=\"42\">2,8 mm : 0,5 m (1,6 pi)<\/p>\n<p>3,6 mm\u00a0: 0,8 m (2,6 pi)<\/td>\n<\/tr>\n<tr>\n<td colspan=\"18\" rowspan=\"3\">Distance de DORI<\/td>\n<td colspan=\"8\">Lentille<\/td>\n<td colspan=\"8\">D\u00e9tecter<\/td>\n<td colspan=\"8\">Observer<\/td>\n<td colspan=\"8\">Reconna\u00eetre<\/td>\n<td colspan=\"10\">Identifier<\/td>\n<\/tr>\n<tr>\n<td colspan=\"8\">2,8 mm<\/td>\n<td colspan=\"8\">38,6 m<br \/>\n(126,6 pi)<\/td>\n<td colspan=\"8\">15,4 m\u00e8tres<\/p>\n<p>(50,5 pieds)<\/td>\n<td colspan=\"8\">7,7 m\u00e8tres<\/p>\n<p>(25,3 pieds)<\/td>\n<td colspan=\"10\">3,9 m<br \/>\n(12,8 pi)<\/td>\n<\/tr>\n<tr>\n<td colspan=\"8\">3,6 mm<\/td>\n<td colspan=\"8\">49,7 m<\/p>\n<p>(163,1 pieds)<\/td>\n<td colspan=\"8\">19,9 m\u00e8tres<\/p>\n<p>(65,3 pieds)<\/td>\n<td colspan=\"8\">9,9 m<br \/>\n(32,5 pi)<\/td>\n<td colspan=\"10\">5,0 m<br \/>\n(16,4 pi)<\/td>\n<\/tr>\n<tr>\n<td colspan=\"60\">Vid\u00e9o<\/td>\n<\/tr>\n<tr>\n<td colspan=\"18\">Compression de vid\u00e9o<\/td>\n<td colspan=\"42\">H.265\u00a0;\u00a0H.264\u00a0;\u00a0H.264B\u00a0;\u00a0MJPEG (uniquement pris en charge par le sous-flux)<\/td>\n<\/tr>\n<tr>\n<td colspan=\"18\">Codec intelligent<\/td>\n<td colspan=\"42\">H.265+ intelligent\/H.264+ intelligent<\/td>\n<\/tr>\n<tr>\n<td colspan=\"18\">Frame rate vid\u00e9o<\/td>\n<td colspan=\"42\">Courant dominant:<\/p>\n<p>1920 \u00d7 1080 (1 ips\u201325\/30 ips)<\/p>\n<p>Sous flux\u00a0:<\/p>\n<p>704 \u00d7 576 (1 ips\u201325 ips)<\/p>\n<p>704 \u00d7 480 (1 ips\u201330 ips)<\/td>\n<\/tr>\n<tr>\n<td colspan=\"18\">Capacit\u00e9 de flux<\/td>\n<td colspan=\"42\">2 flux<\/td>\n<\/tr>\n<tr>\n<td colspan=\"18\">R\u00e9solution<\/td>\n<td colspan=\"42\">1080p (1920 \u00d7 1080);\u00a01,3M (1280 \u00d7 960);\u00a0720p (1280 \u00d7 720) ;\u00a0D1 (704 \u00d7 576\/704 \u00d7 480);\u00a0VGA (640 \u00d7 480);\u00a0CAF (352 \u00d7 288\/352 \u00d7 240)<\/td>\n<\/tr>\n<tr>\n<td colspan=\"18\">Contr\u00f4le du d\u00e9bit binaire<\/td>\n<td colspan=\"42\">CBR\/VBR<\/td>\n<\/tr>\n<tr>\n<td colspan=\"18\">Bitrate vid\u00e9o<\/td>\n<td colspan=\"42\">H.264\u00a0: 32\u00a0kbit\/s\u20136144\u00a0kbit\/s<\/p>\n<p>H.265\u00a0: 12\u00a0kbit\/s \u00e0 6\u00a0400\u00a0kbit\/s<\/td>\n<\/tr>\n<tr>\n<td colspan=\"18\">Jour Nuit<\/td>\n<td colspan=\"42\">Auto (ICR)\/Couleur\/N\/B<\/td>\n<\/tr>\n<tr>\n<td colspan=\"18\">BLC<\/td>\n<td colspan=\"42\">Oui<\/td>\n<\/tr>\n<tr>\n<td colspan=\"18\">HLC<\/td>\n<td colspan=\"42\">Oui<\/td>\n<\/tr>\n<tr>\n<td colspan=\"18\">WDR<\/td>\n<td colspan=\"42\">DWDR<\/td>\n<\/tr>\n<tr>\n<td colspan=\"18\">Balance des blancs<\/td>\n<td colspan=\"42\">Auto;\u00a0Naturel;\u00a0r\u00e9verb\u00e8re;\u00a0Ext\u00e9rieur;\u00a0Manuel;\u00a0coutume r\u00e9gionale<\/td>\n<\/tr>\n<tr>\n<td colspan=\"18\">Prendre le contr\u00f4le<\/td>\n<td colspan=\"42\">Auto\/Manuel<\/td>\n<\/tr>\n<tr>\n<td colspan=\"18\">R\u00e9duction de bruit<\/td>\n<td colspan=\"42\">NR 3D<\/td>\n<\/tr>\n<tr>\n<td colspan=\"18\">D\u00e9tection de mouvement<\/td>\n<td colspan=\"42\">OFF\/ON (4 zones, rectangulaire)<\/td>\n<\/tr>\n<tr>\n<td colspan=\"18\">R\u00e9gion d&#8217;int\u00e9r\u00eat (RoI)<\/td>\n<td colspan=\"42\">Oui (4 domaines)<\/td>\n<\/tr>\n<tr>\n<td colspan=\"18\">\u00c9clairage intelligent<\/td>\n<td colspan=\"42\">Oui<\/td>\n<\/tr>\n<tr>\n<td colspan=\"18\">Rotation de l&#8217;image<\/td>\n<td colspan=\"42\">0\u00b0\/90\u00b0\/180\u00b0\/270\u00b0 (Prise en charge de 90\u00b0\/270\u00b0 avec une r\u00e9solution de 1080p et inf\u00e9rieure)<\/td>\n<\/tr>\n<tr>\n<td colspan=\"18\">Miroir<\/td>\n<td colspan=\"42\">Oui<\/td>\n<\/tr>\n<tr>\n<td colspan=\"18\">Masquage de confidentialit\u00e9<\/td>\n<td colspan=\"42\">4 zones<\/td>\n<\/tr>\n<tr>\n<td colspan=\"60\">Alarme<\/td>\n<\/tr>\n<tr>\n<td colspan=\"18\">\u00c9v\u00e9nement d&#8217;alarme<\/td>\n<td colspan=\"42\">D\u00e9connexion du r\u00e9seau\u00a0;\u00a0conflit IP\u00a0;\u00a0acc\u00e8s ill\u00e9gal;\u00a0d\u00e9tection de mouvement;\u00a0falsification vid\u00e9o;\u00a0exception de s\u00e9curit\u00e9<\/td>\n<\/tr>\n<tr>\n<td colspan=\"60\">R\u00e9seau<\/td>\n<\/tr>\n<tr>\n<td colspan=\"18\">R\u00e9seau<\/td>\n<td colspan=\"42\">RJ-45 (10\/100 Base-T)<\/td>\n<\/tr>\n<tr>\n<td colspan=\"18\">SDK et API<\/td>\n<td colspan=\"42\">Oui<\/td>\n<\/tr>\n<tr>\n<td colspan=\"18\">La cyber-s\u00e9curit\u00e9<\/td>\n<td colspan=\"42\">Cryptage vid\u00e9o\u00a0;\u00a0chiffrement de la configuration\u00a0;\u00a0Dig\u00e9rer;\u00a0WSSE\u00a0;\u00a0verrouillage de compte\u00a0;\u00a0journaux de s\u00e9curit\u00e9\u00a0;\u00a0g\u00e9n\u00e9ration et importation de la certification X.509\u00a0;\u00a0HTTPS\u00a0;\u00a0d\u00e9marrage de confiance\u00a0;\u00a0ex\u00e9cution fiable\u00a0;\u00a0mise \u00e0 niveau de confiance<\/td>\n<\/tr>\n<tr>\n<td colspan=\"18\">Protocole r\u00e9seau<\/td>\n<td colspan=\"42\">IPv4\u00a0;\u00a0IPv6\u00a0;\u00a0HTTP\u00a0;\u00a0TCP\u00a0;\u00a0UDP\u00a0;\u00a0ARP\u00a0;\u00a0RTP\u00a0;\u00a0RTSP\u00a0;\u00a0SMTP\u00a0;\u00a0FTP\u00a0;\u00a0DHCP\u00a0;\u00a0DNS\u00a0;\u00a0NTP\u00a0;\u00a0Multidiffusion<\/td>\n<\/tr>\n<tr>\n<td colspan=\"18\">Interop\u00e9rabilit\u00e9<\/td>\n<td colspan=\"42\">ONVIF (Profil S\/Profil T);\u00a0CGI\u00a0;\u00a0P2P\u00a0;\u00a0Genetec<\/td>\n<\/tr>\n<tr>\n<td colspan=\"18\">Utilisateur\/H\u00f4te<\/td>\n<td colspan=\"42\">6 (bande passante totale\u00a0: 36\u00a0M)<\/td>\n<\/tr>\n<tr>\n<td colspan=\"18\">Espace de rangement<\/td>\n<td colspan=\"42\">FTP<\/td>\n<\/tr>\n<tr>\n<td colspan=\"18\">Navigateur<\/td>\n<td colspan=\"42\">IE<br \/>\nChrome<br \/>\nFirefox<\/td>\n<\/tr>\n<tr>\n<td colspan=\"18\">Logiciel de gestion<\/td>\n<td colspan=\"42\">SPS intelligent\u00a0;\u00a0SSD\u00a0;\u00a0DMSS<\/td>\n<\/tr>\n<tr>\n<td colspan=\"18\">Client mobile<\/td>\n<td colspan=\"42\">IOS\u00a0;\u00a0Android<\/td>\n<\/tr>\n<tr>\n<td colspan=\"60\">Attestation<\/td>\n<\/tr>\n<tr>\n<td colspan=\"18\">Certifications<\/td>\n<td colspan=\"42\">CE-LVD : EN62368-1<\/p>\n<p>CE-EMC : Directive Compatibilit\u00e9 Electromagn\u00e9tique 2014\/30\/UE<\/p>\n<p>FCC\u00a0: 47 CFR FCC partie 15, sous-partie B<\/td>\n<\/tr>\n<tr>\n<td colspan=\"60\">Puissance<\/td>\n<\/tr>\n<tr>\n<td colspan=\"18\">Source de courant<\/td>\n<td colspan=\"42\">12 V CC\/PoE (802.3af)<\/td>\n<\/tr>\n<tr>\n<td colspan=\"18\">Consommation d&#8217;\u00e9nergie<\/td>\n<td colspan=\"42\">Consommation \u00e9lectrique de base : 1,6 W (12 V CC) ;\u00a02,2 W (PoE)<\/p>\n<p>Max.\u00a0consommation \u00e9lectrique (ICR + H.265 + intensit\u00e9 IR) : 4,4 W (12 V CC) ;\u00a05.1W (PoE)<\/td>\n<\/tr>\n<tr>\n<td colspan=\"60\">Environnement<\/td>\n<\/tr>\n<tr>\n<td colspan=\"18\">Des conditions de fonctionnement<\/td>\n<td colspan=\"42\">-40\u00b0C \u00e0 +60\u00b0C (-40\u00b0F \u00e0 +140\u00b0F)\/moins de \u2264 95%<\/td>\n<\/tr>\n<tr>\n<td colspan=\"18\">Temp\u00e9rature de stockage<\/td>\n<td colspan=\"42\">-40\u00b0C \u00e0 +60\u00b0C (-40\u00b0F \u00e0 +140\u00b0F)<\/td>\n<\/tr>\n<tr>\n<td colspan=\"18\">protection<\/td>\n<td colspan=\"42\">IP67\u00a0;\u00a0IK10<\/td>\n<\/tr>\n<tr>\n<td colspan=\"60\">Structure<\/td>\n<\/tr>\n<tr>\n<td colspan=\"18\">Enveloppe<\/td>\n<td colspan=\"42\">M\u00e9tal<\/td>\n<\/tr>\n<tr>\n<td colspan=\"18\">dimensions du produit<\/td>\n<td colspan=\"42\">81 mm \u00d7 109,9 mm (3,2&#8243; \u00d7 \u03a64,3&#8243;)<\/td>\n<\/tr>\n<tr>\n<td colspan=\"18\">Poids net<\/td>\n<td colspan=\"42\">0,35 kg (0,7 livre)<\/td>\n<\/tr>\n<tr>\n<td colspan=\"18\">Poids brut<\/td>\n<td colspan=\"42\">0,50 kg (1,1 lb)<\/td>\n<\/tr>\n<\/tbody>\n<\/table>\n","protected":false},"excerpt":{"rendered":"<h1 class=\"text\" data-gtm-vis-first-on-screen-10552706_192=\"328\" data-gtm-vis-first-on-screen-10552706_217=\"357\" data-gtm-vis-first-on-screen-10552706_196=\"373\" data-gtm-vis-first-on-screen-10552706_193=\"521\" data-gtm-vis-recent-on-screen-10552706_195=\"526\" data-gtm-vis-first-on-screen-10552706_195=\"526\" data-gtm-vis-total-visible-time-10552706_195=\"100\" data-gtm-vis-has-fired-10552706_195=\"1\" data-gtm-vis-first-on-screen-10552706_184=\"533\" data-gtm-vis-first-on-screen-10552706_194=\"541\" data-gtm-vis-recent-on-screen-10552706_181=\"548\" data-gtm-vis-first-on-screen-10552706_181=\"548\" data-gtm-vis-total-visible-time-10552706_181=\"100\" data-gtm-vis-has-fired-10552706_181=\"1\" data-gtm-vis-recent-on-screen-10552706_192=\"313607\" data-gtm-vis-total-visible-time-10552706_192=\"100\" data-gtm-vis-has-fired-10552706_192=\"1\" data-gtm-vis-recent-on-screen-10552706_184=\"313609\" data-gtm-vis-total-visible-time-10552706_184=\"100\" data-gtm-vis-has-fired-10552706_184=\"1\" data-gtm-vis-recent-on-screen-10552706_217=\"313611\" data-gtm-vis-total-visible-time-10552706_217=\"100\" data-gtm-vis-has-fired-10552706_217=\"1\" data-gtm-vis-recent-on-screen-10552706_194=\"313612\" data-gtm-vis-total-visible-time-10552706_194=\"100\" data-gtm-vis-has-fired-10552706_194=\"1\" data-gtm-vis-recent-on-screen-10552706_196=\"313613\" data-gtm-vis-total-visible-time-10552706_196=\"100\" data-gtm-vis-has-fired-10552706_196=\"1\" data-gtm-vis-recent-on-screen-10552706_193=\"313613\" data-gtm-vis-total-visible-time-10552706_193=\"100\" data-gtm-vis-has-fired-10552706_193=\"1\"><span style=\"font-size: 12pt;\"><strong>Cam\u00e9ra r\u00e9seau d\u00f4me \u00e0 focale fixe IR d&#8217;entr\u00e9e 2MP<\/strong><\/span><\/h1>\n<ul>\n<li>Capteur d&#8217;image CMOS 2MP, 1\/2,8&#8243;, faible \u00e9clairement, haute d\u00e9finition d&#8217;image<\/li>\n<li>Sorties max. 2MP (1920 \u00d7 1080) @25\/30 ips<\/li>\n<li>Codec H.265, taux de compression \u00e9lev\u00e9, d\u00e9bit binaire ultra-faible<\/li>\n<li>Illuminateur IR efficace int\u00e9gr\u00e9 et max. la distance d&#8217;\u00e9clairage est de 30 m<\/li>\n<li>ROI, SMART H.264+\/H.265+, codage flexible, applicable \u00e0 divers environnements de bande passante et de stockage<\/li>\n<li>Mode de rotation, DWDR, 3D NR, HLC, BLC, filigrane num\u00e9rique, applicable \u00e0 diverses sc\u00e8nes de surveillance<\/li>\n<li>D\u00e9tection d&#8217;anomalies : D\u00e9tection de mouvement, sabotage vid\u00e9o, d\u00e9connexion r\u00e9seau, conflit IP, acc\u00e8s ill\u00e9gal<\/li>\n<li>Alimentation 12V DC\/PoE<\/li>\n<li>Protection IP67, IK10<\/li>\n<\/ul>\n","protected":false},"featured_media":19709,"comment_status":"closed","ping_status":"closed","template":"","meta":{"om_disable_all_campaigns":false,"_monsterinsights_skip_tracking":false,"_monsterinsights_sitenote_active":false,"_monsterinsights_sitenote_note":"","_monsterinsights_sitenote_category":0},"product_cat":[828,303,302],"product_tag":[1093],"class_list":{"0":"post-19679","1":"product","2":"type-product","3":"status-publish","4":"has-post-thumbnail","6":"product_cat-2mp-camera-de-dissuasion-active","7":"product_cat-cameras-ip","8":"product_cat-produits-ip","9":"product_tag-onstuck","11":"first","12":"instock","13":"shipping-taxable","14":"purchasable","15":"product-type-simple","16":"add-to-wishlist-after_add_to_cart"},"aioseo_notices":[],"_links":{"self":[{"href":"https:\/\/tthcompany.ma\/index.php\/wp-json\/wp\/v2\/product\/19679","targetHints":{"allow":["GET"]}}],"collection":[{"href":"https:\/\/tthcompany.ma\/index.php\/wp-json\/wp\/v2\/product"}],"about":[{"href":"https:\/\/tthcompany.ma\/index.php\/wp-json\/wp\/v2\/types\/product"}],"replies":[{"embeddable":true,"href":"https:\/\/tthcompany.ma\/index.php\/wp-json\/wp\/v2\/comments?post=19679"}],"wp:featuredmedia":[{"embeddable":true,"href":"https:\/\/tthcompany.ma\/index.php\/wp-json\/wp\/v2\/media\/19709"}],"wp:attachment":[{"href":"https:\/\/tthcompany.ma\/index.php\/wp-json\/wp\/v2\/media?parent=19679"}],"wp:term":[{"taxonomy":"product_cat","embeddable":true,"href":"https:\/\/tthcompany.ma\/index.php\/wp-json\/wp\/v2\/product_cat?post=19679"},{"taxonomy":"product_tag","embeddable":true,"href":"https:\/\/tthcompany.ma\/index.php\/wp-json\/wp\/v2\/product_tag?post=19679"}],"curies":[{"name":"wp","href":"https:\/\/api.w.org\/{rel}","templated":true}]}}