{"id":19672,"date":"2022-08-17T10:44:04","date_gmt":"2022-08-17T10:44:04","guid":{"rendered":"https:\/\/tthcompany.ma\/?post_type=product&#038;p=19672"},"modified":"2022-12-24T11:09:24","modified_gmt":"2022-12-24T11:09:24","slug":"nvd0905dh-4i-4k","status":"publish","type":"product","link":"https:\/\/tthcompany.ma\/index.php\/product\/nvd0905dh-4i-4k\/","title":{"rendered":"NVD0905DH-4I-4K"},"content":{"rendered":"<div id=\"div_left\">\n<div class=\"div-drop\">\n<table id=\"table001\" class=\"NEW-TABLE TableOverride-1 tab-drag\" style=\"width: 186%; height: 642px;\">\n<tbody>\n<tr style=\"height: 24px;\">\n<td style=\"width: 226.414%; height: 24px;\" colspan=\"60\">Syst\u00e8me<\/td>\n<\/tr>\n<tr style=\"height: 24px;\">\n<td style=\"width: 6.55907%; height: 24px;\" colspan=\"18\">Processeur<\/td>\n<td style=\"width: 219.855%; height: 24px;\" colspan=\"42\">Processeur embarqu\u00e9<\/td>\n<\/tr>\n<tr style=\"height: 48px;\">\n<td style=\"width: 6.55907%; height: 48px;\" colspan=\"18\">Syst\u00e8me op\u00e9rateur<\/td>\n<td style=\"width: 219.855%; height: 48px;\" colspan=\"42\">LINUX<\/td>\n<\/tr>\n<tr style=\"height: 24px;\">\n<td style=\"width: 226.414%; height: 24px;\" colspan=\"60\">Performance<\/td>\n<\/tr>\n<tr style=\"height: 24px;\">\n<td style=\"width: 6.55907%; height: 24px;\" colspan=\"18\">Format vid\u00e9o<\/td>\n<td style=\"width: 219.855%; height: 24px;\" colspan=\"42\">H.265+\/ H.265\/ H.264\/ MPEG4\/ MPEG2\/ MJPEG<\/td>\n<\/tr>\n<tr style=\"height: 24px;\">\n<td style=\"width: 6.55907%; height: 24px;\" colspan=\"18\">Format audio<\/td>\n<td style=\"width: 219.855%; height: 24px;\" colspan=\"42\">PCM\/G711\/AAC<\/td>\n<\/tr>\n<tr style=\"height: 33px;\">\n<td style=\"width: 6.55907%; height: 66px;\" colspan=\"18\" rowspan=\"2\">Capacit\u00e9 de d\u00e9codage s\u00e9par\u00e9ment<\/td>\n<td style=\"width: 44.2031%; height: 33px;\" colspan=\"14\">Port 1,2,3<\/td>\n<td style=\"width: 106.373%; height: 33px;\" colspan=\"14\">Port 4,5,6<\/td>\n<td style=\"width: 69.2785%; height: 33px;\" colspan=\"14\">Port 7,8,9<\/td>\n<\/tr>\n<tr style=\"height: 33px;\">\n<td style=\"width: 44.2031%; height: 33px;\" colspan=\"14\">1CH@32MP(25fps)\/3CH@12MP(15fps)\/4CH@8MP\/16CH@1080P\/64CH@D1<\/td>\n<td style=\"width: 106.373%; height: 33px;\" colspan=\"14\">1CH@32MP(25fps)\/3CH@12MP(15fps)\/4CH@8MP\/16CH@1080P\/64CH@D1<\/td>\n<td style=\"width: 69.2785%; height: 33px;\" colspan=\"14\">1CH@32MP(25fps)\/3CH@12MP(15fps)\/4CH@8MP\/16CH@1080P\/64CH@D1<\/td>\n<\/tr>\n<tr style=\"height: 48px;\">\n<td style=\"width: 6.55907%; height: 48px;\" colspan=\"18\">D\u00e9codage vid\u00e9o total<\/td>\n<td style=\"width: 219.855%; height: 48px;\" colspan=\"42\">3CH@32MP(25fps)\/9CH@12MP(15fps)\/12CH@8MP\/48CH@1080P\/108CH@720P\/192CH@D1<\/td>\n<\/tr>\n<tr style=\"height: 48px;\">\n<td style=\"width: 6.55907%; height: 48px;\" colspan=\"18\">R\u00e9solution de d\u00e9codage<\/td>\n<td style=\"width: 219.855%; height: 48px;\" colspan=\"42\">32MP\/12MP\/8MP\/6MP\/5MP\/4MP\/3MP\/1080P\/720P\/960H\/D1\/HD1\/2CIF\/CIF\/QCIF<\/td>\n<\/tr>\n<tr style=\"height: 24px;\">\n<td style=\"width: 6.55907%; height: 24px;\" colspan=\"18\">Sortie vid\u00e9o<\/td>\n<td style=\"width: 219.855%; height: 24px;\" colspan=\"42\">9 canaux HDMI<\/td>\n<\/tr>\n<tr style=\"height: 48px;\">\n<td style=\"width: 6.55907%; height: 48px;\" colspan=\"18\">R\u00e9solution d&#8217;affichage<\/td>\n<td style=\"width: 219.855%; height: 48px;\" colspan=\"42\">3840\u00d72160 (30fps)\/2560\u00d71600\/1920\u00d71080\/1280\u00d71024\/1280\u00d7720\/1024\u00d7768, seuls 6 ports prennent en charge 3840\u00d72160, les 3 ports restants prennent en charge 2560\u00d71600<\/td>\n<\/tr>\n<tr style=\"height: 24px;\">\n<td style=\"width: 6.55907%; height: 24px;\" colspan=\"18\">Entr\u00e9e vid\u00e9o<\/td>\n<td style=\"width: 219.855%; height: 24px;\" colspan=\"42\">2 HDMI, 2 DVI-I<\/td>\n<\/tr>\n<tr style=\"height: 48px;\">\n<td style=\"width: 6.55907%; height: 48px;\" colspan=\"18\">R\u00e9solution de collection<\/td>\n<td style=\"width: 219.855%; height: 48px;\" colspan=\"42\">3840\u00d72160(HDMI 1)\/1920\u00d71080\/1600\u00d71200\/1680\u00d71050\/1440\u00d7900\/1400\u00d71050\/1366\u00d7768\/1280\u00d71024\/1280\u00d7960\/1280\u00d7800\/1280\u00d7720\/1152\u00d7 864\/1024\u00d7768\/800\u00d7600, etc.<\/td>\n<\/tr>\n<tr style=\"height: 24px;\">\n<td style=\"width: 6.55907%; height: 24px;\" colspan=\"18\">Sortie audio<\/td>\n<td style=\"width: 219.855%; height: 24px;\" colspan=\"42\">9 canaux HDMI (int\u00e9gr\u00e9)<\/td>\n<\/tr>\n<tr style=\"height: 48px;\">\n<td style=\"width: 6.55907%; height: 48px;\" colspan=\"18\">Interface de Communication<\/td>\n<td style=\"width: 219.855%; height: 48px;\" colspan=\"42\">2 ports r\u00e9seau RJ45 (10M\/100M\/1000M) ;\u00a03 RS232 (1 DB9, 2 RJ45) ;\u00a01 RS485<\/td>\n<\/tr>\n<tr style=\"height: 48px;\">\n<td style=\"width: 6.55907%; height: 48px;\" colspan=\"18\">Conversation bidirectionnelle<\/td>\n<td style=\"width: 219.855%; height: 48px;\" colspan=\"42\">1 paire jack 3,5 mm (r\u00e9serv\u00e9) (entr\u00e9e ligne 2,0 V\/entr\u00e9e micro 50 mV\/10K\u03a9, sortie 2,0 V\/16\u03a9)<\/td>\n<\/tr>\n<tr style=\"height: 24px;\">\n<td style=\"width: 6.55907%; height: 24px;\" colspan=\"18\">Entr\u00e9e d&#8217;alarme<\/td>\n<td style=\"width: 219.855%; height: 24px;\" colspan=\"42\">4 canaux<\/td>\n<\/tr>\n<tr style=\"height: 24px;\">\n<td style=\"width: 6.55907%; height: 24px;\" colspan=\"18\">Sortie d&#8217;alarme<\/td>\n<td style=\"width: 219.855%; height: 24px;\" colspan=\"42\">Sortie relais 4 canaux (30VDC 1A, 125VAC, 0.5A)<\/td>\n<\/tr>\n<\/tbody>\n<\/table>\n<\/div>\n<\/div>\n<div id=\"div_left\">\n<div class=\"div-drop\">\n<table id=\"table002\" class=\"NEW-TABLE TableOverride-1 tab-drag\">\n<tbody>\n<tr>\n<td colspan=\"60\">Autres<\/td>\n<\/tr>\n<tr>\n<td colspan=\"18\">Source de courant<\/td>\n<td colspan=\"42\">AC100-240V, 50Hz-60Hz<\/td>\n<\/tr>\n<tr>\n<td colspan=\"18\">Consommation d&#8217;\u00e9nergie<\/td>\n<td colspan=\"42\">70W<\/td>\n<\/tr>\n<tr>\n<td colspan=\"18\">Temp\u00e9rature de fonctionnement<\/td>\n<td colspan=\"42\">-10 \u00b0C \u00e0 +55 \u00b0C (14 \u00b0F \u00e0 131 \u00b0F)<\/td>\n<\/tr>\n<tr>\n<td colspan=\"18\">Humidit\u00e9 de travail<\/td>\n<td colspan=\"42\">10~90% HR \/ 86~106kpa<\/td>\n<\/tr>\n<tr>\n<td colspan=\"18\">Dimension de l&#8217;unit\u00e9<\/td>\n<td colspan=\"42\">1,5U, 440 \u00d7 408 \u00d7 70 mm (17,32 \u00d7 16,06 \u00d7 2,76 pouces), (L*P*H)<\/td>\n<\/tr>\n<tr>\n<td colspan=\"18\">Poids<\/td>\n<td colspan=\"42\">4,83 kg (10,65 livres)<\/td>\n<\/tr>\n<\/tbody>\n<\/table>\n<\/div>\n<\/div>\n","protected":false},"excerpt":{"rendered":"<h1 class=\"text\" data-gtm-vis-recent-on-screen-10552706_184=\"370\" data-gtm-vis-first-on-screen-10552706_184=\"370\" data-gtm-vis-total-visible-time-10552706_184=\"100\" data-gtm-vis-has-fired-10552706_184=\"1\" data-gtm-vis-recent-on-screen-10552706_196=\"484\" data-gtm-vis-first-on-screen-10552706_196=\"484\" data-gtm-vis-total-visible-time-10552706_196=\"100\" data-gtm-vis-has-fired-10552706_196=\"1\" data-gtm-vis-recent-on-screen-10552706_181=\"486\" data-gtm-vis-first-on-screen-10552706_181=\"486\" data-gtm-vis-total-visible-time-10552706_181=\"100\" data-gtm-vis-has-fired-10552706_181=\"1\" data-gtm-vis-recent-on-screen-10552706_192=\"491\" data-gtm-vis-first-on-screen-10552706_192=\"491\" data-gtm-vis-total-visible-time-10552706_192=\"100\" data-gtm-vis-has-fired-10552706_192=\"1\" data-gtm-vis-recent-on-screen-10552706_193=\"492\" data-gtm-vis-first-on-screen-10552706_193=\"492\" data-gtm-vis-total-visible-time-10552706_193=\"100\" data-gtm-vis-has-fired-10552706_193=\"1\" data-gtm-vis-recent-on-screen-10552706_194=\"494\" data-gtm-vis-first-on-screen-10552706_194=\"494\" data-gtm-vis-total-visible-time-10552706_194=\"100\" data-gtm-vis-has-fired-10552706_194=\"1\" data-gtm-vis-recent-on-screen-10552706_217=\"497\" data-gtm-vis-first-on-screen-10552706_217=\"497\" data-gtm-vis-total-visible-time-10552706_217=\"100\" data-gtm-vis-has-fired-10552706_217=\"1\" data-gtm-vis-recent-on-screen-10552706_195=\"498\" data-gtm-vis-first-on-screen-10552706_195=\"498\" data-gtm-vis-total-visible-time-10552706_195=\"100\" data-gtm-vis-has-fired-10552706_195=\"1\"><strong><span style=\"font-size: 12pt;\">D\u00e9codeur vid\u00e9o r\u00e9seau Ultra-HD<\/span><\/strong><\/h1>\n<div data-v-5fe8c490=\"\">\n<ul>\n<li>Con\u00e7u pour les t\u00e9l\u00e9spectateurs d&#8217;op\u00e9rateurs autonomes<\/li>\n<li>D\u00e9codage vid\u00e9o H.265+\/H.265\/H.264\/MJPEG\/MPEG4\/MPEG2<\/li>\n<li>Capacit\u00e9 de d\u00e9codage ultra-\u00e9lev\u00e9e, jusqu&#8217;\u00e0 32MP<\/li>\n<li>Entr\u00e9e HDMI 2 canaux et DVI-I 2 canaux, sortie HDMI 9 canaux<\/li>\n<li>Prend en charge 1\/4\/6\/8\/9\/16\/25\/36 et split libre<\/li>\n<li>Prend en charge l&#8217;alarme, RS232, RS485<\/li>\n<li>Contr\u00f4le des \u00e9crans d&#8217;\u00e9pissage pour zoom\/fusion\/itin\u00e9rance\/superposition<\/li>\n<\/ul>\n<\/div>\n","protected":false},"featured_media":19702,"comment_status":"closed","ping_status":"closed","template":"","meta":{"om_disable_all_campaigns":false,"_monsterinsights_skip_tracking":false,"_monsterinsights_sitenote_active":false,"_monsterinsights_sitenote_note":"","_monsterinsights_sitenote_category":0},"product_cat":[864],"product_tag":[773,190,195,199],"class_list":{"0":"post-19672","1":"product","2":"type-product","3":"status-publish","4":"has-post-thumbnail","6":"product_cat-decodeurs","7":"product_tag-camera-de-surveillance-dahua","8":"product_tag-dahua","9":"product_tag-dahua-fes","10":"product_tag-dahua-meknes","12":"first","13":"instock","14":"shipping-taxable","15":"purchasable","16":"product-type-simple","17":"add-to-wishlist-after_add_to_cart"},"aioseo_notices":[],"_links":{"self":[{"href":"https:\/\/tthcompany.ma\/index.php\/wp-json\/wp\/v2\/product\/19672","targetHints":{"allow":["GET"]}}],"collection":[{"href":"https:\/\/tthcompany.ma\/index.php\/wp-json\/wp\/v2\/product"}],"about":[{"href":"https:\/\/tthcompany.ma\/index.php\/wp-json\/wp\/v2\/types\/product"}],"replies":[{"embeddable":true,"href":"https:\/\/tthcompany.ma\/index.php\/wp-json\/wp\/v2\/comments?post=19672"}],"wp:featuredmedia":[{"embeddable":true,"href":"https:\/\/tthcompany.ma\/index.php\/wp-json\/wp\/v2\/media\/19702"}],"wp:attachment":[{"href":"https:\/\/tthcompany.ma\/index.php\/wp-json\/wp\/v2\/media?parent=19672"}],"wp:term":[{"taxonomy":"product_cat","embeddable":true,"href":"https:\/\/tthcompany.ma\/index.php\/wp-json\/wp\/v2\/product_cat?post=19672"},{"taxonomy":"product_tag","embeddable":true,"href":"https:\/\/tthcompany.ma\/index.php\/wp-json\/wp\/v2\/product_tag?post=19672"}],"curies":[{"name":"wp","href":"https:\/\/api.w.org\/{rel}","templated":true}]}}