{"id":19611,"date":"2022-08-17T10:40:15","date_gmt":"2022-08-17T10:40:15","guid":{"rendered":"https:\/\/tthcompany.ma\/?post_type=product&#038;p=19611"},"modified":"2022-12-24T11:19:39","modified_gmt":"2022-12-24T11:19:39","slug":"itc215-pw6m-irlzf","status":"publish","type":"product","link":"https:\/\/tthcompany.ma\/index.php\/product\/itc215-pw6m-irlzf\/","title":{"rendered":"ITC215-PW6M-IRLZF"},"content":{"rendered":"<table id=\"table001\" class=\"NEW-TABLE TableOverride-1 tab-drag\">\n<tbody>\n<tr>\n<td colspan=\"60\">De base<\/td>\n<\/tr>\n<tr>\n<td colspan=\"18\">Num\u00e9ro de l&#8217;illuminateur<\/td>\n<td colspan=\"42\">6 illuminateurs IR, luminosit\u00e9 r\u00e9glable<\/td>\n<\/tr>\n<tr>\n<td colspan=\"18\">Capteur d&#8217;image<\/td>\n<td colspan=\"42\">CMOS 1\/2,8&#8221;<\/td>\n<\/tr>\n<tr>\n<td colspan=\"18\">R\u00e9solution de l&#8217;image<\/td>\n<td colspan=\"42\">1920 \u00d7 1080 (bande noire OSD exclue)<\/td>\n<\/tr>\n<tr>\n<td colspan=\"18\">R\u00e9solution vid\u00e9o<\/td>\n<td colspan=\"42\">Flux principal : 1080P (1920 \u00d7 1080)\/720P (1280 \u00d7 720)<br \/>\nFlux secondaire : 720P (1280 \u00d7 720)\/D1 (704 \u00d7 576, 704 \u00d7 480)\/CIF (352 \u00d7 288, 352 \u00d7 240)<\/td>\n<\/tr>\n<tr>\n<td colspan=\"18\">Frame rate vid\u00e9o<\/td>\n<td colspan=\"42\">PAL : flux principal (1920 \u00d7 1080@25fps, 1280 \u00d7 720@25fps), flux secondaire (1280 \u00d7 720@25fps, 704 \u00d7 576@25fps, 352 \u00d7 288@25fps)<br \/>\nNTSC : flux principal (1920 \u00d7 1080@30fps, 1280 \u00d7 720@30fps), flux secondaire (1280 \u00d7 720@30fps, 704 \u00d7 408@30fps, 352 \u00d7 240@30fps)<\/td>\n<\/tr>\n<tr>\n<td colspan=\"18\">D\u00e9bit binaire<\/td>\n<td colspan=\"42\">H.264B : 32Kbps\u201332768Kbps<br \/>\nH.264M : 32Kbps\u201332768Kbps<br \/>\nH.264H : 32Kbps\u201332768Kbps<br \/>\nH.265 : 32Kbps\u201332768Kbps<br \/>\nMJPEG : 512Kbps\u201365536Kbps<\/td>\n<\/tr>\n<tr>\n<td colspan=\"18\">Compression de vid\u00e9o<\/td>\n<td colspan=\"42\">H.264B\/H.264M\/H.264H\/H.265\/MJPEG<\/td>\n<\/tr>\n<tr>\n<td colspan=\"18\">Format de codage d&#8217;image<\/td>\n<td colspan=\"42\">JPEG<\/td>\n<\/tr>\n<tr>\n<td colspan=\"18\">R\u00e9duction de bruit<\/td>\n<td colspan=\"42\">3DNR<\/td>\n<\/tr>\n<tr>\n<td colspan=\"18\">Balance des blancs<\/td>\n<td colspan=\"42\">Plage de temp\u00e9rature de couleur enti\u00e8rement automatique et automatique, temp\u00e9rature de couleur personnalis\u00e9e<\/td>\n<\/tr>\n<tr>\n<td colspan=\"18\">Vitesse d&#8217;obturation \u00e9lectronique<\/td>\n<td colspan=\"42\">1\/50-1\/10000, automatique ou manuel<\/td>\n<\/tr>\n<tr>\n<td colspan=\"18\">WDR<\/td>\n<td colspan=\"42\">96 db<\/td>\n<\/tr>\n<tr>\n<td colspan=\"18\">Am\u00e9lioration des contours<\/td>\n<td colspan=\"42\">Oui<\/td>\n<\/tr>\n<tr>\n<td colspan=\"18\">Mode d&#8217;exposition<\/td>\n<td colspan=\"42\">Enti\u00e8rement automatique, automatique personnalis\u00e9, personnalis\u00e9<\/td>\n<\/tr>\n<tr>\n<td colspan=\"18\">Contr\u00f4le de l&#8217;iris<\/td>\n<td colspan=\"42\">Diaphragme automatique (W\u00a0:\u00a01.6\u2013T\u00a0:\u00a03,3)<\/td>\n<\/tr>\n<tr>\n<td colspan=\"60\">Performance<\/td>\n<\/tr>\n<tr>\n<td colspan=\"18\">Mode de d\u00e9clenchement<\/td>\n<td colspan=\"42\">D\u00e9tection vid\u00e9o\u00a0;\u00a0bobine d&#8217;E\/S\u00a0;\u00a0d\u00e9tection vid\u00e9o et bobine d&#8217;E\/S<\/td>\n<\/tr>\n<tr>\n<td colspan=\"18\">Obturateur<\/td>\n<td colspan=\"42\">Obturateur simple<\/td>\n<\/tr>\n<tr>\n<td colspan=\"18\">Espace de rangement<\/td>\n<td colspan=\"42\">1 port de carte TF int\u00e9gr\u00e9.\u00a0Prend en charge Kingston 16G, 32G, 64G et 128G ;\u00a0Dahua 16G, 32G, 64G et 128G\u00a0;\u00a0SanDisk 16G, 32G, 64G et 128G<\/td>\n<\/tr>\n<tr>\n<td colspan=\"18\">Pr\u00e9vention de la falsification des images<\/td>\n<td colspan=\"42\">Oui.\u00a0La vid\u00e9o\/l&#8217;image peut \u00eatre v\u00e9rifi\u00e9e par filigrane et v\u00e9rification<\/td>\n<\/tr>\n<tr>\n<td colspan=\"18\">Champ de vision<\/td>\n<td colspan=\"42\">Horizontal : 108,1\u00b0 (O)\u201330,3\u00b0 (V) ;<\/p>\n<p>Verticale : 56,3\u00b0 (O) \u00e0 17,1\u00b0 (V) ;<\/p>\n<p>Diagonale : 130,9\u00b0 (O)\u201334,8\u00b0 (V)<\/td>\n<\/tr>\n<tr>\n<td colspan=\"18\">Distance d&#8217;\u00e9clairage<\/td>\n<td colspan=\"42\">12 m (39,37 pi)<\/td>\n<\/tr>\n<tr>\n<td colspan=\"18\">Port\u00e9e de capture<\/td>\n<td colspan=\"42\">3 m\u20136 m (9,84 pi\u201319,69 pi)<\/td>\n<\/tr>\n<tr>\n<td colspan=\"18\">Largeur de voie d\u00e9tect\u00e9e<\/td>\n<td colspan=\"42\">3 m \u20134 m (9,84 pi-13,12 pi)<\/td>\n<\/tr>\n<tr>\n<td colspan=\"18\">Illumination ambiante minimale<\/td>\n<td colspan=\"42\">0,002 Lux.\u00a0L&#8217;illuminateur est con\u00e7u avec la cam\u00e9ra pour l&#8217;\u00e9clairage<\/td>\n<\/tr>\n<tr>\n<td colspan=\"18\">Vitesse maximale d\u00e9tect\u00e9e par la cam\u00e9ra<\/td>\n<td colspan=\"42\">30 km\/h<\/td>\n<\/tr>\n<tr>\n<td colspan=\"18\">\u00c9v\u00e9nement d&#8217;alarme<\/td>\n<td colspan=\"42\">Alarme en cas d&#8217;absence de carte de stockage, d&#8217;espace de stockage insuffisant, d&#8217;erreur de carte de stockage, de d\u00e9connexion du r\u00e9seau, de conflit IP et d&#8217;acc\u00e8s ill\u00e9gal<\/td>\n<\/tr>\n<tr>\n<td colspan=\"18\">S\u00e9curit\u00e9<\/td>\n<td colspan=\"42\">Nom d&#8217;utilisateur et mot de passe autoris\u00e9s, liaison d&#8217;adresse MAC, cryptage HTTPS, IEEE 802.1x et contr\u00f4le d&#8217;acc\u00e8s au r\u00e9seau<\/td>\n<\/tr>\n<tr>\n<td colspan=\"18\">Superposition OSD<\/td>\n<td colspan=\"42\">Prend en charge la superposition de l&#8217;heure, de l&#8217;adresse (position du canal), de la voie (num\u00e9ro\/direction), de la plaque (num\u00e9ro et couleur), du v\u00e9hicule (vitesse, couleur, type)<\/td>\n<\/tr>\n<tr>\n<td colspan=\"18\">R\u00e9approvisionnement automatique du r\u00e9seau (ANR)<\/td>\n<td colspan=\"42\">Oui.\u00a0Plateforme\/FTP<\/td>\n<\/tr>\n<tr>\n<td colspan=\"18\">Enregistrement automatique<\/td>\n<td colspan=\"42\">Oui<\/td>\n<\/tr>\n<tr>\n<td colspan=\"60\">Intelligence<\/td>\n<\/tr>\n<tr>\n<td colspan=\"18\">D\u00e9tection de v\u00e9hicule<\/td>\n<td colspan=\"42\">Taux de capture de v\u00e9hicules 99%<\/td>\n<\/tr>\n<tr>\n<td colspan=\"18\">Reconnaissance de v\u00e9hicule<\/td>\n<td colspan=\"42\">Prend en charge la reconnaissance du type de v\u00e9hicule, du logo du v\u00e9hicule, de la s\u00e9rie du v\u00e9hicule, de la couleur du v\u00e9hicule, de la<br \/>\nplaque d&#8217;immatriculation, des caract\u00e9ristiques du conducteur et du passager avant et du v\u00e9hicule sans<br \/>\nplaque.\u00a0Taux de reconnaissance des v\u00e9hicules \u226595%<\/td>\n<\/tr>\n<tr>\n<td colspan=\"18\">M\u00e9tadonn\u00e9es vid\u00e9o<\/td>\n<td colspan=\"42\">Oui<\/td>\n<\/tr>\n<tr>\n<td colspan=\"18\">Cadre de chenille intelligent<\/td>\n<td colspan=\"42\">Affichage du cadre intelligent.\u00a0Prend en charge l&#8217;affichage de la plaque du v\u00e9hicule et de la trajectoire du v\u00e9hicule<\/td>\n<\/tr>\n<tr>\n<td colspan=\"60\">Port<\/td>\n<\/tr>\n<tr>\n<td colspan=\"18\">Monture de lentilles<\/td>\n<td colspan=\"42\">\u03a614<\/td>\n<\/tr>\n<tr>\n<td colspan=\"18\">Sortie analogique<\/td>\n<td colspan=\"42\">1<\/td>\n<\/tr>\n<tr>\n<td colspan=\"18\">R\u00e9seau<\/td>\n<td colspan=\"42\">1 port Ethernet 100\/1000M (RJ-45)<\/td>\n<\/tr>\n<tr>\n<td colspan=\"18\">RS-485<\/td>\n<td colspan=\"42\">2<\/td>\n<\/tr>\n<tr>\n<td colspan=\"18\">RS-232<\/td>\n<td colspan=\"42\">1<\/td>\n<\/tr>\n<tr>\n<td colspan=\"18\">Entr\u00e9e d&#8217;alarme<\/td>\n<td colspan=\"42\">3, entr\u00e9e optocoupleur (entr\u00e9e marche-arr\u00eat)<\/td>\n<\/tr>\n<tr>\n<td colspan=\"18\">Sortie d&#8217;alarme<\/td>\n<td colspan=\"42\">3 ports.\u00a0Sortie optocoupleur 2 canaux, sortie relais 1 canal, pouvant se connecter \u00e0 des appareils tels que des barri\u00e8res<\/td>\n<\/tr>\n<tr>\n<td colspan=\"18\">Entr\u00e9e audio<\/td>\n<td colspan=\"42\">Port RCA \u00e0 1 canal<\/td>\n<\/tr>\n<tr>\n<td colspan=\"18\">Sortie audio<\/td>\n<td colspan=\"42\">Port RCA \u00e0 1 canal<\/td>\n<\/tr>\n<tr>\n<td colspan=\"60\">G\u00e9n\u00e9ral<\/td>\n<\/tr>\n<tr>\n<td colspan=\"18\">Source de courant<\/td>\n<td colspan=\"42\">12 V CC, 24 V CA, PoE+<\/td>\n<\/tr>\n<tr>\n<td colspan=\"18\">Consommation d&#8217;\u00e9nergie<\/td>\n<td colspan=\"42\"><span lang=\"zh-CN\">&lt;\u00a0<\/span>20W<\/td>\n<\/tr>\n<tr>\n<td colspan=\"18\">Temp\u00e9rature de fonctionnement<\/td>\n<td colspan=\"42\">\u221230\u00b0C \u00e0 +65\u00b0C (\u221222\u00b0F \u00e0 +149 \u00b0F)<\/td>\n<\/tr>\n<tr>\n<td colspan=\"18\">humidit\u00e9 d&#8217;exploitation<\/td>\n<td colspan=\"42\">10\u00a0% HR \u00e0 90\u00a0% HR (sans condensation)<\/td>\n<\/tr>\n<tr>\n<td colspan=\"18\">Enveloppe<\/td>\n<td colspan=\"42\">M\u00e9tal et plastique<\/td>\n<\/tr>\n<tr>\n<td colspan=\"18\">Niveau de protection<\/td>\n<td colspan=\"42\">IP67<\/td>\n<\/tr>\n<tr>\n<td colspan=\"18\">Dimensions<\/td>\n<td colspan=\"42\">296,5 mm \u00d7 124,3 mm \u00d7 107,7 mm (11,67&#8221; \u00d7 4,89&#8221; \u00d7 4,24&#8221;) (L \u00d7 l \u00d7 H)<\/td>\n<\/tr>\n<tr>\n<td colspan=\"18\">Poids net<\/td>\n<td colspan=\"42\">1,7 kg (3,75 livres)<\/td>\n<\/tr>\n<tr>\n<td colspan=\"18\">Poids brut<\/td>\n<td colspan=\"42\">2,3 kg (5,07 livres)<\/td>\n<\/tr>\n<tr>\n<td colspan=\"18\">Installation<\/td>\n<td colspan=\"42\">Install\u00e9 avec support<\/td>\n<\/tr>\n<tr>\n<td colspan=\"18\">Lentille<\/td>\n<td colspan=\"42\">3,2 mm\u201310,5 mm<\/td>\n<\/tr>\n<tr>\n<td colspan=\"60\">Attestation<\/td>\n<\/tr>\n<tr>\n<td colspan=\"18\">CE, FCC<\/td>\n<td colspan=\"42\">Oui<\/td>\n<\/tr>\n<tr>\n<td colspan=\"18\">RoHS<\/td>\n<td colspan=\"42\">Oui<\/td>\n<\/tr>\n<\/tbody>\n<\/table>\n","protected":false},"excerpt":{"rendered":"<h1 class=\"text\" data-gtm-vis-recent-on-screen-10552706_184=\"412\" data-gtm-vis-first-on-screen-10552706_184=\"412\" data-gtm-vis-total-visible-time-10552706_184=\"100\" data-gtm-vis-has-fired-10552706_184=\"1\" data-gtm-vis-recent-on-screen-10552706_194=\"415\" data-gtm-vis-first-on-screen-10552706_194=\"415\" data-gtm-vis-total-visible-time-10552706_194=\"100\" data-gtm-vis-has-fired-10552706_194=\"1\" data-gtm-vis-recent-on-screen-10552706_181=\"418\" data-gtm-vis-first-on-screen-10552706_181=\"418\" data-gtm-vis-total-visible-time-10552706_181=\"100\" data-gtm-vis-has-fired-10552706_181=\"1\" data-gtm-vis-recent-on-screen-10552706_192=\"422\" data-gtm-vis-first-on-screen-10552706_192=\"422\" data-gtm-vis-total-visible-time-10552706_192=\"100\" data-gtm-vis-has-fired-10552706_192=\"1\" data-gtm-vis-recent-on-screen-10552706_217=\"425\" data-gtm-vis-first-on-screen-10552706_217=\"425\" data-gtm-vis-total-visible-time-10552706_217=\"100\" data-gtm-vis-has-fired-10552706_217=\"1\" data-gtm-vis-recent-on-screen-10552706_193=\"428\" data-gtm-vis-first-on-screen-10552706_193=\"428\" data-gtm-vis-total-visible-time-10552706_193=\"100\" data-gtm-vis-has-fired-10552706_193=\"1\" data-gtm-vis-recent-on-screen-10552706_195=\"431\" data-gtm-vis-first-on-screen-10552706_195=\"431\" data-gtm-vis-total-visible-time-10552706_195=\"100\" data-gtm-vis-has-fired-10552706_195=\"1\" data-gtm-vis-recent-on-screen-10552706_196=\"432\" data-gtm-vis-first-on-screen-10552706_196=\"432\" data-gtm-vis-total-visible-time-10552706_196=\"100\" data-gtm-vis-has-fired-10552706_196=\"1\"><span style=\"font-size: 12pt;\"><strong>Acc\u00e9der \u00e0 la cam\u00e9ra ANPR<\/strong><\/span><\/h1>\n<div data-v-5fe8c490=\"\">\n<ul>\n<li>Adopte un capteur et un processeur d&#8217;image CMOS hautes performances pour une extraction et une analyse en profondeur des informations sur le v\u00e9hicule 24h\/24 et 7j\/7<\/li>\n<li>Adopte un algorithme d&#8217;apprentissage en profondeur pour une reconnaissance pr\u00e9cise des v\u00e9hicules sans plaque d&#8217;immatriculation, et du mod\u00e8le du v\u00e9hicule, du logo du v\u00e9hicule, de la s\u00e9rie du v\u00e9hicule, de la couleur du v\u00e9hicule, etc.<\/li>\n<li>Diverses interfaces de signaux, de donn\u00e9es et de communication ; prend en charge la connexion \u00e0 des appareils suppl\u00e9mentaires, tels que la barri\u00e8re<\/li>\n<li>Illuminateur LED int\u00e9gr\u00e9 pour une installation simplifi\u00e9e<\/li>\n<li>Lentille varifocale motoris\u00e9e, facile \u00e0 installer et \u00e0 mettre en service<\/li>\n<li>Conception int\u00e9gr\u00e9e \u00e0 faible consommation d&#8217;\u00e9nergie et degr\u00e9 de protection IP67<\/li>\n<\/ul>\n<\/div>\n","protected":false},"featured_media":19641,"comment_status":"closed","ping_status":"closed","template":"","meta":{"om_disable_all_campaigns":false,"_monsterinsights_skip_tracking":false,"_monsterinsights_sitenote_active":false,"_monsterinsights_sitenote_note":"","_monsterinsights_sitenote_category":0},"product_cat":[696,860,303,302],"product_tag":[],"class_list":{"0":"post-19611","1":"product","2":"type-product","3":"status-publish","4":"has-post-thumbnail","6":"product_cat-camera-anpr","7":"product_cat-cameras-de-surveillance","8":"product_cat-cameras-ip","9":"product_cat-produits-ip","11":"first","12":"instock","13":"shipping-taxable","14":"purchasable","15":"product-type-simple","16":"add-to-wishlist-after_add_to_cart"},"aioseo_notices":[],"_links":{"self":[{"href":"https:\/\/tthcompany.ma\/index.php\/wp-json\/wp\/v2\/product\/19611","targetHints":{"allow":["GET"]}}],"collection":[{"href":"https:\/\/tthcompany.ma\/index.php\/wp-json\/wp\/v2\/product"}],"about":[{"href":"https:\/\/tthcompany.ma\/index.php\/wp-json\/wp\/v2\/types\/product"}],"replies":[{"embeddable":true,"href":"https:\/\/tthcompany.ma\/index.php\/wp-json\/wp\/v2\/comments?post=19611"}],"wp:featuredmedia":[{"embeddable":true,"href":"https:\/\/tthcompany.ma\/index.php\/wp-json\/wp\/v2\/media\/19641"}],"wp:attachment":[{"href":"https:\/\/tthcompany.ma\/index.php\/wp-json\/wp\/v2\/media?parent=19611"}],"wp:term":[{"taxonomy":"product_cat","embeddable":true,"href":"https:\/\/tthcompany.ma\/index.php\/wp-json\/wp\/v2\/product_cat?post=19611"},{"taxonomy":"product_tag","embeddable":true,"href":"https:\/\/tthcompany.ma\/index.php\/wp-json\/wp\/v2\/product_tag?post=19611"}],"curies":[{"name":"wp","href":"https:\/\/api.w.org\/{rel}","templated":true}]}}