{"id":19579,"date":"2022-08-17T10:39:48","date_gmt":"2022-08-17T10:39:48","guid":{"rendered":"https:\/\/tthcompany.ma\/?post_type=product&#038;p=19579"},"modified":"2023-09-26T15:20:18","modified_gmt":"2023-09-26T15:20:18","slug":"vto6531h","status":"publish","type":"product","link":"https:\/\/tthcompany.ma\/index.php\/product\/vto6531h\/","title":{"rendered":"VTO6531H"},"content":{"rendered":"<table id=\"table001\" class=\"NEW-TABLE TableOverride-1 tab-drag\">\n<tbody>\n<tr>\n<td colspan=\"60\">Syst\u00e8me<\/td>\n<\/tr>\n<tr>\n<td colspan=\"18\">Processeur principal<\/td>\n<td colspan=\"42\">Processeur embarqu\u00e9<\/td>\n<\/tr>\n<tr>\n<td colspan=\"18\">Syst\u00e8me op\u00e9rateur<\/td>\n<td colspan=\"42\">Syst\u00e8me d&#8217;exploitation Linux embarqu\u00e9<\/td>\n<\/tr>\n<tr>\n<td colspan=\"18\">Type de bouton<\/td>\n<td colspan=\"42\">Touche tactile<\/td>\n<\/tr>\n<tr>\n<td colspan=\"18\">Protocole r\u00e9seau<\/td>\n<td colspan=\"42\">SIROTER;\u00a0P2P\u00a0;\u00a0IPv4\u00a0;\u00a0FTP\u00a0;\u00a0UPnP\u00a0;\u00a0DNS\u00a0;\u00a0DDNS\u00a0;\u00a0RTSP\u00a0;\u00a0RTP\u00a0;\u00a0TCP\u00a0;\u00a0UDP<\/td>\n<\/tr>\n<tr>\n<td colspan=\"18\">ROM<\/td>\n<td colspan=\"42\">4 Go<\/td>\n<\/tr>\n<tr>\n<td colspan=\"18\">RAM<\/td>\n<td colspan=\"42\">1 Go<\/td>\n<\/tr>\n<tr>\n<td colspan=\"60\">De base<\/td>\n<\/tr>\n<tr>\n<td colspan=\"18\">\u00c9cran d&#8217;affichage<\/td>\n<td colspan=\"42\">\u00c9cran IPS de 4,3 pouces<\/td>\n<\/tr>\n<tr>\n<td colspan=\"18\">R\u00e9solution<\/td>\n<td colspan=\"42\">800\u00d7480<\/td>\n<\/tr>\n<tr>\n<td colspan=\"18\">Cam\u00e9ra<\/td>\n<td colspan=\"42\">1\/2,7&#8243; 2MP CMOS haute d\u00e9finition, faible \u00e9clairage, illuminateur blanc et illuminateur IR<\/td>\n<\/tr>\n<tr>\n<td colspan=\"18\">Champ de vision<\/td>\n<td colspan=\"42\">Horizontale : 87,42\u00b0 ;\u00a0verticale : 46,48\u00b0 ;<\/p>\n<p>diagonale : 104,13\u00b0<\/td>\n<\/tr>\n<tr>\n<td colspan=\"18\">Distance focale<\/td>\n<td colspan=\"42\">4,0 mm<\/td>\n<\/tr>\n<tr>\n<td colspan=\"18\">Ouverture<\/td>\n<td colspan=\"42\">F1.6<\/td>\n<\/tr>\n<tr>\n<td colspan=\"18\">WDR<\/td>\n<td colspan=\"42\">120dB<\/td>\n<\/tr>\n<tr>\n<td colspan=\"18\">R\u00e9duction de bruit<\/td>\n<td colspan=\"42\">R\u00e9duction du bruit 3D<\/td>\n<\/tr>\n<tr>\n<td colspan=\"18\">Compression de vid\u00e9o<\/td>\n<td colspan=\"42\">H.264<\/td>\n<\/tr>\n<tr>\n<td colspan=\"18\">R\u00e9solution vid\u00e9o<\/td>\n<td colspan=\"42\">Flux principal : 720p, flux secondaire : 1080P<\/td>\n<\/tr>\n<tr>\n<td colspan=\"18\">Fr\u00e9quence d&#8217;images<\/td>\n<td colspan=\"42\">Flux principal (720P@25fps), flux secondaire (1080P@25fps)<br \/>\nFlux principal (720P@30fps), flux secondaire (1080P@30fps)<\/td>\n<\/tr>\n<tr>\n<td colspan=\"18\">Bitrate vid\u00e9o<\/td>\n<td colspan=\"42\">256Kbps\u20132048Kbps<\/td>\n<\/tr>\n<tr>\n<td colspan=\"18\">Compensation de la lumi\u00e8re<\/td>\n<td colspan=\"42\">Lumi\u00e8re blanche automatique Lumi\u00e8re IR automatique<\/td>\n<\/tr>\n<tr>\n<td colspan=\"18\">Jour Nuit<\/td>\n<td colspan=\"42\">Commutateur automatique ICR<\/td>\n<\/tr>\n<tr>\n<td colspan=\"18\">Compression audio<\/td>\n<td colspan=\"42\">G.711u<\/td>\n<\/tr>\n<tr>\n<td colspan=\"18\">Entr\u00e9e audio<\/td>\n<td colspan=\"42\">1<\/td>\n<\/tr>\n<tr>\n<td colspan=\"18\">Sortie audio<\/td>\n<td colspan=\"42\">Haut-parleur int\u00e9gr\u00e9<\/td>\n<\/tr>\n<tr>\n<td colspan=\"18\">Mode audio<\/td>\n<td colspan=\"42\">Communication en duplex int\u00e9gral<\/td>\n<\/tr>\n<tr>\n<td colspan=\"18\">Am\u00e9lioration audio<\/td>\n<td colspan=\"42\">Suppression et annulation d&#8217;\u00e9cho\/r\u00e9duction du bruit num\u00e9rique<\/td>\n<\/tr>\n<tr>\n<td colspan=\"18\">Bitrate audio<\/td>\n<td colspan=\"42\">16KHz, 16Bit<\/td>\n<\/tr>\n<tr>\n<td colspan=\"60\">Fonction<\/td>\n<\/tr>\n<tr>\n<td colspan=\"18\">Mode de communication<\/td>\n<td colspan=\"42\">Enti\u00e8rement num\u00e9rique<\/td>\n<\/tr>\n<tr>\n<td colspan=\"18\">Mode de d\u00e9verrouillage<\/td>\n<td colspan=\"42\">Carte\/T\u00e9l\u00e9commande\/Mot de passe\/D\u00e9verrouillage facial<\/td>\n<\/tr>\n<tr>\n<td colspan=\"18\">Type de lecture de carte<\/td>\n<td colspan=\"42\">carte \u00e0 puce<\/td>\n<\/tr>\n<tr>\n<td colspan=\"18\">D\u00e9tection de mouvement<\/td>\n<td colspan=\"42\">D\u00e9tection de mouvement vid\u00e9o<\/td>\n<\/tr>\n<tr>\n<td colspan=\"18\">Instantan\u00e9 automatique<\/td>\n<td colspan=\"42\">Oui<\/td>\n<\/tr>\n<tr>\n<td colspan=\"18\">Laisser des vid\u00e9os ou des SMS<\/td>\n<td colspan=\"42\">Oui<\/td>\n<\/tr>\n<tr>\n<td colspan=\"18\">Configuration Web<\/td>\n<td colspan=\"42\">Oui<\/td>\n<\/tr>\n<tr>\n<td colspan=\"60\">Performance<\/td>\n<\/tr>\n<tr>\n<td colspan=\"18\">Distance de lecture de carte<\/td>\n<td colspan=\"42\">1cm-5cm<\/td>\n<\/tr>\n<tr>\n<td colspan=\"18\">\u00c9mettre la carte localement<\/td>\n<td colspan=\"42\">Oui<\/td>\n<\/tr>\n<tr>\n<td colspan=\"18\">Plage de hauteur de reconnaissance faciale<\/td>\n<td colspan=\"42\">1,1 m-2,4 m est recommand\u00e9<\/td>\n<\/tr>\n<tr>\n<td colspan=\"18\">Distance de reconnaissance faciale<\/td>\n<td colspan=\"42\">0,3 m\u20132 cm<\/td>\n<\/tr>\n<tr>\n<td colspan=\"18\">Configuration de la reconnaissance faciale<\/td>\n<td colspan=\"42\">Seuil de reconnaissance Angle du profil facial<\/td>\n<\/tr>\n<tr>\n<td colspan=\"18\">Pr\u00e9cision de la v\u00e9rification faciale<\/td>\n<td colspan=\"42\">99,5%<\/td>\n<\/tr>\n<tr>\n<td colspan=\"18\">Temps de reconnaissance faciale<\/td>\n<td colspan=\"42\">0.2s<\/td>\n<\/tr>\n<tr>\n<td colspan=\"18\">Mat\u00e9riau du bo\u00eetier<\/td>\n<td colspan=\"42\">PC+ABS<\/td>\n<\/tr>\n<tr>\n<td colspan=\"60\">Capacit\u00e9<\/td>\n<\/tr>\n<tr>\n<td colspan=\"18\">Carte<\/td>\n<td colspan=\"42\">10 000<\/td>\n<\/tr>\n<tr>\n<td colspan=\"18\">Image du visage<\/td>\n<td colspan=\"42\">10 000<\/td>\n<\/tr>\n<tr>\n<td colspan=\"60\">Port<\/td>\n<\/tr>\n<tr>\n<td colspan=\"18\">RS-485<\/td>\n<td colspan=\"42\">1<\/td>\n<\/tr>\n<tr>\n<td colspan=\"18\">Wiegand<\/td>\n<td colspan=\"42\">1 port d&#8217;entr\u00e9e, 1 port de sortie<\/td>\n<\/tr>\n<tr>\n<td colspan=\"18\">Serrure \u00e9lectrique<\/td>\n<td colspan=\"42\">1<\/td>\n<\/tr>\n<tr>\n<td colspan=\"18\">Entr\u00e9e d&#8217;alarme<\/td>\n<td colspan=\"42\">2 (quantit\u00e9 num\u00e9rique)<\/td>\n<\/tr>\n<tr>\n<td colspan=\"18\">Sortie d&#8217;alarme<\/td>\n<td colspan=\"42\">2 (quantit\u00e9 num\u00e9rique)<\/td>\n<\/tr>\n<tr>\n<td colspan=\"18\">Puissance de sortie<\/td>\n<td colspan=\"42\">1 12V\/100mA<\/td>\n<\/tr>\n<tr>\n<td colspan=\"18\">Bouton Quitter<\/td>\n<td colspan=\"42\">1<\/td>\n<\/tr>\n<tr>\n<td colspan=\"18\">D\u00e9tection de l&#8217;\u00e9tat de la porte<\/td>\n<td colspan=\"42\">1<\/td>\n<\/tr>\n<tr>\n<td colspan=\"18\">Contr\u00f4le de verrouillage<\/td>\n<td colspan=\"42\">1, normalement ouvert par d\u00e9faut<\/td>\n<\/tr>\n<tr>\n<td colspan=\"18\">R\u00e9seau<\/td>\n<td colspan=\"42\">1 RJ-45 10Mbps\/100Mbps auto-adaptatif<\/td>\n<\/tr>\n<tr>\n<td colspan=\"60\">Alarme<\/td>\n<\/tr>\n<tr>\n<td colspan=\"18\">Alt\u00e9rer<\/td>\n<td colspan=\"42\">Oui<\/td>\n<\/tr>\n<tr>\n<td colspan=\"60\">G\u00e9n\u00e9ral<\/td>\n<\/tr>\n<tr>\n<td colspan=\"18\">D\u00e9verrouiller le mode de mot de passe<\/td>\n<td colspan=\"42\">Mot de passe utilisateur\/mot de passe public\/mot de passe de contrainte<\/td>\n<\/tr>\n<tr>\n<td colspan=\"18\">Couleur<\/td>\n<td colspan=\"42\">Argent<\/td>\n<\/tr>\n<tr>\n<td colspan=\"18\">Mode d&#8217;alimentation<\/td>\n<td colspan=\"42\">CC 12V2A<\/td>\n<\/tr>\n<tr>\n<td colspan=\"18\">Source de courant<\/td>\n<td colspan=\"42\">Optionnel<\/td>\n<\/tr>\n<tr>\n<td colspan=\"18\">Installation<\/td>\n<td colspan=\"42\">Montage en surface et montage encastr\u00e9<\/td>\n<\/tr>\n<tr>\n<td colspan=\"18\">Attestation<\/td>\n<td colspan=\"42\">CE\/FCC<\/td>\n<\/tr>\n<tr>\n<td colspan=\"18\">Accessoire<\/td>\n<td colspan=\"42\">Optionnel<\/td>\n<\/tr>\n<tr>\n<td colspan=\"18\">dimensions du produit<\/td>\n<td colspan=\"42\">388,5 mm \u00d7 145,5 mm \u00d7 43,5 mm (15,30&#8243; \u00d7 5,73&#8243; \u00d7 1,71&#8243;)<\/td>\n<\/tr>\n<tr>\n<td colspan=\"18\">Niveau de protection<\/td>\n<td colspan=\"42\">IP65 (un mastic silicone est n\u00e9cessaire, voir le guide de d\u00e9marrage rapide)<\/td>\n<\/tr>\n<tr>\n<td colspan=\"18\">Temp\u00e9rature de fonctionnement<\/td>\n<td colspan=\"42\">-30\u00b0C \u00e0 +60\u00b0C (-22\u00b0F \u00e0 +140\u00b0F)<\/td>\n<\/tr>\n<tr>\n<td colspan=\"18\">humidit\u00e9 d&#8217;exploitation<\/td>\n<td colspan=\"42\">10RH%\u201390RH% (sans condensation)<\/td>\n<\/tr>\n<tr>\n<td colspan=\"18\">Altitude de fonctionnement<\/td>\n<td colspan=\"42\">86kPa\u2013106kPa<\/td>\n<\/tr>\n<tr>\n<td colspan=\"18\">Consommation d&#8217;\u00e9nergie<\/td>\n<td colspan=\"42\">\u22645W (veille), \u226418W (fonctionnement)<\/td>\n<\/tr>\n<tr>\n<td colspan=\"18\">Poids net<\/td>\n<td colspan=\"42\">1,0 kg (2,20 livres)<\/td>\n<\/tr>\n<tr>\n<td colspan=\"18\">Poids brut<\/td>\n<td colspan=\"42\">1,29 kg (2,84 livres)<\/td>\n<\/tr>\n<\/tbody>\n<\/table>\n","protected":false},"excerpt":{"rendered":"<h1 class=\"text\" data-gtm-vis-recent-on-screen-10552706_193=\"418\" data-gtm-vis-first-on-screen-10552706_193=\"418\" data-gtm-vis-total-visible-time-10552706_193=\"100\" data-gtm-vis-has-fired-10552706_193=\"1\" data-gtm-vis-recent-on-screen-10552706_217=\"423\" data-gtm-vis-first-on-screen-10552706_217=\"423\" data-gtm-vis-total-visible-time-10552706_217=\"100\" data-gtm-vis-has-fired-10552706_217=\"1\" data-gtm-vis-recent-on-screen-10552706_195=\"428\" data-gtm-vis-first-on-screen-10552706_195=\"428\" data-gtm-vis-total-visible-time-10552706_195=\"100\" data-gtm-vis-has-fired-10552706_195=\"1\" data-gtm-vis-recent-on-screen-10552706_192=\"430\" data-gtm-vis-first-on-screen-10552706_192=\"430\" data-gtm-vis-total-visible-time-10552706_192=\"100\" data-gtm-vis-has-fired-10552706_192=\"1\" data-gtm-vis-recent-on-screen-10552706_196=\"436\" data-gtm-vis-first-on-screen-10552706_196=\"436\" data-gtm-vis-total-visible-time-10552706_196=\"100\" data-gtm-vis-has-fired-10552706_196=\"1\" data-gtm-vis-recent-on-screen-10552706_194=\"441\" data-gtm-vis-first-on-screen-10552706_194=\"441\" data-gtm-vis-total-visible-time-10552706_194=\"100\" data-gtm-vis-has-fired-10552706_194=\"1\" data-gtm-vis-recent-on-screen-10552706_181=\"445\" data-gtm-vis-first-on-screen-10552706_181=\"445\" data-gtm-vis-total-visible-time-10552706_181=\"100\" data-gtm-vis-has-fired-10552706_181=\"1\" data-gtm-vis-recent-on-screen-10552706_184=\"860\" data-gtm-vis-first-on-screen-10552706_184=\"860\" data-gtm-vis-total-visible-time-10552706_184=\"100\" data-gtm-vis-has-fired-10552706_184=\"1\"><span style=\"font-size: 12pt;\">Station de porte \u00e0 reconnaissance faciale<\/span><\/h1>\n<div data-v-5fe8c490=\"\">\n<ul>\n<li>\u00c9cran IPS de 4,3 pouces ; r\u00e9solution d&#8217;\u00e9cran 800\u00d7480<\/li>\n<li>CMOS 2MP ; vrai WDR<\/li>\n<li>Distance face-cam\u00e9ra : 0,3 m\u20132 m ; hauteur humaine : 1,1 m-2,4 m (distance de l&#8217;objectif au sol : 1,4 m)<\/li>\n<li>Touche tactile ;\u00a0IP65<\/li>\n<li>Temp\u00e9rature de fonctionnement : -30\u00b0C \u00e0 +60\u00b0C<\/li>\n<li>L&#8217;\u00e9clairage automatique r\u00e9duit la pollution lumineuse<\/li>\n<li>Plusieurs modes de d\u00e9verrouillage : d\u00e9verrouillage par mot de passe, d\u00e9verrouillage par carte \u00e0 puce, d\u00e9verrouillage \u00e0 distance et d\u00e9verrouillage du visage<\/li>\n<li>Prend en charge 20 000 utilisateurs, 10 000 images de visage et 10 000 cartes<\/li>\n<li>Vitesse de reconnaissance faciale : 0,2 seconde par personne<\/li>\n<li>Prise en charge de la d\u00e9tection de vivacit\u00e9<\/li>\n<li>Prise en charge du duplex int\u00e9gral ;\u00a0plate-forme de gestion et appel vocal via APP<\/li>\n<li>Prend en charge le serveur SIP et peut g\u00e9rer 200 moniteurs d&#8217;int\u00e9rieur au maximum<\/li>\n<li>Prise en charge de l&#8217;alarme de contrainte, de l&#8217;alarme de sabotage et de l&#8217;alarme de temporisation du capteur de porte<\/li>\n<li>Divers modes d&#8217;affichage de l&#8217;\u00e9tat de d\u00e9verrouillage prot\u00e8gent la confidentialit\u00e9 des utilisateurs<\/li>\n<\/ul>\n<\/div>\n<p><img decoding=\"async\" class=\"alignnone size-medium wp-image-7556\" src=\"http:\/\/tthcompany.com\/wp-content\/uploads\/2021\/09\/20200403165158_54204-300x103.png\" alt=\"\" width=\"300\" height=\"103\" \/><\/p>\n","protected":false},"featured_media":19625,"comment_status":"closed","ping_status":"closed","template":"","meta":{"om_disable_all_campaigns":false,"_monsterinsights_skip_tracking":false,"_monsterinsights_sitenote_active":false,"_monsterinsights_sitenote_note":"","_monsterinsights_sitenote_category":0},"product_cat":[598,599,555],"product_tag":[1093,736],"class_list":{"0":"post-19579","1":"product","2":"type-product","3":"status-publish","4":"has-post-thumbnail","6":"product_cat-controle-dacces","7":"product_cat-pointeuses","8":"product_cat-videophone","9":"product_tag-onstuck","10":"product_tag-videophone","11":"ts_product_brand-dahua","13":"first","14":"instock","15":"shipping-taxable","16":"purchasable","17":"product-type-simple","18":"add-to-wishlist-after_add_to_cart"},"aioseo_notices":[],"_links":{"self":[{"href":"https:\/\/tthcompany.ma\/index.php\/wp-json\/wp\/v2\/product\/19579","targetHints":{"allow":["GET"]}}],"collection":[{"href":"https:\/\/tthcompany.ma\/index.php\/wp-json\/wp\/v2\/product"}],"about":[{"href":"https:\/\/tthcompany.ma\/index.php\/wp-json\/wp\/v2\/types\/product"}],"replies":[{"embeddable":true,"href":"https:\/\/tthcompany.ma\/index.php\/wp-json\/wp\/v2\/comments?post=19579"}],"wp:featuredmedia":[{"embeddable":true,"href":"https:\/\/tthcompany.ma\/index.php\/wp-json\/wp\/v2\/media\/19625"}],"wp:attachment":[{"href":"https:\/\/tthcompany.ma\/index.php\/wp-json\/wp\/v2\/media?parent=19579"}],"wp:term":[{"taxonomy":"product_cat","embeddable":true,"href":"https:\/\/tthcompany.ma\/index.php\/wp-json\/wp\/v2\/product_cat?post=19579"},{"taxonomy":"product_tag","embeddable":true,"href":"https:\/\/tthcompany.ma\/index.php\/wp-json\/wp\/v2\/product_tag?post=19579"}],"curies":[{"name":"wp","href":"https:\/\/api.w.org\/{rel}","templated":true}]}}