{"id":19394,"date":"2022-08-17T10:30:25","date_gmt":"2022-08-17T10:30:25","guid":{"rendered":"https:\/\/tthcompany.ma\/?post_type=product&#038;p=19394"},"modified":"2022-08-17T10:38:37","modified_gmt":"2022-08-17T10:38:37","slug":"dhi-kta01","status":"publish","type":"product","link":"https:\/\/tthcompany.ma\/index.php\/product\/dhi-kta01\/","title":{"rendered":"DHI-KTA01"},"content":{"rendered":"<div id=\"div_left\">\n<div class=\"div-drop\">\n<table id=\"table001\" class=\"NEW-TABLE TableOverride-1 tab-drag\">\n<tbody>\n<tr>\n<td colspan=\"60\">\n<h4>DHI-VTO2010D<\/h4>\n<\/td>\n<\/tr>\n<tr>\n<td colspan=\"18\"><span>Type de bouton<\/span><\/td>\n<td colspan=\"42\"><span>Touches m\u00e9caniques du clavier<\/span><\/td>\n<\/tr>\n<tr>\n<td colspan=\"18\"><span>Cam\u00e9ra<\/span><\/td>\n<td colspan=\"42\"><span>CMOS 1 \/ 2,7 &#8220;2MP<\/span><\/td>\n<\/tr>\n<tr>\n<td colspan=\"18\"><span>Champ de vision<\/span><\/td>\n<td colspan=\"42\"><span>H: 70 \u00b0, V: 38 \u00b0, D: 82 \u00b0<\/span><\/p>\n<p>&nbsp;<\/td>\n<\/tr>\n<tr>\n<td colspan=\"18\"><span>Distance focale<\/span><\/td>\n<td colspan=\"42\"><span>3,3 mm<\/span><\/td>\n<\/tr>\n<tr>\n<td colspan=\"18\"><span>IR<\/span><\/td>\n<td colspan=\"42\"><span>Soutien<\/span><\/td>\n<\/tr>\n<tr>\n<td colspan=\"18\"><span>Entr\u00e9e audio<\/span><\/td>\n<td colspan=\"42\"><span>1 canal vers le microphone, distance de d\u00e9tection 0,5 m<\/span><\/td>\n<\/tr>\n<tr>\n<td colspan=\"18\"><span>Sortie audio<\/span><\/td>\n<td colspan=\"42\"><span>1 canal vers le haut-parleur<\/span><\/td>\n<\/tr>\n<tr>\n<td colspan=\"18\"><span>Voyant<\/span><\/td>\n<td colspan=\"42\"><span>1 voyant lumineux;\u00a0Vert: mise sous tension<\/span><\/td>\n<\/tr>\n<tr>\n<td colspan=\"18\"><span>M\u00e9thode de communication<\/span><\/td>\n<td colspan=\"42\"><span>Analogique<\/span><\/td>\n<\/tr>\n<tr>\n<td colspan=\"18\"><span>Mode de d\u00e9verrouillage<\/span><\/td>\n<td colspan=\"42\"><span>D\u00e9verrouillage local<\/span><\/td>\n<\/tr>\n<tr>\n<td colspan=\"18\"><span>Bouton de sortie<\/span><\/td>\n<td colspan=\"42\"><span>1<\/span><\/td>\n<\/tr>\n<tr>\n<td colspan=\"18\"><span>Apparence Couleur<\/span><\/td>\n<td colspan=\"42\"><span lang=\"zh-CN\"><span>Noir<\/span><\/span><\/td>\n<\/tr>\n<tr>\n<td colspan=\"18\"><span>Mode d&#8217;installation<\/span><\/td>\n<td colspan=\"42\"><span>Surface<\/span><\/td>\n<\/tr>\n<tr>\n<td colspan=\"18\"><span>Certification<\/span><\/td>\n<td colspan=\"42\"><span>CE FCC<\/span><\/td>\n<\/tr>\n<tr>\n<td colspan=\"18\"><span>Dimensions<\/span><\/td>\n<td colspan=\"42\"><span>134,9 mm \u00d7 47,2 mm \u00d7 33,8 mm (5,31 &#8220;\u00d7 1,86&#8221; \u00d7 1,33 &#8220;)<\/span><\/td>\n<\/tr>\n<tr>\n<td colspan=\"18\"><span>Classe de protection<\/span><\/td>\n<td colspan=\"42\"><span>IK07, IP65 (Appliquez du gel de silice sur les espaces entre l&#8217;appareil et le mur. Le silicate de sodium liquide est recommand\u00e9. Pour plus de d\u00e9tails, consultez le guide de d\u00e9marrage rapide.)<\/span><\/p>\n<p>&nbsp;<\/td>\n<\/tr>\n<tr>\n<td colspan=\"18\"><span>Temp\u00e9rature de fonctionnement<\/span><\/td>\n<td colspan=\"42\"><span>-30\u00a0<\/span><span>\u00b0 C\u00a0<\/span><span>\u00e0 +50\u00a0<\/span><span>\u00b0 C\u00a0<\/span><span>(-22\u00a0<\/span><span>\u00b0 F\u00a0<\/span><span>\u00e0 +122\u00a0<\/span><span>\u00b0 F\u00a0<\/span><span>)<\/span><\/td>\n<\/tr>\n<tr>\n<td colspan=\"18\"><span>humidit\u00e9 d&#8217;exploitation<\/span><\/td>\n<td colspan=\"42\"><span>10% HR \u201395% HR<\/span><\/td>\n<\/tr>\n<tr>\n<td colspan=\"18\"><span>Consommation d&#8217;\u00e9nergie<\/span><\/td>\n<td colspan=\"42\"><span>\u22641W (mode veille)<\/span><\/p>\n<p><span>\u22643W (en fonctionnement)<\/span><\/td>\n<\/tr>\n<tr>\n<td colspan=\"18\"><span>Poids net<\/span><\/td>\n<td colspan=\"42\"><span>0,19 kg (0,42 livre)<\/span><\/td>\n<\/tr>\n<\/tbody>\n<\/table>\n<\/div>\n<\/div>\n<div id=\"div_left\">\n<div class=\"div-drop\">\n<table id=\"table002\" class=\"NEW-TABLE TableOverride-1 tab-drag\">\n<tbody>\n<tr>\n<td colspan=\"60\">\n<h4><span>DHI-VTH2020DW<\/span><\/h4>\n<\/td>\n<\/tr>\n<tr>\n<td colspan=\"18\"><span>Type de bouton<\/span><\/td>\n<td colspan=\"42\"><span>Touches m\u00e9caniques du clavier<\/span><\/td>\n<\/tr>\n<tr>\n<td colspan=\"18\"><span>Type de chape<\/span><\/td>\n<td colspan=\"42\"><span>\u00c9cran non tactile<\/span><\/td>\n<\/tr>\n<tr>\n<td colspan=\"18\"><span>Afficher<\/span><\/td>\n<td colspan=\"42\"><span>\u00c9cran TFT 7 pouces<\/span><\/td>\n<\/tr>\n<tr>\n<td colspan=\"18\"><span>R\u00e9solution<\/span><\/td>\n<td colspan=\"42\"><span>800 (H) \u00d7 480 (V)<\/span><\/td>\n<\/tr>\n<tr>\n<td colspan=\"18\"><span>Voyant d&#8217;\u00e9tat<\/span><\/td>\n<td colspan=\"42\"><span>2 voyants lumineux Alimentation: voyant lumineux vert-mise sous tension Volume: voyant lumineux \u00e9teint-muet<\/span><\/td>\n<\/tr>\n<tr>\n<td colspan=\"18\"><span>M\u00e9thodes de communication<\/span><\/td>\n<td colspan=\"42\"><span>Analogique<\/span><\/td>\n<\/tr>\n<tr>\n<td colspan=\"18\"><span>Mat\u00e9riau du bo\u00eetier<\/span><\/td>\n<td colspan=\"42\"><span>PC + ABS<\/span><\/td>\n<\/tr>\n<tr>\n<td colspan=\"18\"><span>Apparence Couleur<\/span><\/td>\n<td colspan=\"42\"><span>blanc<\/span><\/td>\n<\/tr>\n<tr>\n<td colspan=\"18\"><span>Mode d&#8217;alimentation<\/span><\/td>\n<td colspan=\"42\"><span>12V CC 2A<\/span><\/td>\n<\/tr>\n<tr>\n<td colspan=\"18\"><span>Source d&#8217;\u00e9nergie<\/span><\/td>\n<td colspan=\"42\"><span>Optionnel<\/span><\/td>\n<\/tr>\n<tr>\n<td colspan=\"18\"><span>Mode d&#8217;installation<\/span><\/td>\n<td colspan=\"42\"><span>Surface<\/span><\/td>\n<\/tr>\n<tr>\n<td colspan=\"18\"><span>Certification<\/span><\/td>\n<td colspan=\"42\"><span>CE FCC<\/span><\/td>\n<\/tr>\n<tr>\n<td colspan=\"18\"><span>Dimensions<\/span><\/td>\n<td colspan=\"42\"><span>220,5 mm \u00d7 153,5 mm \u00d7 26,8 mm (8,68 &#8220;\u00d7 6,04&#8221; \u00d7 1,06 &#8220;)<\/span><\/td>\n<\/tr>\n<tr>\n<td colspan=\"18\"><span>Temp\u00e9rature de fonctionnement<\/span><\/td>\n<td colspan=\"42\"><span>-10\u00a0<\/span><span>\u00b0 C\u00a0<\/span><span>\u00e0 +55\u00a0<\/span><span>\u00b0 C\u00a0<\/span><span>(+14\u00a0<\/span><span>\u00b0 F\u00a0<\/span><span>\u00e0 +131\u00a0<\/span><span>\u00b0 F\u00a0<\/span><span>)<\/span><\/td>\n<\/tr>\n<tr>\n<td colspan=\"18\"><span>humidit\u00e9 d&#8217;exploitation<\/span><\/td>\n<td colspan=\"42\"><span>10% HR \u2013 95% HR<\/span><\/td>\n<\/tr>\n<tr>\n<td colspan=\"18\"><span>Consommation d&#8217;\u00e9nergie<\/span><\/td>\n<td colspan=\"42\"><span>\u22642W (mode veille)<\/span><br \/>\n<span>\u22645W (fonctionnement)<\/span><\/td>\n<\/tr>\n<tr>\n<td colspan=\"18\"><span>Poids net<\/span><\/td>\n<td colspan=\"42\"><span>0,39 kg (0,86 livre)<\/span><\/td>\n<\/tr>\n<\/tbody>\n<\/table>\n<\/div>\n<\/div>\n","protected":false},"excerpt":{"rendered":"<p><span style=\"color: #000000;\"><strong>KIT moniteur int\u00e9rieur 4 fils &#8220;vid\u00e9ophone&#8221;<\/strong><\/span><\/p>\n<ul>\n<li>Dimension de l&#8217;\u00e9cran: 7 pouces<\/li>\n<li>Fonction de moniteur int\u00e9rieur: d\u00e9verrouillage, appel vid\u00e9o, r\u00e9glage du volume et surveillance de la porte<\/li>\n<li>Quantit\u00e9 de station ext\u00e9rieure et de moniteur int\u00e9rieur: 2 stations ext\u00e9rieures + 3 moniteurs int\u00e9rieurs<\/li>\n<li>Sc\u00e9nario applicable: Villa<\/li>\n<\/ul>\n","protected":false},"featured_media":19418,"comment_status":"open","ping_status":"closed","template":"","meta":{"om_disable_all_campaigns":false,"_monsterinsights_skip_tracking":false,"_monsterinsights_sitenote_active":false,"_monsterinsights_sitenote_note":"","_monsterinsights_sitenote_category":0},"product_cat":[555],"product_tag":[],"class_list":{"0":"post-19394","1":"product","2":"type-product","3":"status-publish","4":"has-post-thumbnail","6":"product_cat-videophone","8":"first","9":"instock","10":"shipping-taxable","11":"purchasable","12":"product-type-simple","13":"add-to-wishlist-after_add_to_cart"},"aioseo_notices":[],"_links":{"self":[{"href":"https:\/\/tthcompany.ma\/index.php\/wp-json\/wp\/v2\/product\/19394","targetHints":{"allow":["GET"]}}],"collection":[{"href":"https:\/\/tthcompany.ma\/index.php\/wp-json\/wp\/v2\/product"}],"about":[{"href":"https:\/\/tthcompany.ma\/index.php\/wp-json\/wp\/v2\/types\/product"}],"replies":[{"embeddable":true,"href":"https:\/\/tthcompany.ma\/index.php\/wp-json\/wp\/v2\/comments?post=19394"}],"wp:featuredmedia":[{"embeddable":true,"href":"https:\/\/tthcompany.ma\/index.php\/wp-json\/wp\/v2\/media\/19418"}],"wp:attachment":[{"href":"https:\/\/tthcompany.ma\/index.php\/wp-json\/wp\/v2\/media?parent=19394"}],"wp:term":[{"taxonomy":"product_cat","embeddable":true,"href":"https:\/\/tthcompany.ma\/index.php\/wp-json\/wp\/v2\/product_cat?post=19394"},{"taxonomy":"product_tag","embeddable":true,"href":"https:\/\/tthcompany.ma\/index.php\/wp-json\/wp\/v2\/product_tag?post=19394"}],"curies":[{"name":"wp","href":"https:\/\/api.w.org\/{rel}","templated":true}]}}