{"id":19382,"date":"2022-08-17T10:30:25","date_gmt":"2022-08-17T10:30:25","guid":{"rendered":"https:\/\/tthcompany.ma\/?post_type=product&#038;p=19382"},"modified":"2022-08-17T10:38:33","modified_gmt":"2022-08-17T10:38:33","slug":"hfw2231tp-zs-s2","status":"publish","type":"product","link":"https:\/\/tthcompany.ma\/index.php\/product\/hfw2231tp-zs-s2\/","title":{"rendered":"HFW2231TP-ZS-S2"},"content":{"rendered":"<table id=\"table001\" class=\"NEW-TABLE TableOverride-1 tab-drag\" style=\"width: 179%;\">\n<tbody>\n<tr>\n<td style=\"width: 341.757%;\" colspan=\"60\">\n<h4>Cam\u00e9ra<\/h4>\n<\/td>\n<\/tr>\n<tr>\n<td style=\"width: 8.04054%;\" colspan=\"18\">Capteur d&#8217;image<\/td>\n<td style=\"width: 333.716%;\" colspan=\"42\">CMOS progressif 1 \/ 2,8 &#8220;2 m\u00e9gapixels<\/td>\n<\/tr>\n<tr>\n<td style=\"width: 8.04054%;\" colspan=\"18\">Pixels efficaces<\/td>\n<td style=\"width: 333.716%;\" colspan=\"42\">1920 (H) \u00d7 1080 (V)<\/td>\n<\/tr>\n<tr>\n<td style=\"width: 8.04054%;\" colspan=\"18\">ROM<\/td>\n<td style=\"width: 333.716%;\" colspan=\"42\">128 Mo<\/td>\n<\/tr>\n<tr>\n<td style=\"width: 8.04054%;\" colspan=\"18\">RAM<\/td>\n<td style=\"width: 333.716%;\" colspan=\"42\">128 Mo<\/td>\n<\/tr>\n<tr>\n<td style=\"width: 8.04054%;\" colspan=\"18\">Syst\u00e8me de num\u00e9risation<\/td>\n<td style=\"width: 333.716%;\" colspan=\"42\">Progressive<\/td>\n<\/tr>\n<tr>\n<td style=\"width: 8.04054%;\" colspan=\"18\">Vitesse d&#8217;obturation \u00e9lectronique<\/td>\n<td style=\"width: 333.716%;\" colspan=\"42\">Auto \/ Manuel 1\/3 s \u2013 1\/100000 s<\/td>\n<\/tr>\n<tr>\n<td style=\"width: 8.04054%;\" colspan=\"18\">Min.\u00a0\u00c9clairage<\/td>\n<td style=\"width: 333.716%;\" colspan=\"42\">0,002 Lux@F1,5<\/td>\n<\/tr>\n<tr>\n<td style=\"width: 8.04054%;\" colspan=\"18\">Distance IR<\/td>\n<td style=\"width: 333.716%;\" colspan=\"42\">60 m (196,85 pieds)<\/td>\n<\/tr>\n<tr>\n<td style=\"width: 8.04054%;\" colspan=\"18\">Contr\u00f4le marche \/ arr\u00eat IR<\/td>\n<td style=\"width: 333.716%;\" colspan=\"42\">Auto \/ Manuel<\/td>\n<\/tr>\n<tr>\n<td style=\"width: 8.04054%;\" colspan=\"18\">Num\u00e9ro des LED IR<\/td>\n<td style=\"width: 333.716%;\" colspan=\"42\">4<\/td>\n<\/tr>\n<tr>\n<td style=\"width: 8.04054%;\" colspan=\"18\">Plage de panoramique \/ inclinaison \/ rotation<\/td>\n<td style=\"width: 333.716%;\" colspan=\"42\">Horizontal: 0 \u00b0 \u2013360 \u00b0<br \/>\nVertical: 0 \u00b0 \u201390 \u00b0<br \/>\nRotation: 0 \u00b0 \u2013360 \u00b0<\/td>\n<\/tr>\n<tr>\n<td style=\"width: 341.757%;\" colspan=\"60\">\n<h4>Lentille<\/h4>\n<\/td>\n<\/tr>\n<tr>\n<td style=\"width: 8.04054%;\" colspan=\"18\">Type de lentille<\/td>\n<td style=\"width: 333.716%;\" colspan=\"42\">Vari-focale motoris\u00e9e<\/td>\n<\/tr>\n<tr>\n<td style=\"width: 8.04054%;\" colspan=\"18\">Type de montage<\/td>\n<td style=\"width: 333.716%;\" colspan=\"42\">\u03c614<\/td>\n<\/tr>\n<tr>\n<td style=\"width: 8.04054%;\" colspan=\"18\">Distance focale<\/td>\n<td style=\"width: 333.716%;\" colspan=\"42\">2,7 mm \u2013 13,5 mm<\/td>\n<\/tr>\n<tr>\n<td style=\"width: 8.04054%;\" colspan=\"18\">Max.\u00a0Ouverture<\/td>\n<td style=\"width: 333.716%;\" colspan=\"42\">F1.5<\/td>\n<\/tr>\n<tr>\n<td style=\"width: 8.04054%;\" colspan=\"18\">Champ de vision<\/td>\n<td style=\"width: 333.716%;\" colspan=\"42\">Horizontal: 109 \u00b0 \u201328 \u00b0<br \/>\nVertical: 57 \u00b0 \u201316 \u00b0<br \/>\nDiagonale: 131 \u00b0 \u201333 \u00b0<\/td>\n<\/tr>\n<tr>\n<td style=\"width: 8.04054%;\" colspan=\"18\">Type d&#8217;iris<\/td>\n<td style=\"width: 333.716%;\" colspan=\"42\">Ouverture fixe<\/td>\n<\/tr>\n<tr>\n<td style=\"width: 8.04054%;\" colspan=\"18\">Distance de mise au point rapproch\u00e9e<\/td>\n<td style=\"width: 333.716%;\" colspan=\"42\">0,8 m \u2013 0,8 m (2,62 pi \u2013 2,62 pi)<\/td>\n<\/tr>\n<tr>\n<td style=\"width: 8.04054%;\" colspan=\"18\" rowspan=\"3\">Distance DORI<\/td>\n<td style=\"width: 21.8919%;\" colspan=\"8\">Lentille<\/td>\n<td style=\"width: 38.7162%;\" colspan=\"8\">D\u00e9tecter<\/td>\n<td style=\"width: 69.9324%;\" colspan=\"8\">Observer<\/td>\n<td style=\"width: 123.784%;\" colspan=\"8\">Reconna\u00eetre<\/td>\n<td style=\"width: 79.3919%;\" colspan=\"10\">Identifier<\/td>\n<\/tr>\n<tr>\n<td style=\"width: 21.8919%;\" colspan=\"8\">W<\/td>\n<td style=\"width: 38.7162%;\" colspan=\"8\">44,1 m<\/p>\n<p>(144,69 pi)<\/td>\n<td style=\"width: 69.9324%;\" colspan=\"8\">17,6 m<\/p>\n<p>(57,74 pi)<\/td>\n<td style=\"width: 123.784%;\" colspan=\"8\">8,8 m<\/p>\n<p>(28,87 pi)<\/td>\n<td style=\"width: 79.3919%;\" colspan=\"10\">4,4 m<\/p>\n<p>(14,44 pi)<\/td>\n<\/tr>\n<tr>\n<td style=\"width: 21.8919%;\" colspan=\"8\">T<\/td>\n<td style=\"width: 38.7162%;\" colspan=\"8\">151,7 m\u00e8tres<\/p>\n<p>(497,70 pi)<\/td>\n<td style=\"width: 69.9324%;\" colspan=\"8\">60,6 m<\/p>\n<p>(198,82 pi)<\/td>\n<td style=\"width: 123.784%;\" colspan=\"8\">30,3 m<\/p>\n<p>(99,41 pieds)<\/td>\n<td style=\"width: 79.3919%;\" colspan=\"10\">15,1 m<\/p>\n<p>(49,65 pi)<\/td>\n<\/tr>\n<tr>\n<td style=\"width: 341.757%;\" colspan=\"60\">\n<h4>\u00c9v\u00e9nement intelligent<\/h4>\n<\/td>\n<\/tr>\n<tr>\n<td style=\"width: 8.04054%;\" colspan=\"18\">Analyse IVS g\u00e9n\u00e9rale<\/td>\n<td style=\"width: 333.716%;\" colspan=\"42\">Intrusion;\u00a0fil de voyage<\/td>\n<\/tr>\n<tr>\n<td style=\"width: 341.757%;\" colspan=\"60\">Vid\u00e9o<\/td>\n<\/tr>\n<tr>\n<td style=\"width: 8.04054%;\" colspan=\"18\">Compression de vid\u00e9o<\/td>\n<td style=\"width: 333.716%;\" colspan=\"42\">H.265;\u00a0H.264;\u00a0H.264B;\u00a0MJPEG<\/td>\n<\/tr>\n<tr>\n<td style=\"width: 8.04054%;\" colspan=\"18\">Codec intelligent<\/td>\n<td style=\"width: 333.716%;\" colspan=\"42\">H.264: Oui<br \/>\nH.265: Oui<\/td>\n<\/tr>\n<tr>\n<td style=\"width: 8.04054%;\" colspan=\"18\">Frame rate vid\u00e9o<\/td>\n<td style=\"width: 333.716%;\" colspan=\"42\">Courant dominant:<\/p>\n<p>1920 \u00d7 1080 (1 fps-25\/30 fps)<\/p>\n<p>Sous-flux:<\/p>\n<p>704 \u00d7 576 (1 ips-25 ips)<\/p>\n<p>704 \u00d7 480 (1 ips-30 ips)<\/td>\n<\/tr>\n<tr>\n<td style=\"width: 8.04054%;\" colspan=\"18\">Capacit\u00e9 de flux<\/td>\n<td style=\"width: 333.716%;\" colspan=\"42\">2 flux<\/td>\n<\/tr>\n<tr>\n<td style=\"width: 8.04054%;\" colspan=\"18\">R\u00e9solution<\/td>\n<td style=\"width: 333.716%;\" colspan=\"42\">1080p (1920 \u00d7 1080);\u00a01,3 M (1 280 \u00d7 960);\u00a0720p (1280 \u00d7 720);\u00a0D1 (704 \u00d7 576\/704 \u00d7 480);\u00a0VGA (640 \u00d7 480);\u00a0CIF (352 \u00d7 288\/352 \u00d7 240)<\/td>\n<\/tr>\n<tr>\n<td style=\"width: 8.04054%;\" colspan=\"18\">Contr\u00f4le du d\u00e9bit binaire<\/td>\n<td style=\"width: 333.716%;\" colspan=\"42\">CBR \/ VBR<\/td>\n<\/tr>\n<tr>\n<td style=\"width: 8.04054%;\" colspan=\"18\">Bitrate vid\u00e9o<\/td>\n<td style=\"width: 333.716%;\" colspan=\"42\">H.264: 32 Kbps \u00e0 6144 Kbps<br \/>\nH.265: 12 Kbps \u00e0 6144 Kbps<\/td>\n<\/tr>\n<tr>\n<td style=\"width: 8.04054%;\" colspan=\"18\">Jour Nuit<\/td>\n<td style=\"width: 333.716%;\" colspan=\"42\">Auto (ICR) \/ Couleur \/ N \/ B<\/td>\n<\/tr>\n<tr>\n<td style=\"width: 8.04054%;\" colspan=\"18\">BLC<\/td>\n<td style=\"width: 333.716%;\" colspan=\"42\">Oui<\/td>\n<\/tr>\n<tr>\n<td style=\"width: 8.04054%;\" colspan=\"18\">HLC<\/td>\n<td style=\"width: 333.716%;\" colspan=\"42\">Oui<\/td>\n<\/tr>\n<tr>\n<td style=\"width: 8.04054%;\" colspan=\"18\">WDR<\/td>\n<td style=\"width: 333.716%;\" colspan=\"42\">120 dB<\/td>\n<\/tr>\n<tr>\n<td style=\"width: 8.04054%;\" colspan=\"18\">Balance des blancs<\/td>\n<td style=\"width: 333.716%;\" colspan=\"42\">Auto \/ naturel \/ lampadaire \/ ext\u00e9rieur \/ manuel \/ personnalis\u00e9 r\u00e9gional<\/td>\n<\/tr>\n<tr>\n<td style=\"width: 8.04054%;\" colspan=\"18\">Prendre le contr\u00f4le<\/td>\n<td style=\"width: 333.716%;\" colspan=\"42\">Auto \/ Manuel<\/td>\n<\/tr>\n<tr>\n<td style=\"width: 8.04054%;\" colspan=\"18\">R\u00e9duction de bruit<\/td>\n<td style=\"width: 333.716%;\" colspan=\"42\">DNR 3D<\/td>\n<\/tr>\n<tr>\n<td style=\"width: 8.04054%;\" colspan=\"18\">D\u00e9tection de mouvement<\/td>\n<td style=\"width: 333.716%;\" colspan=\"42\">OFF \/ ON (4 zones, rectangulaire)<\/td>\n<\/tr>\n<tr>\n<td style=\"width: 8.04054%;\" colspan=\"18\">R\u00e9gion d&#8217;int\u00e9r\u00eat (RoI)<\/td>\n<td style=\"width: 333.716%;\" colspan=\"42\">Oui (4 zones)<\/td>\n<\/tr>\n<tr>\n<td style=\"width: 8.04054%;\" colspan=\"18\">IR intelligent<\/td>\n<td style=\"width: 333.716%;\" colspan=\"42\">Oui<\/td>\n<\/tr>\n<tr>\n<td style=\"width: 8.04054%;\" colspan=\"18\">Rotation d&#8217;image<\/td>\n<td style=\"width: 333.716%;\" colspan=\"42\">0 \u00b0 \/ 90 \u00b0 \/ 180 \u00b0 \/ 270 \u00b0 (prend en charge 90 \u00b0 \/ 270 \u00b0 avec une r\u00e9solution de 1080p.)<\/td>\n<\/tr>\n<tr>\n<td style=\"width: 8.04054%;\" colspan=\"18\">Miroir<\/td>\n<td style=\"width: 333.716%;\" colspan=\"42\">Oui<\/td>\n<\/tr>\n<tr>\n<td style=\"width: 8.04054%;\" colspan=\"18\">Masquage de confidentialit\u00e9<\/td>\n<td style=\"width: 333.716%;\" colspan=\"42\">4 zones<\/td>\n<\/tr>\n<tr>\n<td style=\"width: 341.757%;\" colspan=\"60\">\n<h4>R\u00e9seau<\/h4>\n<\/td>\n<\/tr>\n<tr>\n<td style=\"width: 8.04054%;\" colspan=\"18\">R\u00e9seau<\/td>\n<td style=\"width: 333.716%;\" colspan=\"42\">RJ-45 (10\/100 Base-T)<\/td>\n<\/tr>\n<tr>\n<td style=\"width: 8.04054%;\" colspan=\"18\">Protocole<\/td>\n<td style=\"width: 333.716%;\" colspan=\"42\">IPv4;\u00a0IPv6;\u00a0HTTP;\u00a0HTTPS;\u00a0TCP;\u00a0UDP;\u00a0ARP;\u00a0RTP;\u00a0RTSP;\u00a0RTCP;\u00a0RTMP;\u00a0SMTP;\u00a0FTP;\u00a0SFTP;\u00a0DHCP;\u00a0DNS;\u00a0DDNS;\u00a0QoS;\u00a0UPnP;\u00a0NTP;\u00a0Multidiffusion;\u00a0ICMP;\u00a0IGMP;\u00a0NFS;\u00a0PPPoE;\u00a0802.1x;\u00a0Bonjour<\/td>\n<\/tr>\n<tr>\n<td style=\"width: 8.04054%;\" colspan=\"18\">Interop\u00e9rabilit\u00e9<\/td>\n<td style=\"width: 333.716%;\" colspan=\"42\">ONVIF (Profil S \/ Profil G); CGI; P2P; Milestone; Genetec<\/td>\n<\/tr>\n<tr>\n<td style=\"width: 8.04054%;\" colspan=\"18\">Utilisateur \/ h\u00f4te<\/td>\n<td style=\"width: 333.716%;\" colspan=\"42\">20<\/td>\n<\/tr>\n<tr>\n<td style=\"width: 8.04054%;\" colspan=\"18\">Stockage Edge<\/td>\n<td style=\"width: 333.716%;\" colspan=\"42\">Nuage;\u00a0FTP;\u00a0SFTP;\u00a0Carte Micro SD (prise en charge max. 256 Go);\u00a0NAS<\/td>\n<\/tr>\n<tr>\n<td style=\"width: 8.04054%;\" colspan=\"18\">Navigateur<\/td>\n<td style=\"width: 333.716%;\" colspan=\"42\">IE<br \/>\nChrome<br \/>\nFirefox<\/td>\n<\/tr>\n<tr>\n<td style=\"width: 8.04054%;\" colspan=\"18\">Logiciel de gestion<\/td>\n<td style=\"width: 333.716%;\" colspan=\"42\">Smart PSS;\u00a0DSS;\u00a0DMSS<\/td>\n<\/tr>\n<tr>\n<td style=\"width: 8.04054%;\" colspan=\"18\">T\u00e9l\u00e9phone portable<\/td>\n<td style=\"width: 333.716%;\" colspan=\"42\">IOS;\u00a0Android<\/td>\n<\/tr>\n<tr>\n<td style=\"width: 341.757%;\" colspan=\"60\">\n<h4>Certification<\/h4>\n<\/td>\n<\/tr>\n<tr>\n<td style=\"width: 8.04054%;\" colspan=\"18\">Certifications<\/td>\n<td style=\"width: 333.716%;\" colspan=\"42\">CE-LVD: EN60950-1<br \/>\nCE-EMC: Directive de compatibilit\u00e9 \u00e9lectromagn\u00e9tique\u00a02014\/30\u00a0\/ EU<br \/>\nFCC: 47 CFR FCC Part 15, Subpart B<br \/>\nUL \/ CUL: UL60950-1 CAN \/ CSA C22.2 No.60950-1-07<\/td>\n<\/tr>\n<tr>\n<td style=\"width: 341.757%;\" colspan=\"60\">\n<h4>Puissance<\/h4>\n<\/td>\n<\/tr>\n<tr>\n<td style=\"width: 8.04054%;\" colspan=\"18\">Source de courant<\/td>\n<td style=\"width: 333.716%;\" colspan=\"42\">12 V CC \/ PoE (802.3af)<\/td>\n<\/tr>\n<tr>\n<td style=\"width: 8.04054%;\" colspan=\"18\">Consommation d&#8217;\u00e9nergie<\/td>\n<td style=\"width: 333.716%;\" colspan=\"42\">&lt;9,6 W<\/td>\n<\/tr>\n<tr>\n<td style=\"width: 341.757%;\" colspan=\"60\">\n<h4>Environnement<\/h4>\n<\/td>\n<\/tr>\n<tr>\n<td style=\"width: 8.04054%;\" colspan=\"18\">Des conditions de fonctionnement<\/td>\n<td style=\"width: 333.716%;\" colspan=\"42\">-30 \u00b0 C \u00e0 + 60 \u00b0 C (-22 \u00b0 F \u00e0 + 140 \u00b0 F) \/ moins de \u2264 95%<\/td>\n<\/tr>\n<tr>\n<td style=\"width: 8.04054%;\" colspan=\"18\">Temp\u00e9rature de stockage<\/td>\n<td style=\"width: 333.716%;\" colspan=\"42\">-40 \u00b0 C \u00e0 + 60 \u00b0 C (-40 \u00b0 F \u00e0 + 140 \u00b0 F)<\/td>\n<\/tr>\n<tr>\n<td style=\"width: 8.04054%;\" colspan=\"18\">protection<\/td>\n<td style=\"width: 333.716%;\" colspan=\"42\">IP67; IK10 (en option)<\/td>\n<\/tr>\n<tr>\n<td style=\"width: 341.757%;\" colspan=\"60\">\n<h4>Structure<\/h4>\n<\/td>\n<\/tr>\n<tr>\n<td style=\"width: 8.04054%;\" colspan=\"18\">Enveloppe<\/td>\n<td style=\"width: 333.716%;\" colspan=\"42\">M\u00e9tal<\/td>\n<\/tr>\n<tr>\n<td style=\"width: 8.04054%;\" colspan=\"18\">Dimensions<\/td>\n<td style=\"width: 333.716%;\" colspan=\"42\">\u03a6244,1 mm \u00d7 90,4 mm (\u03a69,61 &#8220;\u00d7 3,26&#8221;)<\/td>\n<\/tr>\n<tr>\n<td style=\"width: 8.04054%;\" colspan=\"18\">Poids net<\/td>\n<td style=\"width: 333.716%;\" colspan=\"42\">0,86 kg (1,90 livre)<\/td>\n<\/tr>\n<tr>\n<td style=\"width: 8.04054%;\" colspan=\"18\">Poids brut<\/td>\n<td style=\"width: 333.716%;\" colspan=\"42\">1,10 kg (2,43 livres)<\/td>\n<\/tr>\n<\/tbody>\n<\/table>\n","protected":false},"excerpt":{"rendered":"<p class=\"text\" data-v-2aedf454=\"\" data-gtm-vis-has-fired-10552706_181=\"1\" data-gtm-vis-has-fired-10552706_195=\"1\" data-gtm-vis-first-on-screen-10552706_192=\"238896\" data-gtm-vis-first-on-screen-10552706_184=\"238907\" data-gtm-vis-first-on-screen-10552706_194=\"238908\" data-gtm-vis-first-on-screen-10552706_217=\"238909\" data-gtm-vis-first-on-screen-10552706_196=\"238910\" data-gtm-vis-first-on-screen-10552706_193=\"238911\" data-gtm-vis-recent-on-screen-10552706_192=\"239399\" data-gtm-vis-total-visible-time-10552706_192=\"100\" data-gtm-vis-has-fired-10552706_192=\"1\" data-gtm-vis-recent-on-screen-10552706_184=\"239400\" data-gtm-vis-total-visible-time-10552706_184=\"100\" data-gtm-vis-has-fired-10552706_184=\"1\" data-gtm-vis-recent-on-screen-10552706_194=\"239401\" data-gtm-vis-total-visible-time-10552706_194=\"100\" data-gtm-vis-has-fired-10552706_194=\"1\" data-gtm-vis-recent-on-screen-10552706_217=\"239402\" data-gtm-vis-total-visible-time-10552706_217=\"100\" data-gtm-vis-has-fired-10552706_217=\"1\" data-gtm-vis-recent-on-screen-10552706_196=\"239402\" data-gtm-vis-total-visible-time-10552706_196=\"100\" data-gtm-vis-has-fired-10552706_196=\"1\" data-gtm-vis-recent-on-screen-10552706_193=\"239417\" data-gtm-vis-total-visible-time-10552706_193=\"100\" data-gtm-vis-has-fired-10552706_193=\"1\"><span style=\"color: #000000;\"><strong>Cam\u00e9ra Dahua IP Bullet r\u00e9seau IR 2MP WDR<\/strong><\/span><\/p>\n<div data-v-2aedf454=\"\">\n<ul>\n<li>2MP, capteur d&#8217;image CMOS 1 \/ 2,8 \u201d, faible \u00e9clairement, haute d\u00e9finition d&#8217;image<\/li>\n<li>Sorties 2MP (1920 \u00d7 1080) \u00e0 25\/30 fps<\/li>\n<li>Codec H.265, taux de compression \u00e9lev\u00e9, d\u00e9bit binaire ultra-bas<\/li>\n<li>LED IR int\u00e9gr\u00e9e, distance IR maximale: 60 m<\/li>\n<li>ROI, SMART H.264 \/ H.265, codage flexible, applicable \u00e0 divers environnements de bande passante et de stockage<\/li>\n<li>Mode de rotation, WDR, 3D DNR, HLC, BLC, filigrane num\u00e9rique, applicable \u00e0 diverses sc\u00e8nes de surveillance<\/li>\n<li>D\u00e9tection intelligente: intrusion, tripwire<\/li>\n<li>D\u00e9tection d&#8217;anomalies: d\u00e9tection de mouvement, sabotage vid\u00e9o, pas de carte SD, carte SD pleine, erreur de carte SD, r\u00e9seau d\u00e9connect\u00e9, conflit IP, acc\u00e8s ill\u00e9gal, d\u00e9tection de tension<\/li>\n<li>Prend en charge max. Carte Micro SD de 256 Go<\/li>\n<li>Prise en charge de l&#8217;alimentation 12V DC \/ PoE<\/li>\n<li>Protection IP67, protection IK10 (en option)<\/li>\n<\/ul>\n<\/div>\n","protected":false},"featured_media":19011,"comment_status":"open","ping_status":"closed","template":"","meta":{"om_disable_all_campaigns":false,"_monsterinsights_skip_tracking":false,"_monsterinsights_sitenote_active":false,"_monsterinsights_sitenote_note":"","_monsterinsights_sitenote_category":0},"product_cat":[446,304,303,302,447,445],"product_tag":[],"class_list":{"0":"post-19382","1":"product","2":"type-product","3":"status-publish","4":"has-post-thumbnail","6":"product_cat-2mp-zoom","7":"product_cat-camera-fixe","8":"product_cat-cameras-ip","9":"product_cat-produits-ip","10":"product_cat-serie-lite-2mp-zoom","11":"product_cat-zoom-cameras-ip","13":"first","14":"instock","15":"shipping-taxable","16":"purchasable","17":"product-type-simple","18":"add-to-wishlist-after_add_to_cart"},"aioseo_notices":[],"_links":{"self":[{"href":"https:\/\/tthcompany.ma\/index.php\/wp-json\/wp\/v2\/product\/19382","targetHints":{"allow":["GET"]}}],"collection":[{"href":"https:\/\/tthcompany.ma\/index.php\/wp-json\/wp\/v2\/product"}],"about":[{"href":"https:\/\/tthcompany.ma\/index.php\/wp-json\/wp\/v2\/types\/product"}],"replies":[{"embeddable":true,"href":"https:\/\/tthcompany.ma\/index.php\/wp-json\/wp\/v2\/comments?post=19382"}],"wp:featuredmedia":[{"embeddable":true,"href":"https:\/\/tthcompany.ma\/index.php\/wp-json\/wp\/v2\/media\/19011"}],"wp:attachment":[{"href":"https:\/\/tthcompany.ma\/index.php\/wp-json\/wp\/v2\/media?parent=19382"}],"wp:term":[{"taxonomy":"product_cat","embeddable":true,"href":"https:\/\/tthcompany.ma\/index.php\/wp-json\/wp\/v2\/product_cat?post=19382"},{"taxonomy":"product_tag","embeddable":true,"href":"https:\/\/tthcompany.ma\/index.php\/wp-json\/wp\/v2\/product_tag?post=19382"}],"curies":[{"name":"wp","href":"https:\/\/api.w.org\/{rel}","templated":true}]}}