{"id":19379,"date":"2022-08-17T10:30:24","date_gmt":"2022-08-17T10:30:24","guid":{"rendered":"https:\/\/tthcompany.ma\/?post_type=product&#038;p=19379"},"modified":"2025-05-24T21:57:35","modified_gmt":"2025-05-24T21:57:35","slug":"nvr616r-128-4ks2","status":"publish","type":"product","link":"https:\/\/tthcompany.ma\/index.php\/product\/nvr616r-128-4ks2\/","title":{"rendered":"NVR616R-128-4KS2"},"content":{"rendered":"<p class=\"title\">NVR616R-128-4KS2\u00a0Enregistreur vid\u00e9o r\u00e9seau ultra 4K H.265 64\/128 canaux<\/p>\n<div id=\"div_left\">\n<div class=\"div-drop\">\n<table id=\"table001\" class=\"NEW-TABLE TableOverride-1 tab-drag\" style=\"width: 100%;\">\n<tbody>\n<tr>\n<td style=\"width: 31.9226%;\" colspan=\"60\">\n<h2><span style=\"font-size: 14pt;\">Syst\u00e8me<\/span><\/h2>\n<\/td>\n<\/tr>\n<tr>\n<td style=\"width: 15.3567%;\" colspan=\"18\">Processeur principal<\/td>\n<td style=\"width: 16.5659%;\" colspan=\"42\">Processeur Intel Quad-Core<\/td>\n<\/tr>\n<tr>\n<td style=\"width: 15.3567%;\" colspan=\"18\">Syst\u00e8me op\u00e9rateur<\/td>\n<td style=\"width: 16.5659%;\" colspan=\"42\">LINUX int\u00e9gr\u00e9<\/td>\n<\/tr>\n<tr>\n<td style=\"width: 31.9226%;\" colspan=\"60\">\n<h2><span style=\"font-size: 14pt;\">Audio et vid\u00e9o<\/span><\/h2>\n<\/td>\n<\/tr>\n<tr>\n<td style=\"width: 15.3567%;\" colspan=\"18\">Entr\u00e9e de cam\u00e9ra IP<\/td>\n<td style=\"width: 16.5659%;\" colspan=\"42\">64\/128 Channel<\/td>\n<\/tr>\n<tr>\n<td style=\"width: 15.3567%;\" colspan=\"18\">Conversation \u00e0 double sens<\/td>\n<td style=\"width: 16.5659%;\" colspan=\"42\">Entr\u00e9e 1 canal, sortie 1 canal, RCA<\/td>\n<\/tr>\n<tr>\n<td style=\"width: 31.9226%;\" colspan=\"60\">\n<h2><span style=\"font-size: 14pt;\">Afficher<\/span><\/h2>\n<\/td>\n<\/tr>\n<tr>\n<td style=\"width: 15.3567%;\" colspan=\"18\">Interface<\/td>\n<td style=\"width: 16.5659%;\" colspan=\"42\">2 HDMI (jusqu&#8217;\u00e0 3 840 x 2 160, source diff\u00e9rente),<\/p>\n<p>1 VGA<\/td>\n<\/tr>\n<tr>\n<td style=\"width: 15.3567%;\" colspan=\"18\">R\u00e9solution<\/td>\n<td style=\"width: 16.5659%;\" colspan=\"42\">3840 \u00d7 2160, 1920 \u00d7 1080, 1280 \u00d7 1024,<\/p>\n<p>1280 \u00d7 720, 1024 \u00d7 768<\/td>\n<\/tr>\n<tr>\n<td style=\"width: 15.3567%;\" colspan=\"18\">Affichage\u00a0multi-\u00e9crans<\/td>\n<td style=\"width: 16.5659%;\" colspan=\"42\">1er \u00e9cran: 1\/4\/8\/9\/16\/25\/36<\/p>\n<p>2\u00e8me \u00e9cran: 1\/4\/8\/9\/16<\/td>\n<\/tr>\n<tr>\n<td style=\"width: 15.3567%;\" colspan=\"18\">OSD<\/td>\n<td style=\"width: 16.5659%;\" colspan=\"42\">Titre de la cam\u00e9ra, Heure, Perte de la vid\u00e9o, Verrou de la cam\u00e9ra, D\u00e9tection de mouvement, Enregistrement<\/td>\n<\/tr>\n<tr>\n<td style=\"width: 31.9226%;\" colspan=\"60\">\n<h2><span style=\"font-size: 14pt;\">Enregistrement<\/span><\/h2>\n<\/td>\n<\/tr>\n<tr>\n<td style=\"width: 15.3567%;\" colspan=\"18\">Compression<\/td>\n<td style=\"width: 16.5659%;\" colspan=\"42\">H.265 \/ H.264 \/ MJPEG<\/td>\n<\/tr>\n<tr>\n<td style=\"width: 15.3567%;\" colspan=\"18\">R\u00e9solution<\/td>\n<td style=\"width: 16.5659%;\" colspan=\"42\">12MP, 8MP, 6MP, 5MP, 4MP, 3MP, 1080P, 1.3MP, 720P etc.<\/td>\n<\/tr>\n<tr>\n<td style=\"width: 15.3567%;\" colspan=\"18\">Taux d&#8217;enregistrement<\/td>\n<td style=\"width: 16.5659%;\" colspan=\"42\">384Mbps<\/td>\n<\/tr>\n<tr>\n<td style=\"width: 15.3567%;\" colspan=\"18\">D\u00e9bit binaire<\/td>\n<td style=\"width: 16.5659%;\" colspan=\"42\">16Kbps ~ 20Mbps par canal<\/td>\n<\/tr>\n<tr>\n<td style=\"width: 15.3567%;\" colspan=\"18\">Mode d&#8217;enregistrement<\/td>\n<td style=\"width: 16.5659%;\" colspan=\"42\">Manuel, horaire (normal, MD (d\u00e9tection de mouvement), alarme, IVS), vacances, arr\u00eat<\/td>\n<\/tr>\n<tr>\n<td style=\"width: 15.3567%;\" colspan=\"18\">Record Interval<\/td>\n<td style=\"width: 16.5659%;\" colspan=\"42\">1 ~ 120 min (par d\u00e9faut: 60 min), pr\u00e9-enregistrement: 1 ~ 30 sec, post-enregistrement: 10 ~ 300 sec<\/td>\n<\/tr>\n<tr>\n<td style=\"width: 31.9226%;\" colspan=\"60\">\n<h2><span style=\"font-size: 14pt;\">D\u00e9tection vid\u00e9o et alarme<\/span><\/h2>\n<\/td>\n<\/tr>\n<tr>\n<td style=\"width: 15.3567%;\" colspan=\"18\">\u00c9v\u00e9nements d\u00e9clencheurs<\/td>\n<td style=\"width: 16.5659%;\" colspan=\"42\">Enregistrement, PTZ, Visite guid\u00e9e, Sortie d&#8217;alarme, Push vid\u00e9o, Email, FTP, Capture d&#8217;\u00e9cran, Sonnerie et Conseils<\/td>\n<\/tr>\n<tr>\n<td style=\"width: 15.3567%;\" colspan=\"18\">D\u00e9tection vid\u00e9o<\/td>\n<td style=\"width: 16.5659%;\" colspan=\"42\">D\u00e9tection de mouvement, zones MD: 396 (22 \u00d7 18), perte vid\u00e9o et alt\u00e9ration<\/td>\n<\/tr>\n<tr>\n<td style=\"width: 15.3567%;\" colspan=\"18\">Entr\u00e9e d&#8217;alarme<\/td>\n<td style=\"width: 16.5659%;\" colspan=\"42\">16 canaux, bas niveau efficace, interface de terminal verte<\/td>\n<\/tr>\n<tr>\n<td style=\"width: 15.3567%;\" colspan=\"18\">Sortie relais<\/td>\n<td style=\"width: 16.5659%;\" colspan=\"42\">8 canaux, NO \/ NC programmable, interface de terminal verte<\/td>\n<\/tr>\n<tr>\n<td style=\"width: 15.3567%;\" colspan=\"18\">Suivi de l&#8217;\u00e9v\u00e9nement d\u00e9clencheur<\/td>\n<td style=\"width: 16.5659%;\" colspan=\"42\">Zoom, suivi, enregistrement, pr\u00e9r\u00e9glage, instantan\u00e9, alarme, etc.<\/td>\n<\/tr>\n<tr>\n<td style=\"width: 31.9226%;\" colspan=\"60\">\n<h2><span style=\"font-size: 14pt;\">Lire et sauvegarde<\/span><\/h2>\n<\/td>\n<\/tr>\n<tr>\n<td style=\"width: 15.3567%;\" colspan=\"18\">Lecture<\/td>\n<td style=\"width: 16.5659%;\" colspan=\"42\">128 Mbps en mode Raid 5;<\/p>\n<p>64 Mbps en mode disque dur unique<\/td>\n<\/tr>\n<tr>\n<td style=\"width: 15.3567%;\" colspan=\"18\">Mode de recherche<\/td>\n<td style=\"width: 16.5659%;\" colspan=\"42\">Heure \/ Date, Alarme, MD et Recherche Exacte (pr\u00e9cision \u00e0 la seconde)<\/td>\n<\/tr>\n<tr>\n<td style=\"width: 15.3567%;\" colspan=\"18\">Fonction de lecture<\/td>\n<td style=\"width: 16.5659%;\" colspan=\"42\">Lecture, Pause, Arr\u00eater, Rembobiner, Lecture rapide, Lecture lente, Fichier suivant, Fichier pr\u00e9c\u00e9dent, Appareil photo suivant, Appareil photo pr\u00e9c\u00e9dent, Plein \u00e9cran, R\u00e9p\u00e9ter, Al\u00e9atoire, S\u00e9lection en cours, Zoom num\u00e9rique<\/td>\n<\/tr>\n<tr>\n<td style=\"width: 15.3567%;\" colspan=\"18\">Mode de sauvegarde<\/td>\n<td style=\"width: 16.5659%;\" colspan=\"42\">P\u00e9riph\u00e9rique USB \/ r\u00e9seau \/ p\u00e9riph\u00e9rique eSATA<\/td>\n<\/tr>\n<tr>\n<td style=\"width: 31.9226%;\" colspan=\"60\">\n<h2><span style=\"font-size: 14pt;\">Assistance tierce<\/span><\/h2>\n<\/td>\n<\/tr>\n<tr>\n<td style=\"width: 15.3567%;\" colspan=\"18\">Assistance tierce<\/td>\n<td style=\"width: 16.5659%;\" colspan=\"42\">Dahua, Arecont Vision, AXIS, Bosch, Brickcom, Canon, CP Plus, Dynacolor, Honeywell, Panasonic, Pelco, Samsung, Sanyo, Sony, Videotec, Vivotek, etc.<\/td>\n<\/tr>\n<\/tbody>\n<\/table>\n<\/div>\n<\/div>\n<div id=\"div_left\">\n<div class=\"div-drop\">\n<table id=\"table002\" class=\"NEW-TABLE TableOverride-1 tab-drag\">\n<tbody>\n<tr>\n<td colspan=\"60\">\n<h2><span style=\"font-size: 14pt;\">R\u00e9seau<\/span><\/h2>\n<\/td>\n<\/tr>\n<tr>\n<td colspan=\"18\">Interface<\/td>\n<td colspan=\"42\">4 ports RJ-45 (10\/100 \/ 1000Mbps)<\/td>\n<\/tr>\n<tr>\n<td colspan=\"18\">Port Ethernet<\/td>\n<td colspan=\"42\">4 ports Ethernet fonctionnant conjointement ou 4 ports Ethernet ind\u00e9pendants \u00e0 1000 Mbps<\/td>\n<\/tr>\n<tr>\n<td colspan=\"18\">PoE<\/td>\n<td colspan=\"42\">N \/ A<\/td>\n<\/tr>\n<tr>\n<td colspan=\"18\">Fonction r\u00e9seau<\/td>\n<td colspan=\"42\">HTTP, HTTPs, TCP \/ IP, IPv4 \/ IPv6, UPnP, RTSP, UDP, SMTP, NTP, DHCP, DNS, Filtre IP, PPPoE, DDNS, FTP, Serveur d\u2019alarmes, Recherche IP (Cam\u00e9ra IP Dahua prise en charge, DVR, NVS, etc.)<\/td>\n<\/tr>\n<tr>\n<td colspan=\"18\">Interface de fibre optique<\/td>\n<td colspan=\"42\">Interface de fibre optique de 2 giga<\/td>\n<\/tr>\n<tr>\n<td colspan=\"18\">Max.\u00a0Acc\u00e8s utilisateur<\/td>\n<td colspan=\"42\">128 utilisateurs<\/td>\n<\/tr>\n<tr>\n<td colspan=\"18\">T\u00e9l\u00e9phone intelligent<\/td>\n<td colspan=\"42\">iPhone, iPad, Android<\/td>\n<\/tr>\n<tr>\n<td colspan=\"18\">L&#8217;interop\u00e9rabilit\u00e9<\/td>\n<td colspan=\"42\">ONVIF 2.4, conforme \u00e0 CGI<\/td>\n<\/tr>\n<tr>\n<td colspan=\"60\">\n<h2><span style=\"font-size: 14pt;\">Espace de rangement<\/span><\/h2>\n<\/td>\n<\/tr>\n<tr>\n<td colspan=\"18\">Disque dur interne<\/td>\n<td colspan=\"42\">16 ports SATA III, jusqu&#8217;\u00e0 8 To de capacit\u00e9 par disque dur<\/td>\n<\/tr>\n<tr>\n<td colspan=\"18\">Mode disque dur<\/td>\n<td colspan=\"42\">Single, Raid 0\/1\/5\/10\u00a0<span lang=\"zh-CN\">(les disques durs de niveau entreprise sont recommand\u00e9s)\u00a0<\/span><span lang=\"zh-CN\">,\u00a0<\/span>Prise en charge du disque de secours global pour disque dur global<\/td>\n<\/tr>\n<tr>\n<td colspan=\"18\">eSATA<\/td>\n<td colspan=\"42\">1 port eSATA (veuillez contacter un ing\u00e9nieur technique pour confirmer le p\u00e9riph\u00e9rique compatible)<\/td>\n<\/tr>\n<tr>\n<td colspan=\"18\">SAS<\/td>\n<td colspan=\"42\">1 mini port SAS, pour une extension de stockage<\/td>\n<\/tr>\n<tr>\n<td colspan=\"60\">\n<h2><span style=\"font-size: 14pt;\">Interface auxiliaire<\/span><\/h2>\n<\/td>\n<\/tr>\n<tr>\n<td colspan=\"18\">Couverture<\/td>\n<td colspan=\"42\">Soutenir Hot-swap<\/td>\n<\/tr>\n<tr>\n<td colspan=\"18\">USB<\/td>\n<td colspan=\"42\">4 ports USB (2 USB 2.0, 2 USB 3.0)<\/td>\n<\/tr>\n<tr>\n<td colspan=\"18\">RS232<\/td>\n<td colspan=\"42\">1 port, pour communication PC et clavier<\/td>\n<\/tr>\n<tr>\n<td colspan=\"18\">RS485<\/td>\n<td colspan=\"42\">1 port, pour contr\u00f4le PTZ<\/td>\n<\/tr>\n<tr>\n<td colspan=\"60\">\n<h2><span style=\"font-size: 14pt;\">\u00c9lectrique<\/span><\/h2>\n<\/td>\n<\/tr>\n<tr>\n<td colspan=\"18\">Source de courant<\/td>\n<td colspan=\"42\">AC100V ~ 240V, 50 ~ 60 Hz, redondant<\/td>\n<\/tr>\n<tr>\n<td colspan=\"18\">Consommation d&#8217;\u00e9nergie<\/td>\n<td colspan=\"42\">&lt;51W (sans disque dur)<\/td>\n<\/tr>\n<tr>\n<td colspan=\"60\">\n<h2><span style=\"font-size: 14pt;\">Environnement<\/span><\/h2>\n<\/td>\n<\/tr>\n<tr>\n<td colspan=\"18\">Des conditions de fonctionnement<\/td>\n<td colspan=\"42\">-10 \u00b0 C ~ + 55 \u00b0 C (86 ~ 106 kpa)<\/td>\n<\/tr>\n<tr>\n<td colspan=\"18\">Conditions de stockage<\/td>\n<td colspan=\"42\">-20 \u00b0 C ~ + 70 \u00b0 C (0 ~ 90% HR)<\/td>\n<\/tr>\n<tr>\n<td colspan=\"60\">\n<h2><span style=\"font-size: 14pt;\">Construction<\/span><\/h2>\n<\/td>\n<\/tr>\n<tr>\n<td colspan=\"18\">Dimensions<\/td>\n<td colspan=\"42\">3U, 485 mm x 512,9 mm x 133,2 mm (19,1 &#8220;x 20,2&#8221; x 5,2 &#8220;)<\/td>\n<\/tr>\n<tr>\n<td colspan=\"18\">Poids net<\/td>\n<td colspan=\"42\">19,1 kg (42,1 lb) (sans disque dur)<\/td>\n<\/tr>\n<tr>\n<td colspan=\"18\">Poids brut<\/td>\n<td colspan=\"42\">28,5 kg (62,8 lb)<\/td>\n<\/tr>\n<tr>\n<td colspan=\"18\">Installation<\/td>\n<td colspan=\"42\">Support mont\u00e9<\/td>\n<\/tr>\n<tr>\n<td colspan=\"60\">\n<h2><span style=\"font-size: 14pt;\">Certifications<\/span><\/h2>\n<\/td>\n<\/tr>\n<tr>\n<td colspan=\"18\">CE<\/td>\n<td colspan=\"42\">EN55022, EN55024, EN50130-4, EN60950-1<\/td>\n<\/tr>\n<tr>\n<td colspan=\"18\">FCC<\/td>\n<td colspan=\"42\">Partie 15, sous-partie B, ANSI C63.4-2014<\/td>\n<\/tr>\n<tr>\n<td colspan=\"18\">UL<\/td>\n<td colspan=\"42\">UL 60950-1 et CAN \/ CSA C22.2 No.60950-1<\/td>\n<\/tr>\n<\/tbody>\n<\/table>\n<\/div>\n<\/div>\n","protected":false},"excerpt":{"rendered":"<h1 class=\"title\"><span style=\"color: #000000;\"><strong><span style=\"font-size: 10pt; font-family: georgia, palatino, serif;\">NVR Dahua ultra 4K &#8211; Enregistreur vid\u00e9o r\u00e9seau H.265 64\/128 canaux<\/span><\/strong><\/span><\/h1>\n<ul>\n<li>Processeur Intel<\/li>\n<li>Entr\u00e9es de cam\u00e9ra IP<br \/>\nmax. 64\/128<\/li>\n<li>Largeur de bande entrante maximale de 384 Mbits \/ s\u00a0&gt;<\/li>\n<li>R\u00e9solution jusqu&#8217;\u00e0 12MP pour la pr\u00e9visualisation et la lecture<\/li>\n<li>Prend en charge RAID 0\/1\/5\/10<\/li>\n<li>iSCSI et Mini SAS pour un espace de stockage \u00e9tendu<\/li>\n<li>Suivi intelligent et vid\u00e9o intelligente<\/li>\n<li>Puissance redondante<\/li>\n<\/ul>\n","protected":false},"featured_media":19407,"comment_status":"open","ping_status":"closed","template":"","meta":{"om_disable_all_campaigns":false,"_monsterinsights_skip_tracking":false,"_monsterinsights_sitenote_active":false,"_monsterinsights_sitenote_note":"","_monsterinsights_sitenote_category":0},"product_cat":[334,496,302],"product_tag":[204,205,260,208,261,262,209,210,263,264,211,228,212,213,189,265,214,229,191,266,193,267,216,268,195,501,218,269,196,270,271,272,197,198,219,199,220,231,273,241,200,274,275,201,276,277,222,278,279,323,280,281,223,282,255,283,284,300,285,257,502,503,1093,286,224,225,287,288,289,226,290,291,292,202],"class_list":{"0":"post-19379","1":"product","2":"type-product","3":"status-publish","4":"has-post-thumbnail","6":"product_cat-nvr-dahua","7":"product_cat-nvr-serie-ultra","8":"product_cat-produits-ip","9":"product_tag-afrique-du-sud","10":"product_tag-alarme","11":"product_tag-camera-de-surveillance-tanger","12":"product_tag-camera-ip","13":"product_tag-camera-ip-dahua","14":"product_tag-camera-maroc","15":"product_tag-camera-surveillance","16":"product_tag-camera-surveillance-afrique","17":"product_tag-camera-surveillance-avec-un-bon-prix","18":"product_tag-camera-surveillance-casablanca","19":"product_tag-camera-surveillance-dahua","20":"product_tag-camera-surveillance-maroc","21":"product_tag-camera-surveillance-tanger","22":"product_tag-camera-dahua","23":"product_tag-camera-dahua-sd59230t-hn","24":"product_tag-control-dacces-tanger","25":"product_tag-dahua-afrique","26":"product_tag-dahua-agadir","27":"product_tag-dahua-algerie","28":"product_tag-dahua-azrou","29":"product_tag-dahua-casablanca","30":"product_tag-dahua-dakhla","31":"product_tag-dahua-el-jadida","32":"product_tag-dahua-errachidia","33":"product_tag-dahua-fes","34":"product_tag-dahua-guelmim","35":"product_tag-dahua-hoceima","36":"product_tag-dahua-ifrane","37":"product_tag-dahua-kenitra","38":"product_tag-dahua-khemisset","39":"product_tag-dahua-khouribga","40":"product_tag-dahua-laayoune","41":"product_tag-dahua-maroc","42":"product_tag-dahua-marrakech","43":"product_tag-dahua-meknas","44":"product_tag-dahua-meknes","45":"product_tag-dahua-nador","46":"product_tag-dahua-nvr","47":"product_tag-dahua-ouarzazate","48":"product_tag-dahua-oujda","49":"product_tag-dahua-rabat","50":"product_tag-dahua-safi","51":"product_tag-dahua-settat","52":"product_tag-dahua-tanger","53":"product_tag-dahua-taroudant","54":"product_tag-dahua-taza","55":"product_tag-dahua-tetouan","56":"product_tag-dahua-tiflet","57":"product_tag-dahua-tiznit","58":"product_tag-dahua-tunisie","59":"product_tag-desenfumage-tanger","60":"product_tag-detection-incendie","61":"product_tag-disque-dur","62":"product_tag-distributeur-dahua","63":"product_tag-hdcvi","64":"product_tag-installation-alarme","65":"product_tag-installations-camera-de-surveillance-maroc","66":"product_tag-maroc","67":"product_tag-moniteur-dimage","68":"product_tag-nvr","69":"product_tag-nvr616r-128-4ks2","70":"product_tag-nvr616r-64-128-4ks2","71":"product_tag-onstuck","72":"product_tag-pack-camera-de-surveillance","73":"product_tag-pack-camera-de-surveillance-dahua","74":"product_tag-pointeuse","75":"product_tag-porte-automatiques","76":"product_tag-portes-coup-feu-tanger","77":"product_tag-skydome-tanger","78":"product_tag-smart-lock","79":"product_tag-sprinkler-tanger","80":"product_tag-travaux-d-incendie-tanger","81":"product_tag-video-surveillance-tanger","82":"product_tag-x-securite","83":"ts_product_brand-dahua","85":"first","86":"instock","87":"shipping-taxable","88":"purchasable","89":"product-type-simple","90":"add-to-wishlist-after_add_to_cart"},"aioseo_notices":[],"_links":{"self":[{"href":"https:\/\/tthcompany.ma\/index.php\/wp-json\/wp\/v2\/product\/19379","targetHints":{"allow":["GET"]}}],"collection":[{"href":"https:\/\/tthcompany.ma\/index.php\/wp-json\/wp\/v2\/product"}],"about":[{"href":"https:\/\/tthcompany.ma\/index.php\/wp-json\/wp\/v2\/types\/product"}],"replies":[{"embeddable":true,"href":"https:\/\/tthcompany.ma\/index.php\/wp-json\/wp\/v2\/comments?post=19379"}],"wp:featuredmedia":[{"embeddable":true,"href":"https:\/\/tthcompany.ma\/index.php\/wp-json\/wp\/v2\/media\/19407"}],"wp:attachment":[{"href":"https:\/\/tthcompany.ma\/index.php\/wp-json\/wp\/v2\/media?parent=19379"}],"wp:term":[{"taxonomy":"product_cat","embeddable":true,"href":"https:\/\/tthcompany.ma\/index.php\/wp-json\/wp\/v2\/product_cat?post=19379"},{"taxonomy":"product_tag","embeddable":true,"href":"https:\/\/tthcompany.ma\/index.php\/wp-json\/wp\/v2\/product_tag?post=19379"}],"curies":[{"name":"wp","href":"https:\/\/api.w.org\/{rel}","templated":true}]}}