{"id":19330,"date":"2022-08-17T10:30:11","date_gmt":"2022-08-17T10:30:11","guid":{"rendered":"https:\/\/tthcompany.ma\/?post_type=product&#038;p=19330"},"modified":"2022-08-17T10:30:15","modified_gmt":"2022-08-17T10:30:15","slug":"nvr616-128-4ks2","status":"publish","type":"product","link":"https:\/\/tthcompany.ma\/index.php\/product\/nvr616-128-4ks2\/","title":{"rendered":"NVR616-128-4KS2"},"content":{"rendered":"<div id=\"div_left\">\n<div class=\"div-drop\">\n<table id=\"table001\" class=\"NEW-TABLE TableOverride-1 tab-drag\">\n<tbody>\n<tr>\n<td colspan=\"60\">\n<h4><span>Syst\u00e8me<\/span><\/h4>\n<\/td>\n<\/tr>\n<tr>\n<td colspan=\"18\"><span>Processeur principal<\/span><\/td>\n<td colspan=\"42\"><span>Processeur Intel Quad-core<\/span><\/td>\n<\/tr>\n<tr>\n<td colspan=\"18\"><span>Syst\u00e8me op\u00e9rateur<\/span><\/td>\n<td colspan=\"42\"><span>LINUX int\u00e9gr\u00e9<\/span><\/td>\n<\/tr>\n<tr>\n<td colspan=\"60\">\n<h4><span>Audio et vid\u00e9o<\/span><\/h4>\n<\/td>\n<\/tr>\n<tr>\n<td colspan=\"18\"><span>Entr\u00e9e de cam\u00e9ra IP<\/span><\/td>\n<td colspan=\"42\"><span>64\/128 canaux<\/span><\/td>\n<\/tr>\n<tr>\n<td colspan=\"18\"><span>Conversation bidirectionnelle<\/span><\/td>\n<td colspan=\"42\"><span>Entr\u00e9e 1 canal, sortie 1 canal, RCA<\/span><\/td>\n<\/tr>\n<tr>\n<td colspan=\"60\">\n<h4><span>Afficher<\/span><\/h4>\n<\/td>\n<\/tr>\n<tr>\n<td colspan=\"18\"><span>Interface<\/span><\/td>\n<td colspan=\"42\"><span>2 HDMI (jusqu&#8217;\u00e0 3840 x 2160, source diff\u00e9rente),<\/span><\/p>\n<p><span>1 VGA<\/span><\/td>\n<\/tr>\n<tr>\n<td colspan=\"18\"><span>R\u00e9solution<\/span><\/td>\n<td colspan=\"42\"><span>3840 \u00d7 2160, 1920 \u00d7 1080, 1280 \u00d7 1024,<\/span><\/p>\n<p><span>1280 \u00d7 720, 1024 \u00d7 768<\/span><\/td>\n<\/tr>\n<tr>\n<td colspan=\"18\"><span>Affichage\u00a0multi-\u00e9cran<\/span><\/td>\n<td colspan=\"42\"><span>1er \u00e9cran: 1\/4\/8\/9\/16\/25\/36<\/span><\/p>\n<p><span>2\u00e8me \u00e9cran: 1\/4\/8\/9\/16<\/span><\/td>\n<\/tr>\n<tr>\n<td colspan=\"18\"><span>OSD<\/span><\/td>\n<td colspan=\"42\"><span>Titre de la cam\u00e9ra, heure, perte vid\u00e9o, verrouillage de la cam\u00e9ra, d\u00e9tection de mouvement, enregistrement<\/span><\/td>\n<\/tr>\n<tr>\n<td colspan=\"60\">\n<h4><span>Enregistrement<\/span><\/h4>\n<\/td>\n<\/tr>\n<tr>\n<td colspan=\"18\"><span>Compression<\/span><\/td>\n<td colspan=\"42\"><span>H.265 \/ H.264 \/ MJPEG<\/span><\/td>\n<\/tr>\n<tr>\n<td colspan=\"18\"><span>R\u00e9solution<\/span><\/td>\n<td colspan=\"42\"><span>12MP, 8MP, 6MP, 5MP, 4MP, 3MP, 1080P, 1,3MP, 720P etc.<\/span><\/td>\n<\/tr>\n<tr>\n<td colspan=\"18\"><span>Taux d&#8217;enregistrement<\/span><\/td>\n<td colspan=\"42\"><span>384 Mbps<\/span><\/td>\n<\/tr>\n<tr>\n<td colspan=\"18\"><span>D\u00e9bit binaire<\/span><\/td>\n<td colspan=\"42\"><span>16 Kbps ~ 20 Mbps par canal<\/span><\/td>\n<\/tr>\n<tr>\n<td colspan=\"18\"><span>Mode d&#8217;enregistrement<\/span><\/td>\n<td colspan=\"42\"><span>Manuel, horaire (r\u00e9gulier, MD (d\u00e9tection de mouvement), alarme, IVS), vacances, arr\u00eat<\/span><\/td>\n<\/tr>\n<tr>\n<td colspan=\"18\"><span>Intervalle d&#8217;enregistrement<\/span><\/td>\n<td colspan=\"42\"><span>1 ~ 120 min (par d\u00e9faut: 60 min), pr\u00e9-enregistrement: 1 ~ 30 sec, post-enregistrement: 10 ~ 300 sec<\/span><\/td>\n<\/tr>\n<tr>\n<td colspan=\"60\">\n<h4><span>D\u00e9tection vid\u00e9o et alarme<\/span><\/h4>\n<\/td>\n<\/tr>\n<tr>\n<td colspan=\"18\"><span>\u00c9v\u00e9nements d\u00e9clencheurs<\/span><\/td>\n<td colspan=\"42\"><span>Enregistrement, PTZ, Tour, Sortie d&#8217;alarme, Push vid\u00e9o, Email, FTP, Snapshot, Buzzer et Conseils d&#8217;\u00e9cran<\/span><\/td>\n<\/tr>\n<tr>\n<td colspan=\"18\"><span>D\u00e9tection vid\u00e9o<\/span><\/td>\n<td colspan=\"42\"><span>D\u00e9tection de mouvement, zones MD: 396 (22 \u00d7 18), perte vid\u00e9o et alt\u00e9ration<\/span><\/td>\n<\/tr>\n<tr>\n<td colspan=\"18\"><span>Entr\u00e9e d&#8217;alarme<\/span><\/td>\n<td colspan=\"42\"><span>Interface de borne verte efficace de bas niveau \u00e0 16 canaux<\/span><\/td>\n<\/tr>\n<tr>\n<td colspan=\"18\"><span>Sortie relais<\/span><\/td>\n<td colspan=\"42\"><span>8 canaux, NO \/ NC programmable, interface de terminal vert<\/span><\/td>\n<\/tr>\n<tr>\n<td colspan=\"18\"><span>\u00c9v\u00e9nement d\u00e9clencheur de suivi<\/span><\/td>\n<td colspan=\"42\"><span>Zoom, suivi, enregistrement, pr\u00e9r\u00e9glage, instantan\u00e9, alarme, etc.<\/span><\/td>\n<\/tr>\n<tr>\n<td colspan=\"60\"><span>Lecture et sauvegarde<\/span><\/td>\n<\/tr>\n<tr>\n<td colspan=\"18\"><span>Relecture<\/span><\/td>\n<td colspan=\"42\"><span>128 Mbps en mode Raid 5;<\/span><\/p>\n<p><span>64 Mbps en mode disque dur unique<\/span><\/td>\n<\/tr>\n<tr>\n<td colspan=\"18\"><span>Mode de recherche<\/span><\/td>\n<td colspan=\"42\"><span>Heure \/ date, alarme, MD et recherche exacte (pr\u00e9cise \u00e0 la seconde)<\/span><\/td>\n<\/tr>\n<tr>\n<td colspan=\"18\"><span>Fonction de lecture<\/span><\/td>\n<td colspan=\"42\"><span>Lecture, pause, arr\u00eat, retour rapide, lecture rapide, lecture lente, fichier suivant, fichier pr\u00e9c\u00e9dent, cam\u00e9ra suivante, cam\u00e9ra pr\u00e9c\u00e9dente, plein \u00e9cran, r\u00e9p\u00e9tition, lecture al\u00e9atoire, s\u00e9lection de sauvegarde, zoom num\u00e9rique<\/span><\/td>\n<\/tr>\n<tr>\n<td colspan=\"18\"><span>Mode de sauvegarde<\/span><\/td>\n<td colspan=\"42\"><span>P\u00e9riph\u00e9rique USB \/ R\u00e9seau \/ P\u00e9riph\u00e9rique eSATA<\/span><\/td>\n<\/tr>\n<tr>\n<td colspan=\"60\">\n<h4><span>Assistance tierce<\/span><\/h4>\n<\/td>\n<\/tr>\n<tr>\n<td colspan=\"18\"><span>Assistance tierce<\/span><\/td>\n<td colspan=\"42\"><span>Arecont Vision, AXIS, Bosch, Brickcom, Canon, CP Plus, Dynacolor, Honeywell, Panasonic, Pelco, Samsung, Sanyo, Sony, Videotec, Vivotek, et plus<\/span><\/td>\n<\/tr>\n<\/tbody>\n<\/table>\n<\/div>\n<\/div>\n<div id=\"div_left\">\n<div class=\"div-drop\">\n<table id=\"table002\" class=\"NEW-TABLE TableOverride-1 tab-drag\">\n<tbody>\n<tr>\n<td colspan=\"60\">\n<h4><span>R\u00e9seau<\/span><\/h4>\n<\/td>\n<\/tr>\n<tr>\n<td colspan=\"18\"><span>Interface<\/span><\/td>\n<td colspan=\"42\"><span>4 ports RJ-45 (10\/100 \/ 1000Mbps)<\/span><\/td>\n<\/tr>\n<tr>\n<td colspan=\"18\"><span>Port Ethernet<\/span><\/td>\n<td colspan=\"42\"><span>4 ports Ethernet fonctionnant en commun ou 4 ports Ethernet ind\u00e9pendants de 1000 Mbps<\/span><\/td>\n<\/tr>\n<tr>\n<td colspan=\"18\"><span>PoE<\/span><\/td>\n<td colspan=\"42\"><span>N \/ A<\/span><\/td>\n<\/tr>\n<tr>\n<td colspan=\"18\"><span>Fonction r\u00e9seau<\/span><\/td>\n<td colspan=\"42\"><span>HTTP, HTTPs, TCP \/ IP, IPv4 \/ IPv6, UPnP, RTSP, UDP, SMTP, NTP, DHCP, DNS, filtre IP, PPPoE, DDNS, FTP, serveur d&#8217;alarme, recherche IP (prise en charge de la cam\u00e9ra IP, DVR, NVS, etc. .)<\/span><\/td>\n<\/tr>\n<tr>\n<td colspan=\"18\"><span>Interface fibre optique<\/span><\/td>\n<td colspan=\"42\"><span>Interface fibre optique 2 Giga<\/span><\/td>\n<\/tr>\n<tr>\n<td colspan=\"18\"><span>Max.\u00a0Acc\u00e8s utilisateur<\/span><\/td>\n<td colspan=\"42\"><span>128 utilisateurs<\/span><\/td>\n<\/tr>\n<tr>\n<td colspan=\"18\"><span>T\u00e9l\u00e9phone intelligent<\/span><\/td>\n<td colspan=\"42\"><span>iPhone, iPad, Android<\/span><\/td>\n<\/tr>\n<tr>\n<td colspan=\"18\"><span>Interop\u00e9rabilit\u00e9<\/span><\/td>\n<td colspan=\"42\"><span>ONVIF 2.4, conforme CGI<\/span><\/td>\n<\/tr>\n<tr>\n<td colspan=\"60\">\n<h4><span>Espace de rangement<\/span><\/h4>\n<\/td>\n<\/tr>\n<tr>\n<td colspan=\"18\"><span>Disque dur interne<\/span><\/td>\n<td colspan=\"42\"><span>16 ports SATA III, jusqu&#8217;\u00e0 8 To de capacit\u00e9 pour chaque disque dur<\/span><\/td>\n<\/tr>\n<tr>\n<td colspan=\"18\"><span>Mode disque dur<\/span><\/td>\n<td colspan=\"42\"><span>Unique, Raid 0\/1\/5\/10\u00a0<\/span><span lang=\"zh-CN\"><span>(les disques durs de niveau entreprise sont recommand\u00e9s)\u00a0<\/span><\/span><span lang=\"zh-CN\"><span>,\u00a0<\/span><\/span><span>prise en charge du disque de secours global HDD<\/span><\/td>\n<\/tr>\n<tr>\n<td colspan=\"18\"><span>eSATA<\/span><\/td>\n<td colspan=\"42\"><span>1 port eSATA (veuillez contacter l&#8217;ing\u00e9nieur technique pour confirmer le p\u00e9riph\u00e9rique compatible)<\/span><\/td>\n<\/tr>\n<tr>\n<td colspan=\"18\"><span>SAS<\/span><\/td>\n<td colspan=\"42\"><span>1 mini port SAS<\/span><\/td>\n<\/tr>\n<tr>\n<td colspan=\"60\">\n<h4><span>Interface auxiliaire<\/span><\/h4>\n<\/td>\n<\/tr>\n<tr>\n<td colspan=\"18\"><span>Couverture avant<\/span><\/td>\n<td colspan=\"42\"><span>Prise en charge du remplacement \u00e0 chaud<\/span><\/td>\n<\/tr>\n<tr>\n<td colspan=\"18\"><span>USB<\/span><\/td>\n<td colspan=\"42\"><span>4 ports USB (2 USB 2.0, 2 USB 3.0)<\/span><\/td>\n<\/tr>\n<tr>\n<td colspan=\"18\"><span>RS232<\/span><\/td>\n<td colspan=\"42\"><span>1 port, pour la communication PC et le clavier<\/span><\/td>\n<\/tr>\n<tr>\n<td colspan=\"18\"><span>RS485<\/span><\/td>\n<td colspan=\"42\"><span>1 port, pour contr\u00f4le PTZ<\/span><\/td>\n<\/tr>\n<tr>\n<td colspan=\"60\">\n<h4><span>\u00c9lectrique<\/span><\/h4>\n<\/td>\n<\/tr>\n<tr>\n<td colspan=\"18\"><span>Source de courant<\/span><\/td>\n<td colspan=\"42\"><span>AC100V ~ 240V, 50 ~ 60 Hz<\/span><\/td>\n<\/tr>\n<tr>\n<td colspan=\"18\"><span>Consommation d&#8217;\u00e9nergie<\/span><\/td>\n<td colspan=\"42\"><span>&lt;51 W (sans disque dur)<\/span><\/td>\n<\/tr>\n<tr>\n<td colspan=\"60\">\n<h4><span>Environnement<\/span><\/h4>\n<\/td>\n<\/tr>\n<tr>\n<td colspan=\"18\"><span>Des conditions de fonctionnement<\/span><\/td>\n<td colspan=\"42\"><span>-10 \u00b0 C \u00e0 + 55 \u00b0 C (+ 14 \u00b0 F \u00e0 + 131 \u00b0 F), 86 \u00e0 106 kpa<\/span><\/td>\n<\/tr>\n<tr>\n<td colspan=\"18\"><span>Conditions de stockage<\/span><\/td>\n<td colspan=\"42\"><span>-20 \u00b0 C ~ + 70 \u00b0 C (-4 \u00b0 F ~ + 158 \u00b0 F), 0 ~ 90% HR<\/span><\/td>\n<\/tr>\n<tr>\n<td colspan=\"60\">\n<h4><span>Construction<\/span><\/h4>\n<\/td>\n<\/tr>\n<tr>\n<td colspan=\"18\"><span>Dimensions<\/span><\/td>\n<td colspan=\"42\"><span>3U, 485 mm x 512,9 mm x 133,2 mm (19,1 &#8220;x 20,2&#8221; x 5,2 &#8220;)<\/span><\/td>\n<\/tr>\n<tr>\n<td colspan=\"18\"><span>Poids net<\/span><\/td>\n<td colspan=\"42\"><span>17,6 kg (38,8 lb) (sans disque dur)<\/span><\/td>\n<\/tr>\n<tr>\n<td colspan=\"18\"><span>Poids brut<\/span><\/td>\n<td colspan=\"42\"><span>27 kg (59,5 livres)<\/span><\/td>\n<\/tr>\n<tr>\n<td colspan=\"18\"><span>Installation<\/span><\/td>\n<td colspan=\"42\"><span>Support mont\u00e9<\/span><\/td>\n<\/tr>\n<tr>\n<td colspan=\"60\">\n<h4><span>Certifications<\/span><\/h4>\n<\/td>\n<\/tr>\n<tr>\n<td colspan=\"18\"><span>CE<\/span><\/td>\n<td colspan=\"42\"><span>EN55022, EN55024, EN50130-4, EN60950-1<\/span><\/td>\n<\/tr>\n<tr>\n<td colspan=\"18\"><span>FCC<\/span><\/td>\n<td colspan=\"42\"><span>Partie 15, sous-partie B, ANSI C63.4-2014<\/span><\/td>\n<\/tr>\n<tr>\n<td colspan=\"18\"><span>UL<\/span><\/td>\n<td colspan=\"42\"><span>UL 60950-1 et CAN \/ CSA C22.2 n \u00b0 60950-1<\/span><\/td>\n<\/tr>\n<\/tbody>\n<\/table>\n<\/div>\n<\/div>\n","protected":false},"excerpt":{"rendered":"<p class=\"text\" data-v-2aedf454=\"\" data-gtm-vis-has-fired-10552706_181=\"1\" data-gtm-vis-has-fired-10552706_195=\"1\" data-gtm-vis-recent-on-screen-10552706_192=\"51141\" data-gtm-vis-first-on-screen-10552706_192=\"51141\" data-gtm-vis-total-visible-time-10552706_192=\"100\" data-gtm-vis-has-fired-10552706_192=\"1\" data-gtm-vis-recent-on-screen-10552706_217=\"51142\" data-gtm-vis-first-on-screen-10552706_217=\"51142\" data-gtm-vis-total-visible-time-10552706_217=\"100\" data-gtm-vis-has-fired-10552706_217=\"1\" data-gtm-vis-recent-on-screen-10552706_184=\"51143\" data-gtm-vis-first-on-screen-10552706_184=\"51143\" data-gtm-vis-total-visible-time-10552706_184=\"100\" data-gtm-vis-has-fired-10552706_184=\"1\" data-gtm-vis-recent-on-screen-10552706_194=\"51143\" data-gtm-vis-first-on-screen-10552706_194=\"51143\" data-gtm-vis-total-visible-time-10552706_194=\"100\" data-gtm-vis-has-fired-10552706_194=\"1\" data-gtm-vis-recent-on-screen-10552706_196=\"51144\" data-gtm-vis-first-on-screen-10552706_196=\"51144\" data-gtm-vis-total-visible-time-10552706_196=\"100\" data-gtm-vis-has-fired-10552706_196=\"1\" data-gtm-vis-recent-on-screen-10552706_193=\"51158\" data-gtm-vis-first-on-screen-10552706_193=\"51158\" data-gtm-vis-total-visible-time-10552706_193=\"100\" data-gtm-vis-has-fired-10552706_193=\"1\"><span style=\"color: #000000;\"><strong>Enregistreur vid\u00e9o r\u00e9seau 64\/128 canaux Ultra 4K H.265<\/strong><\/span><\/p>\n<ul>\n<li><span>Processeur Intel<\/span><\/li>\n<li><span>Entr\u00e9es de cam\u00e9ra IP 64\/128 max<\/span><\/li>\n<li><span>Bande passante entrante maximale de 384 Mbps<\/span><\/li>\n<li><span>R\u00e9solution jusqu&#8217;\u00e0 12MP pour l&#8217;aper\u00e7u et la lecture<\/span><\/li>\n<li><span>Prend en charge RAID 0\/1\/5\/10<\/span><\/li>\n<li><span>Suivi intelligent et vid\u00e9o intelligente<\/span><\/li>\n<\/ul>\n<p><img decoding=\"async\" class=\"alignnone size-medium wp-image-5441\" src=\"http:\/\/tthcompany.com\/wp-content\/uploads\/2020\/10\/NVR-Ultra-1-300x71.png\" alt=\"NVR Ultra\" width=\"300\" height=\"71\" \/><\/p>\n","protected":false},"featured_media":19354,"comment_status":"open","ping_status":"closed","template":"","meta":{"om_disable_all_campaigns":false,"_monsterinsights_skip_tracking":false,"_monsterinsights_sitenote_active":false,"_monsterinsights_sitenote_note":"","_monsterinsights_sitenote_category":0},"product_cat":[334,496,302],"product_tag":[],"class_list":{"0":"post-19330","1":"product","2":"type-product","3":"status-publish","4":"has-post-thumbnail","6":"product_cat-nvr-dahua","7":"product_cat-nvr-serie-ultra","8":"product_cat-produits-ip","10":"first","11":"instock","12":"shipping-taxable","13":"purchasable","14":"product-type-simple","15":"add-to-wishlist-after_add_to_cart"},"aioseo_notices":[],"_links":{"self":[{"href":"https:\/\/tthcompany.ma\/index.php\/wp-json\/wp\/v2\/product\/19330","targetHints":{"allow":["GET"]}}],"collection":[{"href":"https:\/\/tthcompany.ma\/index.php\/wp-json\/wp\/v2\/product"}],"about":[{"href":"https:\/\/tthcompany.ma\/index.php\/wp-json\/wp\/v2\/types\/product"}],"replies":[{"embeddable":true,"href":"https:\/\/tthcompany.ma\/index.php\/wp-json\/wp\/v2\/comments?post=19330"}],"wp:featuredmedia":[{"embeddable":true,"href":"https:\/\/tthcompany.ma\/index.php\/wp-json\/wp\/v2\/media\/19354"}],"wp:attachment":[{"href":"https:\/\/tthcompany.ma\/index.php\/wp-json\/wp\/v2\/media?parent=19330"}],"wp:term":[{"taxonomy":"product_cat","embeddable":true,"href":"https:\/\/tthcompany.ma\/index.php\/wp-json\/wp\/v2\/product_cat?post=19330"},{"taxonomy":"product_tag","embeddable":true,"href":"https:\/\/tthcompany.ma\/index.php\/wp-json\/wp\/v2\/product_tag?post=19330"}],"curies":[{"name":"wp","href":"https:\/\/api.w.org\/{rel}","templated":true}]}}