{"id":19324,"date":"2022-08-17T10:30:11","date_gmt":"2022-08-17T10:30:11","guid":{"rendered":"https:\/\/tthcompany.ma\/?post_type=product&#038;p=19324"},"modified":"2023-09-26T11:19:18","modified_gmt":"2023-09-26T11:19:18","slug":"ipc-hfw2831tp-zas","status":"publish","type":"product","link":"https:\/\/tthcompany.ma\/index.php\/product\/ipc-hfw2831tp-zas\/","title":{"rendered":"IPC-HFW2831TP-ZAS"},"content":{"rendered":"<div id=\"div_left\">\n<div class=\"div-drop\">\n<table id=\"table001\" class=\"NEW-TABLE TableOverride-1 tab-drag\">\n<tbody>\n<tr>\n<td colspan=\"60\">\n<h4><span>Cam\u00e9ra<\/span><\/h4>\n<\/td>\n<\/tr>\n<tr>\n<td colspan=\"18\"><span>Capteur d&#8217;image<\/span><\/td>\n<td colspan=\"42\"><span>CMOS progressif 1 \/ 1,8 &#8220;8 m\u00e9gapixels<\/span><\/td>\n<\/tr>\n<tr>\n<td colspan=\"18\"><span>Pixels efficaces<\/span><\/td>\n<td colspan=\"42\"><span>3840 (H) x 2160 (V)<\/span><\/td>\n<\/tr>\n<tr>\n<td colspan=\"18\"><span>RAM \/ ROM<\/span><\/td>\n<td colspan=\"42\"><span>512 Mo \/ 128 Mo<\/span><\/td>\n<\/tr>\n<tr>\n<td colspan=\"18\"><span>Syst\u00e8me de num\u00e9risation<\/span><\/td>\n<td colspan=\"42\"><span>Progressive<\/span><\/td>\n<\/tr>\n<tr>\n<td colspan=\"18\"><span>Vitesse d&#8217;obturation \u00e9lectronique<\/span><\/td>\n<td colspan=\"42\"><span>Auto \/ Manuel, 1\/3 ~ 1 \/ 100000s<\/span><\/td>\n<\/tr>\n<tr>\n<td colspan=\"18\"><span>Illumination minimum<\/span><\/td>\n<td colspan=\"42\"><span>0,004Lux \/ F1.9 (Couleur, 1\/3 s, 30 IRE)<\/span><\/p>\n<p><span>0.09Lux \/ F1.9 Couleur, 1 \/ 30s, 30IRE)<\/span><\/p>\n<p><span>0Lux \/ F1.9 (IR activ\u00e9)<\/span><\/td>\n<\/tr>\n<tr>\n<td colspan=\"18\"><span>Rapport S \/ N<\/span><\/td>\n<td colspan=\"42\"><span>Plus de 50 dB<\/span><\/td>\n<\/tr>\n<tr>\n<td colspan=\"18\"><span>Distance IR<\/span><\/td>\n<td colspan=\"42\"><span>Distance jusqu&#8217;\u00e0 60 m (197 pieds)<\/span><\/td>\n<\/tr>\n<tr>\n<td colspan=\"18\"><span>Contr\u00f4le marche \/ arr\u00eat IR<\/span><\/td>\n<td colspan=\"42\"><span>Auto \/ Manuel<\/span><\/td>\n<\/tr>\n<tr>\n<td colspan=\"18\"><span>LED IR<\/span><\/td>\n<td colspan=\"42\"><span>4<\/span><\/td>\n<\/tr>\n<tr>\n<td colspan=\"60\">\n<h4><span>Lentille<\/span><\/h4>\n<\/td>\n<\/tr>\n<tr>\n<td colspan=\"18\"><span>Type de lentille<\/span><\/td>\n<td colspan=\"42\"><span>Motoris\u00e9<\/span><\/td>\n<\/tr>\n<tr>\n<td colspan=\"18\"><span>Type de montage<\/span><\/td>\n<td colspan=\"42\"><span>Embarquement<\/span><\/td>\n<\/tr>\n<tr>\n<td colspan=\"18\"><span>Distance focale<\/span><\/td>\n<td colspan=\"42\"><span>3,7 mm \u00e0 11 mm<\/span><\/td>\n<\/tr>\n<tr>\n<td colspan=\"18\"><span>Max.\u00a0Ouverture<\/span><\/td>\n<td colspan=\"42\"><span>F1.9<\/span><\/td>\n<\/tr>\n<tr>\n<td colspan=\"18\"><span>Angle de vue<\/span><\/td>\n<td colspan=\"42\"><span>H: 112 \u00b0 ~ 46 \u00b0, V: 60 \u00b0 ~ 26 \u00b0<\/span><\/td>\n<\/tr>\n<tr>\n<td colspan=\"18\"><span>Contr\u00f4le de la mise au point<\/span><\/td>\n<td colspan=\"42\"><span>Motoris\u00e9<\/span><\/td>\n<\/tr>\n<tr>\n<td colspan=\"18\"><span>Distance de mise au point rapproch\u00e9e<\/span><\/td>\n<td colspan=\"42\"><span>0,2 m (0,66 pi)<\/span><\/td>\n<\/tr>\n<tr>\n<td colspan=\"18\" rowspan=\"3\"><span>Distance DORI<\/span><\/td>\n<td colspan=\"8\"><span>Lentille<\/span><\/td>\n<td colspan=\"8\"><span>D\u00e9tecter<\/span><\/td>\n<td colspan=\"8\"><span>Observer<\/span><\/td>\n<td colspan=\"8\"><span>Reconna\u00eetre<\/span><\/td>\n<td colspan=\"10\"><span>Identifier<\/span><\/td>\n<\/tr>\n<tr>\n<td colspan=\"8\"><span>W<\/span><\/td>\n<td colspan=\"8\"><span>83m (272 pieds)<\/span><\/td>\n<td colspan=\"8\"><span>33m (108 pieds)<\/span><\/td>\n<td colspan=\"8\"><span>17m (56 pieds)<\/span><\/td>\n<td colspan=\"10\"><span>8 m (26 pieds)<\/span><\/td>\n<\/tr>\n<tr>\n<td colspan=\"8\"><span>T<\/span><\/td>\n<td colspan=\"8\"><span>190m (623 pieds)<\/span><\/td>\n<td colspan=\"8\"><span>76 m (249 t)<\/span><\/td>\n<td colspan=\"8\"><span>38 m (125 pieds)<\/span><\/td>\n<td colspan=\"10\"><span>19m (62 pieds)<\/span><\/td>\n<\/tr>\n<tr>\n<td colspan=\"60\">\n<h4><span>PTZ<\/span><\/h4>\n<\/td>\n<\/tr>\n<tr>\n<td colspan=\"18\"><span>Pan \/ Tilt Range<\/span><\/td>\n<td colspan=\"42\"><span>Pan: 0 \u00b0 ~ 355 \u00b0; Inclinaison: 0 \u00b0 ~ 75 \u00b0; Rotation: 0 \u00b0 ~ 355 \u00b0<\/span><\/td>\n<\/tr>\n<tr>\n<td colspan=\"60\"><span>Intelligence<\/span><\/td>\n<\/tr>\n<tr>\n<td colspan=\"18\"><span>D\u00e9clencheur d&#8217;\u00e9v\u00e9nement<\/span><\/td>\n<td colspan=\"42\"><span>D\u00e9tection de mouvement, sabotage vid\u00e9o, changement de sc\u00e8ne, d\u00e9connexion du r\u00e9seau, conflit d&#8217;adresse IP, acc\u00e8s ill\u00e9gal, anomalie de stockage<\/span><\/td>\n<\/tr>\n<tr>\n<td colspan=\"18\"><span>IVS<\/span><\/td>\n<td colspan=\"42\"><span>Tripwire, intrusion<\/span><\/td>\n<\/tr>\n<tr>\n<td colspan=\"60\">\n<h4><span>Vid\u00e9o<\/span><\/h4>\n<\/td>\n<\/tr>\n<tr>\n<td colspan=\"18\"><span>Compression<\/span><\/td>\n<td colspan=\"42\"><span>H.265 \/ H.264H \/ MJPEG (sous-flux)<\/span><\/td>\n<\/tr>\n<tr>\n<td colspan=\"18\"><span>Codec intelligent<\/span><\/td>\n<td colspan=\"42\"><span>Prise en charge de H.265 + \/ H.264 +<\/span><\/td>\n<\/tr>\n<tr>\n<td colspan=\"18\"><span>Capacit\u00e9 de streaming<\/span><\/td>\n<td colspan=\"42\"><span>2 flux<\/span><\/td>\n<\/tr>\n<tr>\n<td colspan=\"18\"><span>R\u00e9solution<\/span><\/td>\n<td colspan=\"42\"><span>4K (3840 \u00d7 2160) \/ 6M (3072 \u00d7 2048) \/ 5M (2560 \u00d7 1920) \/<\/span><\/p>\n<p><span>3M (2048&#215;1536) \/ 3M (2304 \u00d7 1296) \/<\/span><\/p>\n<p><span>1080P (1920 \u00d7 1080) \/ 1,3 M (1280&#215;960) \/<\/span><\/p>\n<p><span>720P (1280 \u00d7 720) \/ D1 (704 \u00d7 576\/704 \u00d7 480) \/ VGA (640 \u00d7 480) \/ CIF (352 \u00d7 288\/352 \u00d7 240)<\/span><\/td>\n<\/tr>\n<tr>\n<td colspan=\"18\" rowspan=\"2\"><span>Fr\u00e9quence d&#8217;images<\/span><\/td>\n<td colspan=\"42\"><span>Flux principal: 4K (1 ~ 25 \/ 30fps)<\/span><\/td>\n<\/tr>\n<tr>\n<td colspan=\"42\"><span>Sous-flux: D1 (1 ~ 25 \/ 30fps)<\/span><\/td>\n<\/tr>\n<tr>\n<td colspan=\"18\"><span>Contr\u00f4le du d\u00e9bit binaire<\/span><\/td>\n<td colspan=\"42\"><span>CBR \/ VBR<\/span><\/td>\n<\/tr>\n<tr>\n<td colspan=\"18\"><span>D\u00e9bit binaire<\/span><\/td>\n<td colspan=\"42\"><span>H.264: 32 kbit \/ s ~ 8192 kbit \/ s<\/span><\/p>\n<p><span>H.265: 16 kbit \/ s ~ 8192 kbit \/ s<\/span><\/td>\n<\/tr>\n<\/tbody>\n<\/table>\n<\/div>\n<\/div>\n<div id=\"div_left\">\n<div class=\"div-drop\">\n<table id=\"table002\" class=\"NEW-TABLE TableOverride-1 tab-drag\">\n<tbody>\n<tr>\n<td colspan=\"18\"><span>Jour Nuit<\/span><\/td>\n<td colspan=\"42\"><span>Auto (ICR) \/ Couleur \/ N \/ B<\/span><\/td>\n<\/tr>\n<tr>\n<td colspan=\"18\"><span>Mode BLC<\/span><\/td>\n<td colspan=\"42\"><span>BLC \/ HLC \/ WDR (120 dB)<\/span><\/td>\n<\/tr>\n<tr>\n<td colspan=\"18\"><span>Balance des blancs<\/span><\/td>\n<td colspan=\"42\"><span>Auto \/ Naturel \/ Lampadaire \/ Ext\u00e9rieur \/ Manuel<\/span><\/td>\n<\/tr>\n<tr>\n<td colspan=\"18\"><span>Prendre le contr\u00f4le<\/span><\/td>\n<td colspan=\"42\"><span>Auto \/ Manuel<\/span><\/td>\n<\/tr>\n<tr>\n<td colspan=\"18\"><span>R\u00e9duction de bruit<\/span><\/td>\n<td colspan=\"42\"><span>DNR 3D<\/span><\/td>\n<\/tr>\n<tr>\n<td colspan=\"18\"><span>D\u00e9tection de mouvement<\/span><\/td>\n<td colspan=\"42\"><span>Arr\u00eat \/ Marche (4 zones, rectangle)<\/span><\/td>\n<\/tr>\n<tr>\n<td colspan=\"18\"><span>R\u00e9gion d&#8217;int\u00e9r\u00eat<\/span><\/td>\n<td colspan=\"42\"><span>Arr\u00eat \/ Marche (4 zones)<\/span><\/td>\n<\/tr>\n<tr>\n<td colspan=\"18\"><span>Stabilisation\u00a0\u00e9lectronique de l&#8217;image\u00a0<\/span><span>(EIS)<\/span><\/td>\n<td colspan=\"42\"><span>N \/ A<\/span><\/td>\n<\/tr>\n<tr>\n<td colspan=\"18\"><span>IR intelligent<\/span><\/td>\n<td colspan=\"42\"><span>Soutien<\/span><\/td>\n<\/tr>\n<tr>\n<td colspan=\"18\"><span>Zoom num\u00e9rique<\/span><\/td>\n<td colspan=\"42\"><span>16x<\/span><\/td>\n<\/tr>\n<tr>\n<td colspan=\"18\"><span>Retourner<\/span><\/td>\n<td colspan=\"42\"><span>0 \u00b0 \/ 90 \u00b0 \/ 180 \u00b0 \/ 270 \u00b0<\/span><\/td>\n<\/tr>\n<tr>\n<td colspan=\"18\"><span>Miroir<\/span><\/td>\n<td colspan=\"42\"><span>\u00c9teint allum\u00e9<\/span><\/td>\n<\/tr>\n<tr>\n<td colspan=\"18\"><span>Masquage de confidentialit\u00e9<\/span><\/td>\n<td colspan=\"42\"><span>Arr\u00eat \/ Marche (4 zones, rectangle)<\/span><\/td>\n<\/tr>\n<tr>\n<td colspan=\"60\">\n<h4><span>l&#8217;audio<\/span><\/h4>\n<\/td>\n<\/tr>\n<tr>\n<td colspan=\"18\"><span>Compression<\/span><\/td>\n<td colspan=\"42\"><span>G.711a \/ G.711Mu \/ AAC \/ G.726<\/span><\/td>\n<\/tr>\n<tr>\n<td colspan=\"60\">\n<h4><span>R\u00e9seau<\/span><\/h4>\n<\/td>\n<\/tr>\n<tr>\n<td colspan=\"18\"><span>Ethernet<\/span><\/td>\n<td colspan=\"42\"><span>RJ-45 (10 \/ 100Base-T)<\/span><\/td>\n<\/tr>\n<tr>\n<td colspan=\"18\"><span>Protocole<\/span><\/td>\n<td colspan=\"42\"><span>HTTP; HTTPS; TCP; ARP; RTSP; RTP; RTCP; UDP; SMTP;<\/span><\/p>\n<p><span>FTP; DHCP; DNS; DDNS; PPPoE; IPV4 \/ V6; QoS; UPnP;<\/span><\/p>\n<p><span>NTP; Bonjour; IEEE 802.1X; Multidiffusion; ICMP; IGMP; TLS; NFS; SSH<\/span><\/td>\n<\/tr>\n<tr>\n<td colspan=\"18\"><span>Interop\u00e9rabilit\u00e9<\/span><\/td>\n<td colspan=\"42\"><span>ONVIF, PSIA, CGI<\/span><\/td>\n<\/tr>\n<tr>\n<td colspan=\"18\"><span>M\u00e9thode de streaming<\/span><\/td>\n<td colspan=\"42\"><span>Monodiffusion \/ Multidiffusion<\/span><\/td>\n<\/tr>\n<tr>\n<td colspan=\"18\"><span>Max.\u00a0Acc\u00e8s utilisateur<\/span><\/td>\n<td colspan=\"42\"><span>10 utilisateurs \/ 20 utilisateurs<\/span><\/td>\n<\/tr>\n<tr>\n<td colspan=\"18\"><span>Stockage Edge<\/span><\/td>\n<td colspan=\"42\"><span>NAS<\/span><\/p>\n<p><span>PC local pour un enregistrement instantan\u00e9<\/span><\/p>\n<p><span>Carte Micro SD 128 Go<\/span><\/td>\n<\/tr>\n<tr>\n<td colspan=\"18\"><span>Visionneuse Web<\/span><\/td>\n<td colspan=\"42\"><span>IE, Chrome, Firefox, Safari<\/span><\/td>\n<\/tr>\n<tr>\n<td colspan=\"18\"><span>Logiciel de gestion<\/span><\/td>\n<td colspan=\"42\"><span>Smart PSS, DSS, DMSS<\/span><\/td>\n<\/tr>\n<tr>\n<td colspan=\"18\"><span>T\u00e9l\u00e9phone intelligent<\/span><\/td>\n<td colspan=\"42\"><span>IOS, Android<\/span><\/td>\n<\/tr>\n<tr>\n<td colspan=\"60\">\n<h4><span>Certifications<\/span><\/h4>\n<\/td>\n<\/tr>\n<tr>\n<td colspan=\"18\"><span>Certifications<\/span><\/td>\n<td colspan=\"42\"><span>CE (EN 60950: 2000)<\/span><\/p>\n<p><span>UL: UL60950-1<\/span><\/p>\n<p><span>FCC: FCC partie 15 sous-partie B<\/span><\/td>\n<\/tr>\n<tr>\n<td colspan=\"60\">\n<h4><span>Interface<\/span><\/h4>\n<\/td>\n<\/tr>\n<tr>\n<td colspan=\"18\"><span>Interface vid\u00e9o<\/span><\/td>\n<td colspan=\"42\"><span>N \/ A<\/span><\/td>\n<\/tr>\n<tr>\n<td colspan=\"18\"><span>Interface audio<\/span><\/td>\n<td colspan=\"42\"><span>Entr\u00e9e \/ sortie 1\/1 canal<\/span><\/td>\n<\/tr>\n<tr>\n<td colspan=\"18\"><span>RS485<\/span><\/td>\n<td colspan=\"42\"><span>N \/ A<\/span><\/td>\n<\/tr>\n<tr>\n<td colspan=\"18\"><span>Alarme<\/span><\/td>\n<td colspan=\"42\"><span>Entr\u00e9e 1 canal: 5mA 5VDC<\/span><\/p>\n<p><span>Sortie 1 canal: 300mA 12VDC<\/span><\/td>\n<\/tr>\n<tr>\n<td colspan=\"60\">\n<h4><span>\u00c9lectrique<\/span><\/h4>\n<\/td>\n<\/tr>\n<tr>\n<td colspan=\"18\"><span>Source de courant<\/span><\/td>\n<td colspan=\"42\"><span>DC12V PoE (802.3af) (classe 0)<\/span><\/td>\n<\/tr>\n<tr>\n<td colspan=\"18\"><span>Consommation d&#8217;\u00e9nergie<\/span><\/td>\n<td colspan=\"42\"><span>&lt;14,3 W<\/span><\/td>\n<\/tr>\n<\/tbody>\n<\/table>\n<\/div>\n<\/div>\n<div id=\"div_left\">\n<div class=\"div-drop\">\n<table id=\"table003\" class=\"NEW-TABLE TableOverride-1 tab-drag\">\n<tbody>\n<tr>\n<td colspan=\"60\">\n<h4><span>Environnement<\/span><\/h4>\n<\/td>\n<\/tr>\n<tr>\n<td colspan=\"18\"><span>Des conditions de fonctionnement<\/span><\/td>\n<td colspan=\"42\"><span>-30 \u00b0 C ~ + 60 \u00b0 C (-22 \u00b0 F ~ + 140 \u00b0 F) \/ Moins de 95% HR<\/span><\/td>\n<\/tr>\n<tr>\n<td colspan=\"18\"><span>Conditions de stockage<\/span><\/td>\n<td colspan=\"42\"><span>-30 \u00b0 C ~ + 60 \u00b0 C (-22 \u00b0 F ~ + 140 \u00b0 F) \/ Moins de 95% HR<\/span><\/td>\n<\/tr>\n<tr>\n<td colspan=\"18\"><span>Protection contre la p\u00e9n\u00e9tration<\/span><\/td>\n<td colspan=\"42\"><span>IP67<\/span><\/td>\n<\/tr>\n<tr>\n<td colspan=\"18\"><span>R\u00e9sistance au vandalisme<\/span><\/td>\n<td colspan=\"42\"><span>IK10 (facultatif)<\/span><\/td>\n<\/tr>\n<tr>\n<td colspan=\"60\">\n<h4><span>Construction<\/span><\/h4>\n<\/td>\n<\/tr>\n<tr>\n<td colspan=\"18\"><span>Enveloppe<\/span><\/td>\n<td colspan=\"42\"><span>M\u00e9tal<\/span><\/td>\n<\/tr>\n<tr>\n<td colspan=\"18\"><span>Dimensions<\/span><\/td>\n<td colspan=\"42\"><span>244,1 mm \u00d7 79 mm \u00d7 75,9 mm (9,61\u00a0<\/span><span>&#8221;\u00a0<\/span><span>\u00d7 3,11\u00a0<\/span><span>&#8221;\u00a0<\/span><span>\u00d7 2,99\u00a0<\/span><span>&#8221;\u00a0<\/span><span>)<\/span><\/td>\n<\/tr>\n<tr>\n<td colspan=\"18\"><span>Poids net<\/span><\/td>\n<td colspan=\"42\"><span>0,824 kg (1,82 livres)<\/span><\/td>\n<\/tr>\n<tr>\n<td colspan=\"18\"><span>Poids brut<\/span><\/td>\n<td colspan=\"42\"><span>1,09 kg (2,4 livres)<\/span><\/td>\n<\/tr>\n<\/tbody>\n<\/table>\n<\/div>\n<\/div>\n","protected":false},"excerpt":{"rendered":"<p class=\"text\" data-v-2aedf454=\"\"><span style=\"color: #000000;\"><strong>Cam\u00e9ra r\u00e9seau Bullet IR 8MP WDR<\/strong><\/span><\/p>\n<ul>\n<li><span>CMOS progressif 1 \/ 1,8 &#8220;8 m\u00e9gapixels<\/span><\/li>\n<li><span>Codage double flux H.265 et H.264<\/span><\/li>\n<li><span>25 \/ 30fps @ 8MP (3840 \u00d7 2160)<\/span><\/li>\n<li><span>WDR (120dB), jour \/ nuit (ICR), 3DNR, AWB, AGC, BLC<\/span><\/li>\n<li><span>Surveillance de r\u00e9seaux multiples: visionneuse Web, CMS (DSS \/ PSS) et DMSS<\/span><\/li>\n<li><span>Emplacement pour carte Micro SD, jusqu&#8217;\u00e0 128 Go<\/span><\/li>\n<li><span>Objectif motoris\u00e9 3,7 ~ 11 mm<\/span><\/li>\n<li><span>Longueur maximale des LED IR 60 m<\/span><\/li>\n<li><span>IP67, IK10 (en option), PoE<\/span><\/li>\n<\/ul>\n","protected":false},"featured_media":18904,"comment_status":"open","ping_status":"closed","template":"","meta":{"om_disable_all_campaigns":false,"_monsterinsights_skip_tracking":false,"_monsterinsights_sitenote_active":false,"_monsterinsights_sitenote_note":"","_monsterinsights_sitenote_category":0},"product_cat":[673,303,302,445,674],"product_tag":[1093],"class_list":{"0":"post-19324","1":"product","2":"type-product","3":"status-publish","4":"has-post-thumbnail","6":"product_cat-8mp-zoom","7":"product_cat-cameras-ip","8":"product_cat-produits-ip","9":"product_cat-zoom-cameras-ip","10":"product_cat-zoom-8mp-serie-lite","11":"product_tag-onstuck","12":"ts_product_brand-dahua","14":"first","15":"instock","16":"shipping-taxable","17":"purchasable","18":"product-type-simple","19":"add-to-wishlist-after_add_to_cart"},"aioseo_notices":[],"_links":{"self":[{"href":"https:\/\/tthcompany.ma\/index.php\/wp-json\/wp\/v2\/product\/19324","targetHints":{"allow":["GET"]}}],"collection":[{"href":"https:\/\/tthcompany.ma\/index.php\/wp-json\/wp\/v2\/product"}],"about":[{"href":"https:\/\/tthcompany.ma\/index.php\/wp-json\/wp\/v2\/types\/product"}],"replies":[{"embeddable":true,"href":"https:\/\/tthcompany.ma\/index.php\/wp-json\/wp\/v2\/comments?post=19324"}],"wp:featuredmedia":[{"embeddable":true,"href":"https:\/\/tthcompany.ma\/index.php\/wp-json\/wp\/v2\/media\/18904"}],"wp:attachment":[{"href":"https:\/\/tthcompany.ma\/index.php\/wp-json\/wp\/v2\/media?parent=19324"}],"wp:term":[{"taxonomy":"product_cat","embeddable":true,"href":"https:\/\/tthcompany.ma\/index.php\/wp-json\/wp\/v2\/product_cat?post=19324"},{"taxonomy":"product_tag","embeddable":true,"href":"https:\/\/tthcompany.ma\/index.php\/wp-json\/wp\/v2\/product_tag?post=19324"}],"curies":[{"name":"wp","href":"https:\/\/api.w.org\/{rel}","templated":true}]}}