{"id":19115,"date":"2022-08-17T10:28:27","date_gmt":"2022-08-17T10:28:27","guid":{"rendered":"https:\/\/tthcompany.ma\/?post_type=product&#038;p=19115"},"modified":"2023-09-26T08:22:41","modified_gmt":"2023-09-26T08:22:41","slug":"asc2102b-t","status":"publish","type":"product","link":"https:\/\/tthcompany.ma\/index.php\/product\/asc2102b-t\/","title":{"rendered":"ASC2102B-T"},"content":{"rendered":"<div id=\"div_left\">\n<div class=\"div-drop\">\n<table id=\"table001\" class=\"NEW-TABLE TableOverride-1 tab-drag\">\n<tbody>\n<tr>\n<td colspan=\"60\">\n<h2><span style=\"font-size: 14pt;\">Syst\u00e8me<\/span><\/h2>\n<\/td>\n<\/tr>\n<tr>\n<td colspan=\"18\">Processeur principal<\/td>\n<td colspan=\"42\">32bit<\/td>\n<\/tr>\n<tr>\n<td colspan=\"18\">M\u00e9moire<\/td>\n<td colspan=\"42\">16M<\/td>\n<\/tr>\n<tr>\n<td colspan=\"60\">\n<h2><span style=\"font-size: 14pt;\">Ports d&#8217;entr\u00e9e \/ sortie<\/span><\/h2>\n<\/td>\n<\/tr>\n<tr>\n<td colspan=\"18\">Contribution<\/td>\n<td colspan=\"42\">Entr\u00e9es x 9 (capteur de porte x 2, bouton de sortie x 2, alarme x 5)<\/td>\n<\/tr>\n<tr>\n<td colspan=\"18\">Sortie<\/td>\n<td colspan=\"42\">Relais x 5 (serrure de porte x 2, d\u00e9clencheur de capteur outx 2, alarme x 1)<\/td>\n<\/tr>\n<tr>\n<td colspan=\"18\">Lecteur<\/td>\n<td colspan=\"42\">Lecteur x 4<\/td>\n<\/tr>\n<tr>\n<td colspan=\"60\">\n<h2><span style=\"font-size: 14pt;\">Capacit\u00e9<\/span><\/h2>\n<\/td>\n<\/tr>\n<tr>\n<td colspan=\"18\">D\u00e9tenteurs de carte \/ \u00e9v\u00e9nements<\/td>\n<td colspan=\"42\">20 000\/30 000<\/td>\n<\/tr>\n<tr>\n<td colspan=\"60\">\n<h2><span style=\"font-size: 14pt;\">Une fonction<\/span><\/h2>\n<\/td>\n<\/tr>\n<tr>\n<td colspan=\"18\">Contr\u00f4le d&#8217;acc\u00e8s<\/td>\n<td colspan=\"42\">Anti-retour, multi-verrouillage, d\u00e9verrouillage multi-personnel<\/td>\n<\/tr>\n<tr>\n<td colspan=\"18\">Gestion des utilisateurs<\/td>\n<td colspan=\"42\">G\u00e9n\u00e9ral, VIP, invit\u00e9, patrouille, liste noire, contrainte<\/td>\n<\/tr>\n<tr>\n<td colspan=\"18\">Fonction d&#8217;alarme<\/td>\n<td colspan=\"42\">Alarme de temporisation de porte, Alarme d&#8217;intrusion, Alarme de contrainte, Alarme de sabotage<\/td>\n<\/tr>\n<tr>\n<td colspan=\"18\">P\u00e9riode<\/td>\n<td colspan=\"42\">Prise en charge de 128 groupes d&#8217;horaires, de 128 groupes de p\u00e9riodes et de 128 groupes de p\u00e9riodes de vacances<\/td>\n<\/tr>\n<\/tbody>\n<\/table>\n<\/div>\n<\/div>\n<div id=\"div_left\">\n<div class=\"div-drop\">\n<table id=\"table002\" class=\"NEW-TABLE TableOverride-1 tab-drag\" style=\"width: 99.939%;\">\n<tbody>\n<tr>\n<td style=\"width: 108.303%;\" colspan=\"60\">\n<h2><span style=\"font-size: 14pt;\">Interface<\/span><\/h2>\n<\/td>\n<\/tr>\n<tr>\n<td style=\"width: 53.5499%;\" colspan=\"18\">Au contr\u00f4leur principal<\/td>\n<td style=\"width: 54.7533%;\" colspan=\"42\">CAN H, CAN L<\/td>\n<\/tr>\n<tr>\n<td style=\"width: 53.5499%;\" colspan=\"18\">Au lecteur<\/td>\n<td style=\"width: 54.7533%;\" colspan=\"42\">Wiegand \/ RS485<\/td>\n<\/tr>\n<tr>\n<td style=\"width: 108.303%;\" colspan=\"60\">\n<h2><span style=\"font-size: 14pt;\">Genreal<\/span><\/h2>\n<\/td>\n<\/tr>\n<tr>\n<td style=\"width: 53.5499%;\" colspan=\"18\">RTC<\/td>\n<td style=\"width: 54.7533%;\" colspan=\"42\">Oui<\/td>\n<\/tr>\n<tr>\n<td style=\"width: 53.5499%;\" colspan=\"18\">Source de courant<\/td>\n<td style=\"width: 54.7533%;\" colspan=\"42\">DC 12V \/ 500mA<\/td>\n<\/tr>\n<tr>\n<td style=\"width: 53.5499%;\" colspan=\"18\">Temp\u00e9rature de fonctionnement<\/td>\n<td style=\"width: 54.7533%;\" colspan=\"42\">-30 \u00b0 C \u00e0 + 60 \u00b0 C<\/td>\n<\/tr>\n<tr>\n<td style=\"width: 53.5499%;\" colspan=\"18\">Humidit\u00e9 de travail<\/td>\n<td style=\"width: 54.7533%;\" colspan=\"42\">\u226495%<\/td>\n<\/tr>\n<tr>\n<td style=\"width: 53.5499%;\" colspan=\"18\">Dimension (L \u00d7 P \u00d7 H)<\/td>\n<td style=\"width: 54.7533%;\" colspan=\"42\">210mm \u00d7 51mm \u00d7 106mm<\/td>\n<\/tr>\n<tr>\n<td style=\"width: 53.5499%;\" colspan=\"18\">Poids<\/td>\n<td style=\"width: 54.7533%;\" colspan=\"42\">0,5 kg<\/td>\n<\/tr>\n<tr>\n<td style=\"width: 53.5499%;\" colspan=\"18\">Environnement de travail<\/td>\n<td style=\"width: 54.7533%;\" colspan=\"42\">Int\u00e9rieur<\/td>\n<\/tr>\n<tr>\n<td style=\"width: 108.303%;\" colspan=\"60\">\n<h2><span style=\"font-size: 14pt;\">Certificats<\/span><\/h2>\n<\/td>\n<\/tr>\n<tr>\n<td style=\"width: 53.5499%;\" colspan=\"18\">CE<\/td>\n<td style=\"width: 54.7533%;\" colspan=\"42\">Oui<\/td>\n<\/tr>\n<tr>\n<td style=\"width: 53.5499%;\" colspan=\"18\">FCC<\/td>\n<td style=\"width: 54.7533%;\" colspan=\"42\">Oui<\/td>\n<\/tr>\n<\/tbody>\n<\/table>\n<\/div>\n<\/div>\n","protected":false},"excerpt":{"rendered":"<h1 class=\"text\"><span style=\"color: #000000; font-size: 10pt; font-family: georgia, palatino, serif;\"><strong>Module de contr\u00f4le d&#8217;acc\u00e8s esclave \u00e0 deux portes<\/strong><\/span><\/h1>\n<ul>\n<li>Supporte 20 000 cartes valides et 30 000 enregistrements<\/li>\n<li>Supporte plusieurs cartes<\/li>\n<li>Carte support, mot de passe, empreinte digitale et combinaison<\/li>\n<li>Fonctionne uniquement avec ASC2204-H avec bus CAN<\/li>\n<li>Interface Wiegand ou RS-485 avec les lecteurs<\/li>\n<li>Alarme\u00a0d&#8217;extinction de\u00a0porte, alarme d&#8217;intrusion, contrainte alarme et autoprotection alarme<\/li>\n<li>interverrouillage multi-portes, multi-personnel ouvert<\/li>\n<li>prise en charge de 128 horaires efficaces en mati\u00e8re d&#8217;horaires et de cong\u00e9s f\u00e9ri\u00e9s<\/li>\n<li>la fonction de chien de garde garantit que l&#8217;appareil ne s&#8217;arr\u00eate pas<\/li>\n<li>Installation en surface<\/li>\n<\/ul>\n","protected":false},"featured_media":19149,"comment_status":"open","ping_status":"closed","template":"","meta":{"om_disable_all_campaigns":false,"_monsterinsights_skip_tracking":false,"_monsterinsights_sitenote_active":false,"_monsterinsights_sitenote_note":"","_monsterinsights_sitenote_category":0},"product_cat":[598,715],"product_tag":[204,205,718,206,260,207,208,261,262,209,210,263,264,211,228,212,213,265,214,229,191,230,193,216,195,218,240,196,272,197,198,219,199,220,241,200,201,222,282,283,284,285,1093,286,224,225,226,292],"class_list":{"0":"post-19115","1":"product","2":"type-product","3":"status-publish","4":"has-post-thumbnail","6":"product_cat-controle-dacces","7":"product_cat-controleurs-de-portes","8":"product_tag-afrique-du-sud","9":"product_tag-alarme","10":"product_tag-asc2102b-t","11":"product_tag-camera","12":"product_tag-camera-de-surveillance-tanger","13":"product_tag-camera-hdcvi","14":"product_tag-camera-ip","15":"product_tag-camera-ip-dahua","16":"product_tag-camera-maroc","17":"product_tag-camera-surveillance","18":"product_tag-camera-surveillance-afrique","19":"product_tag-camera-surveillance-avec-un-bon-prix","20":"product_tag-camera-surveillance-casablanca","21":"product_tag-camera-surveillance-dahua","22":"product_tag-camera-surveillance-maroc","23":"product_tag-camera-surveillance-tanger","24":"product_tag-camera-dahua","25":"product_tag-control-dacces-tanger","26":"product_tag-dahua-afrique","27":"product_tag-dahua-agadir","28":"product_tag-dahua-algerie","29":"product_tag-dahua-camera-4mp","30":"product_tag-dahua-casablanca","31":"product_tag-dahua-el-jadida","32":"product_tag-dahua-fes","33":"product_tag-dahua-hoceima","34":"product_tag-dahua-jadida","35":"product_tag-dahua-kenitra","36":"product_tag-dahua-laayoune","37":"product_tag-dahua-maroc","38":"product_tag-dahua-marrakech","39":"product_tag-dahua-meknas","40":"product_tag-dahua-meknes","41":"product_tag-dahua-nador","42":"product_tag-dahua-oujda","43":"product_tag-dahua-rabat","44":"product_tag-dahua-tanger","45":"product_tag-dahua-tetouan","46":"product_tag-distributeur-dahua","47":"product_tag-installation-alarme","48":"product_tag-installations-camera-de-surveillance-maroc","49":"product_tag-moniteur-dimage","50":"product_tag-onstuck","51":"product_tag-pack-camera-de-surveillance","52":"product_tag-pack-camera-de-surveillance-dahua","53":"product_tag-pointeuse","54":"product_tag-smart-lock","55":"product_tag-video-surveillance-tanger","57":"first","58":"instock","59":"shipping-taxable","60":"purchasable","61":"product-type-simple","62":"add-to-wishlist-after_add_to_cart"},"aioseo_notices":[],"_links":{"self":[{"href":"https:\/\/tthcompany.ma\/index.php\/wp-json\/wp\/v2\/product\/19115","targetHints":{"allow":["GET"]}}],"collection":[{"href":"https:\/\/tthcompany.ma\/index.php\/wp-json\/wp\/v2\/product"}],"about":[{"href":"https:\/\/tthcompany.ma\/index.php\/wp-json\/wp\/v2\/types\/product"}],"replies":[{"embeddable":true,"href":"https:\/\/tthcompany.ma\/index.php\/wp-json\/wp\/v2\/comments?post=19115"}],"wp:featuredmedia":[{"embeddable":true,"href":"https:\/\/tthcompany.ma\/index.php\/wp-json\/wp\/v2\/media\/19149"}],"wp:attachment":[{"href":"https:\/\/tthcompany.ma\/index.php\/wp-json\/wp\/v2\/media?parent=19115"}],"wp:term":[{"taxonomy":"product_cat","embeddable":true,"href":"https:\/\/tthcompany.ma\/index.php\/wp-json\/wp\/v2\/product_cat?post=19115"},{"taxonomy":"product_tag","embeddable":true,"href":"https:\/\/tthcompany.ma\/index.php\/wp-json\/wp\/v2\/product_tag?post=19115"}],"curies":[{"name":"wp","href":"https:\/\/api.w.org\/{rel}","templated":true}]}}