{"id":19024,"date":"2022-08-17T10:15:41","date_gmt":"2022-08-17T10:15:41","guid":{"rendered":"https:\/\/tthcompany.ma\/?post_type=product&#038;p=19024"},"modified":"2023-01-12T08:35:52","modified_gmt":"2023-01-12T08:35:52","slug":"dhi-mxvr4104","status":"publish","type":"product","link":"https:\/\/tthcompany.ma\/index.php\/product\/dhi-mxvr4104\/","title":{"rendered":"DHI-MXVR4104"},"content":{"rendered":"<div id=\"div_left\">\n<div class=\"div-drop\">\n<p class=\"title\">DHI-MXVR4104\u00a0Enregistreur vid\u00e9o mobile \u00e0 1 disque dur H.265 \u00e0 4 canaux<\/p>\n<table id=\"table001\" class=\"NEW-TABLE TableOverride-1 tab-drag\">\n<tbody>\n<tr>\n<td colspan=\"60\">\n<h2><span style=\"font-size: 14pt;\">Syst\u00e8me<\/span><\/h2>\n<\/td>\n<\/tr>\n<tr>\n<td colspan=\"18\">Processeur principal<\/td>\n<td colspan=\"42\">Microprocesseur int\u00e9gr\u00e9<\/td>\n<\/tr>\n<tr>\n<td colspan=\"18\">Syst\u00e8me op\u00e9rateur<\/td>\n<td colspan=\"42\">LINUX int\u00e9gr\u00e9<\/td>\n<\/tr>\n<tr>\n<td colspan=\"60\">\n<h2><span style=\"font-size: 14pt;\">Vid\u00e9o et audio<\/span><\/h2>\n<\/td>\n<\/tr>\n<tr>\n<td colspan=\"18\">Contribution<\/td>\n<td colspan=\"42\">4 canaux\u00a0HDCVI \/ AHD \/ TVI \/ CVBS\u00a0(Ne prend pas en charge l&#8217;audio lors de la connexion de cam\u00e9ras AHD \/ TVI) + IPC 4MP 4 canaux<\/td>\n<\/tr>\n<tr>\n<td colspan=\"18\">Conversation \u00e0 double sens<\/td>\n<td colspan=\"42\">Entr\u00e9e 1 canal, sortie 1 canal<\/td>\n<\/tr>\n<tr>\n<td colspan=\"60\">\n<h2><span style=\"font-size: 14pt;\">Afficher<\/span><\/h2>\n<\/td>\n<\/tr>\n<tr>\n<td colspan=\"18\">Interface<\/td>\n<td colspan=\"42\">1 VGA, 2 TV<\/td>\n<\/tr>\n<tr>\n<td colspan=\"18\">R\u00e9solution<\/td>\n<td colspan=\"42\">800 \u00d7 600<\/td>\n<\/tr>\n<tr>\n<td colspan=\"18\">Affichage fractionn\u00e9<\/td>\n<td colspan=\"42\">1\/4\/8\/9<\/td>\n<\/tr>\n<tr>\n<td colspan=\"18\">Masquage de confidentialit\u00e9<\/td>\n<td colspan=\"42\">4 zones rectangulaires (chaque cam\u00e9ra)<\/td>\n<\/tr>\n<tr>\n<td colspan=\"18\">OSD<\/td>\n<td colspan=\"42\">Nom du canal, heure, GPS, num\u00e9ro de licence<\/td>\n<\/tr>\n<tr>\n<td colspan=\"60\">\n<h2><span style=\"font-size: 14pt;\">Enregistrement<\/span><\/h2>\n<\/td>\n<\/tr>\n<tr>\n<td colspan=\"18\">Compression de vid\u00e9o<\/td>\n<td colspan=\"42\">H.265 \/ smart H.265 \/H.264\/smart H.264<\/td>\n<\/tr>\n<tr>\n<td colspan=\"18\">Compression audio<\/td>\n<td colspan=\"42\">G.711A \/ G.711U \/ PCM<\/td>\n<\/tr>\n<tr>\n<td colspan=\"18\">R\u00e9solution<\/td>\n<td colspan=\"42\">Enregistrement en temps r\u00e9el 4 ch @ 1080p<\/td>\n<\/tr>\n<tr>\n<td colspan=\"18\">Mode d&#8217;enregistrement<\/td>\n<td colspan=\"42\">Manuel, Horaire (Normal (Continu), MD, Alarme), Arr\u00eater<\/td>\n<\/tr>\n<tr>\n<td colspan=\"18\">Record Interval<\/td>\n<td colspan=\"42\">1 ~ 120 min (par d\u00e9faut: 60 min), pr\u00e9-enregistrement: 1 ~ 30 sec, post-enregistrement: 10 ~ 300 sec<\/td>\n<\/tr>\n<tr>\n<td colspan=\"60\">\n<h2><span style=\"font-size: 14pt;\">D\u00e9tection vid\u00e9o et alarme<\/span><\/h2>\n<\/td>\n<\/tr>\n<tr>\n<td colspan=\"18\">\u00c9v\u00e9nements d\u00e9clencheurs<\/td>\n<td colspan=\"42\">Enregistrement, PTZ, Visite guid\u00e9e, Alarme, Email, FTP, Buzzer &amp; Conseils<\/td>\n<\/tr>\n<tr>\n<td colspan=\"18\">D\u00e9tection vid\u00e9o<\/td>\n<td colspan=\"42\">D\u00e9tection de mouvement, zones MD: 396 (PAL: 22 \u00d7 18, NTSC: 22 \u00d7 15), perte et alt\u00e9ration vid\u00e9o<\/td>\n<\/tr>\n<tr>\n<td colspan=\"18\">Entr\u00e9e d&#8217;alarme<\/td>\n<td colspan=\"42\">9 canaux, Alarm1\u20138 sont une entr\u00e9e d\u2019alarme locale, Alarm 9 est une entr\u00e9e d\u2019impulsion.<\/td>\n<\/tr>\n<tr>\n<td colspan=\"18\">Sortie d&#8217;alarme<\/td>\n<td colspan=\"42\">2 canaux, 1 sortie relais, 1 sortie contr\u00f4lable 12V<\/td>\n<\/tr>\n<tr>\n<td colspan=\"60\">\n<h2><span style=\"font-size: 14pt;\">Lire et sauvegarde<\/span><\/h2>\n<\/td>\n<\/tr>\n<tr>\n<td colspan=\"18\">Lecture<\/td>\n<td colspan=\"42\">1 canal<\/td>\n<\/tr>\n<tr>\n<td colspan=\"18\">Mode de recherche<\/td>\n<td colspan=\"42\">Heure \/ Date, alarme, d\u00e9tection de mouvement et recherche exacte (pr\u00e9cise \u00e0 la seconde)<\/td>\n<\/tr>\n<tr>\n<td colspan=\"18\">Fonction de lecture<\/td>\n<td colspan=\"42\">Lecture, Pause, Arr\u00eat, Retour rapide, Lecture rapide, Lecture lente, Fichier suivant, Fichier pr\u00e9c\u00e9dent, Appareil photo suivant, Appareil photo pr\u00e9c\u00e9dent, Plein \u00e9cran, R\u00e9p\u00e9ter, Al\u00e9atoire, S\u00e9lection en arri\u00e8re-plan, Zoom num\u00e9rique<\/td>\n<\/tr>\n<tr>\n<td colspan=\"18\">Mode de sauvegarde<\/td>\n<td colspan=\"42\">P\u00e9riph\u00e9rique USB \/ r\u00e9seau<\/td>\n<\/tr>\n<tr>\n<td colspan=\"60\">\n<h2><span style=\"font-size: 14pt;\">Espace de rangement<\/span><\/h2>\n<\/td>\n<\/tr>\n<tr>\n<td colspan=\"18\">Disque dur interne<\/td>\n<td colspan=\"42\">1 disque dur<\/td>\n<\/tr>\n<tr>\n<td colspan=\"18\">carte SD<\/td>\n<td colspan=\"42\">1 carte SD,\u00a0jusqu&#8217;\u00e0 256 Go<\/td>\n<\/tr>\n<\/tbody>\n<\/table>\n<\/div>\n<\/div>\n<div id=\"div_left\">\n<div class=\"div-drop\">\n<table id=\"table002\" class=\"NEW-TABLE TableOverride-1 tab-drag\">\n<tbody>\n<tr>\n<td colspan=\"60\">\n<h2><span style=\"font-size: 14pt;\">R\u00e9seau<\/span><\/h2>\n<\/td>\n<\/tr>\n<tr>\n<td colspan=\"18\">Ethernet<\/td>\n<td colspan=\"42\">1 port RJ-45 (10\/100 Mbits \/ s) et 1 connecteur aviation \u00e0 6 broches<\/td>\n<\/tr>\n<tr>\n<td colspan=\"18\">R\u00e9seau sans fil<\/td>\n<td colspan=\"42\">Module 3G \/ 4G \/ Wi-Fi int\u00e9gr\u00e9 (en option)<\/td>\n<\/tr>\n<tr>\n<td colspan=\"18\">GPS<\/td>\n<td colspan=\"42\">Module GPS int\u00e9gr\u00e9 haute pr\u00e9cision (en option)<\/td>\n<\/tr>\n<tr>\n<td colspan=\"18\">Fonction r\u00e9seau<\/td>\n<td colspan=\"42\">TCP \/ IP, UDP, DHCP, DDNS, FTP, Email, Serveur d&#8217;alarme<\/td>\n<\/tr>\n<tr>\n<td colspan=\"18\">Max.\u00a0Acc\u00e8s utilisateur<\/td>\n<td colspan=\"42\">128 utilisateurs<\/td>\n<\/tr>\n<tr>\n<td colspan=\"18\">T\u00e9l\u00e9phone intelligent<\/td>\n<td colspan=\"42\">iPhone, iPad, Android<\/td>\n<\/tr>\n<tr>\n<td colspan=\"60\">\n<h2><span style=\"font-size: 14pt;\">Interface auxiliaire<\/span><\/h2>\n<\/td>\n<\/tr>\n<tr>\n<td colspan=\"18\">USB<\/td>\n<td colspan=\"42\">3 USB 2.0<\/td>\n<\/tr>\n<tr>\n<td colspan=\"18\">RS232<\/td>\n<td colspan=\"42\">2 ports<\/td>\n<\/tr>\n<tr>\n<td colspan=\"18\">RS485<\/td>\n<td colspan=\"42\">1 port<\/td>\n<\/tr>\n<tr>\n<td colspan=\"18\">Chauffe-eau<\/td>\n<td colspan=\"42\">Optionnel<\/td>\n<\/tr>\n<tr>\n<td colspan=\"60\">\n<h2><span style=\"font-size: 14pt;\">\u00c9lectrique<\/span><\/h2>\n<\/td>\n<\/tr>\n<tr>\n<td colspan=\"18\">Source de courant<\/td>\n<td colspan=\"42\">DC 6V ~ 36V<\/td>\n<\/tr>\n<tr>\n<td colspan=\"18\">Consommation d&#8217;\u00e9nergie<\/td>\n<td colspan=\"42\">&lt;8.4W (sans disque dur)<\/td>\n<\/tr>\n<tr>\n<td colspan=\"60\">\n<h2><span style=\"font-size: 14pt;\">Environnement<\/span><\/h2>\n<\/td>\n<\/tr>\n<tr>\n<td colspan=\"18\">Temp\u00e9rature de fonctionnement<\/td>\n<td colspan=\"42\">-30 \u00b0 C (avec chauffage) ~ + 70 \u00b0 C (-22 \u00b0 F ~ + 158 \u00b0 F)<\/td>\n<\/tr>\n<tr>\n<td colspan=\"18\">humidit\u00e9 d&#8217;exploitation<\/td>\n<td colspan=\"42\">10 ~ 90% HR<\/td>\n<\/tr>\n<tr>\n<td colspan=\"60\">\n<h2><span style=\"font-size: 14pt;\">Construction<\/span><\/h2>\n<\/td>\n<\/tr>\n<tr>\n<td colspan=\"18\">Dimensions<\/td>\n<td colspan=\"42\">180mm \u00d7 190mm \u00d7 50mm (7.0 &#8220;x 8.7&#8221; x 2.0 &#8220;)<\/td>\n<\/tr>\n<tr>\n<td colspan=\"18\">Poids net (sans disque dur)<\/td>\n<td colspan=\"42\">1,92 kg (4,23 lb) (sans disque dur)<\/td>\n<\/tr>\n<tr>\n<td colspan=\"18\">Poids brut<\/td>\n<td colspan=\"42\">2,83 kg (6,24 lb)<\/td>\n<\/tr>\n<tr>\n<td colspan=\"60\">\n<h2><span style=\"font-size: 14pt;\">Certifications<\/span><\/h2>\n<\/td>\n<\/tr>\n<tr>\n<td colspan=\"18\">CE<\/td>\n<td colspan=\"42\">FCC<\/td>\n<\/tr>\n<tr>\n<td colspan=\"18\">EN50155<\/td>\n<td colspan=\"42\">ISO7637-2<\/td>\n<\/tr>\n<tr>\n<td colspan=\"18\">ISO16750<\/td>\n<td colspan=\"42\">BIS<\/td>\n<\/tr>\n<\/tbody>\n<\/table>\n<\/div>\n<\/div>\n","protected":false},"excerpt":{"rendered":"<h1 class=\"text\"><span style=\"color: #000000; font-size: 10pt; font-family: georgia, palatino, serif;\"><strong>MXVR Dahua &#8211; Enregistreur vid\u00e9o mobile \u00e0 1 disque dur H.265 \u00e0 4 canaux<\/strong><\/span><\/h1>\n<ul>\n<li>Prise en charge de l&#8217;entr\u00e9e vid\u00e9o penta-brid (HDCVI \/ AHD \/ TVI \/ CVBS \/ IP)<\/li>\n<li>Prise en charge de la compression vid\u00e9o H.265 \/ intelligente H.265<\/li>\n<li>Prise en charge de l&#8217;enregistrement en temps r\u00e9el 1080p 4 canaux<\/li>\n<li>Sortie vid\u00e9o simultan\u00e9e VGA \/ TV<\/li>\n<li>Prise en charge d&#8217;un disque dur et d&#8217;une Carte SD<\/li>\n<li>D\u00e9tection de visage de support<\/li>\n<li>Connecteurs aviation adopt\u00e9s<\/li>\n<li>Surveillance de plusieurs r\u00e9seaux: afficheur Web, CMS (DSS \/ PSS) et DMSS<\/li>\n<\/ul>\n","protected":false},"featured_media":19054,"comment_status":"open","ping_status":"closed","template":"","meta":{"om_disable_all_campaigns":false,"_monsterinsights_skip_tracking":false,"_monsterinsights_sitenote_active":false,"_monsterinsights_sitenote_note":"","_monsterinsights_sitenote_category":0},"product_cat":[571,570],"product_tag":[204,205,206,260,207,208,261,262,209,210,263,264,211,228,212,213,265,214,229,191,193,216,195,218,240,196,272,197,198,219,199,220,231,241,200,201,222,280,281,572,223,282,573,255,283,284,285,257,286,224,225,287,288,289,226,290,291,292],"class_list":{"0":"post-19024","1":"product","2":"type-product","3":"status-publish","4":"has-post-thumbnail","6":"product_cat-mxvr","7":"product_cat-solution-mobile","8":"product_tag-afrique-du-sud","9":"product_tag-alarme","10":"product_tag-camera","11":"product_tag-camera-de-surveillance-tanger","12":"product_tag-camera-hdcvi","13":"product_tag-camera-ip","14":"product_tag-camera-ip-dahua","15":"product_tag-camera-maroc","16":"product_tag-camera-surveillance","17":"product_tag-camera-surveillance-afrique","18":"product_tag-camera-surveillance-avec-un-bon-prix","19":"product_tag-camera-surveillance-casablanca","20":"product_tag-camera-surveillance-dahua","21":"product_tag-camera-surveillance-maroc","22":"product_tag-camera-surveillance-tanger","23":"product_tag-camera-dahua","24":"product_tag-control-dacces-tanger","25":"product_tag-dahua-afrique","26":"product_tag-dahua-agadir","27":"product_tag-dahua-algerie","28":"product_tag-dahua-casablanca","29":"product_tag-dahua-el-jadida","30":"product_tag-dahua-fes","31":"product_tag-dahua-hoceima","32":"product_tag-dahua-jadida","33":"product_tag-dahua-kenitra","34":"product_tag-dahua-laayoune","35":"product_tag-dahua-maroc","36":"product_tag-dahua-marrakech","37":"product_tag-dahua-meknas","38":"product_tag-dahua-meknes","39":"product_tag-dahua-nador","40":"product_tag-dahua-nvr","41":"product_tag-dahua-oujda","42":"product_tag-dahua-rabat","43":"product_tag-dahua-tanger","44":"product_tag-dahua-tetouan","45":"product_tag-desenfumage-tanger","46":"product_tag-detection-incendie","47":"product_tag-dhi-mxvr4104","48":"product_tag-disque-dur","49":"product_tag-distributeur-dahua","50":"product_tag-enregistreur-video-mobile","51":"product_tag-hdcvi","52":"product_tag-installation-alarme","53":"product_tag-installations-camera-de-surveillance-maroc","54":"product_tag-moniteur-dimage","55":"product_tag-nvr","56":"product_tag-pack-camera-de-surveillance","57":"product_tag-pack-camera-de-surveillance-dahua","58":"product_tag-pointeuse","59":"product_tag-porte-automatiques","60":"product_tag-portes-coup-feu-tanger","61":"product_tag-skydome-tanger","62":"product_tag-smart-lock","63":"product_tag-sprinkler-tanger","64":"product_tag-travaux-d-incendie-tanger","65":"product_tag-video-surveillance-tanger","67":"first","68":"instock","69":"shipping-taxable","70":"purchasable","71":"product-type-simple","72":"add-to-wishlist-after_add_to_cart"},"aioseo_notices":[],"_links":{"self":[{"href":"https:\/\/tthcompany.ma\/index.php\/wp-json\/wp\/v2\/product\/19024","targetHints":{"allow":["GET"]}}],"collection":[{"href":"https:\/\/tthcompany.ma\/index.php\/wp-json\/wp\/v2\/product"}],"about":[{"href":"https:\/\/tthcompany.ma\/index.php\/wp-json\/wp\/v2\/types\/product"}],"replies":[{"embeddable":true,"href":"https:\/\/tthcompany.ma\/index.php\/wp-json\/wp\/v2\/comments?post=19024"}],"wp:featuredmedia":[{"embeddable":true,"href":"https:\/\/tthcompany.ma\/index.php\/wp-json\/wp\/v2\/media\/19054"}],"wp:attachment":[{"href":"https:\/\/tthcompany.ma\/index.php\/wp-json\/wp\/v2\/media?parent=19024"}],"wp:term":[{"taxonomy":"product_cat","embeddable":true,"href":"https:\/\/tthcompany.ma\/index.php\/wp-json\/wp\/v2\/product_cat?post=19024"},{"taxonomy":"product_tag","embeddable":true,"href":"https:\/\/tthcompany.ma\/index.php\/wp-json\/wp\/v2\/product_tag?post=19024"}],"curies":[{"name":"wp","href":"https:\/\/api.w.org\/{rel}","templated":true}]}}