{"id":18996,"date":"2022-08-17T10:15:18","date_gmt":"2022-08-17T10:15:18","guid":{"rendered":"https:\/\/tthcompany.ma\/?post_type=product&#038;p=18996"},"modified":"2022-08-17T10:15:46","modified_gmt":"2022-08-17T10:15:46","slug":"art-arc2000b-06-c35","status":"publish","type":"product","link":"https:\/\/tthcompany.ma\/index.php\/product\/art-arc2000b-06-c35\/","title":{"rendered":"ART-ARC2000B-06-C35"},"content":{"rendered":"<div id=\"div_left\">\n<div class=\"div-drop\">\n<p class=\"title\">ART-ARC2000B-06-C35\u00a0Kit de s\u00e9curit\u00e9 d&#8217;alarme<\/p>\n<table id=\"table002\" class=\"NEW-TABLE TableOverride-1 tab-drag\">\n<tbody>\n<tr>\n<td colspan=\"60\">\n<h4>ARC2000B-W<\/h4>\n<\/td>\n<\/tr>\n<tr>\n<td colspan=\"18\">pr\u00e9nom<\/td>\n<td colspan=\"42\">Hub d&#8217;alarme sans fil<\/td>\n<\/tr>\n<tr>\n<td colspan=\"18\">Capacit\u00e9 sans fil<\/td>\n<td colspan=\"42\">28 d\u00e9tecteurs sans fil, 8 porte-cl\u00e9s sans fil, 4 sir\u00e8nes sans fil, communication bidirectionnelle<\/td>\n<\/tr>\n<tr>\n<td colspan=\"18\">Fr\u00e9quence WiFi<\/td>\n<td colspan=\"42\">2,4 GHz (IEEE802.11b \/ g \/ n)<\/td>\n<\/tr>\n<tr>\n<td colspan=\"18\">Fr\u00e9quence sans fil<\/td>\n<td colspan=\"42\">433 \/ 868MHz<\/td>\n<\/tr>\n<tr>\n<td colspan=\"18\">Puissance de transmission WiFi<\/td>\n<td colspan=\"42\">\u226418dBm<\/td>\n<\/tr>\n<tr>\n<td colspan=\"18\">Puissance de transmission sans fil<\/td>\n<td colspan=\"42\">\u226410dBm<\/td>\n<\/tr>\n<tr>\n<td colspan=\"18\">Distance de transmission sans fil<\/td>\n<td colspan=\"42\">150m (espace ouvert, pas d&#8217;interf\u00e9rence)<\/td>\n<\/tr>\n<tr>\n<td colspan=\"18\">Tension d&#8217;alimentation<\/td>\n<td colspan=\"42\">DC5V<\/td>\n<\/tr>\n<tr>\n<td colspan=\"18\">Consommation d&#8217;\u00e9nergie<\/td>\n<td colspan=\"42\">\u22645W<\/td>\n<\/tr>\n<tr>\n<td colspan=\"18\">Temp\u00e9rature de fonctionnement<\/td>\n<td colspan=\"42\">-10\u00a0\u2103\u00a0~\u00a055\u00a0\u2103<\/td>\n<\/tr>\n<tr>\n<td colspan=\"18\">Installation<\/td>\n<td colspan=\"42\">Bureau et mural<\/td>\n<\/tr>\n<tr>\n<td colspan=\"18\">Dimension<\/td>\n<td colspan=\"42\">140mm\u00a0<span lang=\"zh-CN\">*\u00a0<\/span>142mm\u00a0<span lang=\"zh-CN\">*\u00a0<\/span>19.5mm<\/td>\n<\/tr>\n<tr>\n<td colspan=\"18\">Poids<\/td>\n<td colspan=\"42\">0,2 kg<\/td>\n<\/tr>\n<tr>\n<td colspan=\"60\">\n<h4>ARD1231-W<\/h4>\n<\/td>\n<\/tr>\n<tr>\n<td colspan=\"18\">pr\u00e9nom<\/td>\n<td colspan=\"42\">Capteur infrarouge passif sans fil<\/td>\n<\/tr>\n<tr>\n<td colspan=\"18\">D\u00e9tection<\/td>\n<td colspan=\"42\">Infrarouge passif<\/td>\n<\/tr>\n<\/tbody>\n<\/table>\n<\/div>\n<\/div>\n<div id=\"div_left\">\n<div class=\"div-drop\">\n<table id=\"table001\" class=\"NEW-TABLE TableOverride-1 tab-drag\">\n<tbody>\n<tr>\n<td colspan=\"18\">Port\u00e9e de d\u00e9tection<\/td>\n<td colspan=\"42\">12m \u00d7 12m, 90 \u00b0<\/td>\n<\/tr>\n<tr>\n<td colspan=\"18\">Invite d&#8217;alarme<\/td>\n<td colspan=\"42\">LED rouge, peut \u00eatre r\u00e9gl\u00e9 pour s&#8217;\u00e9teindre<\/td>\n<\/tr>\n<tr>\n<td colspan=\"18\">Sensibilit\u00e9<\/td>\n<td colspan=\"42\">Deux niveaux (cavalier)<\/td>\n<\/tr>\n<tr>\n<td colspan=\"18\">Fr\u00e9quence sans fil<\/td>\n<td colspan=\"42\">433 \/ 868MHz<\/td>\n<\/tr>\n<tr>\n<td colspan=\"18\">Puissance de transmission<\/td>\n<td colspan=\"42\">10dBm<\/td>\n<\/tr>\n<tr>\n<td colspan=\"18\">Distance de transmission<\/td>\n<td colspan=\"42\">150m aire ouverte \/ pas d&#8217;interf\u00e9rence<\/td>\n<\/tr>\n<tr>\n<td colspan=\"18\">Immunit\u00e9 aux animaux<\/td>\n<td colspan=\"42\">\u226418 kg<\/td>\n<\/tr>\n<tr>\n<td colspan=\"18\">Lumi\u00e8re de r\u00e9sistance<\/td>\n<td colspan=\"42\">6500LUX<\/td>\n<\/tr>\n<tr>\n<td colspan=\"18\">Environnement de travail<\/td>\n<td colspan=\"42\">-10 \u00b0 C ~ + 50 \u00b0 C, humidit\u00e9 &lt;95 \u00b0<\/td>\n<\/tr>\n<tr>\n<td colspan=\"18\">Dimensions globales \/ poids<\/td>\n<td colspan=\"42\">105mmx62mmx41.3mm \/ 0.1kg<\/td>\n<\/tr>\n<tr>\n<td colspan=\"18\">Alt\u00e9rer<\/td>\n<td colspan=\"42\">Protection de l&#8217;unit\u00e9 et protection des murs de s\u00e9paration<\/td>\n<\/tr>\n<tr>\n<td colspan=\"18\">Puissance<\/td>\n<td colspan=\"42\">Batterie 1xCR123A<\/td>\n<\/tr>\n<tr>\n<td colspan=\"18\">Hauteur d&#8217;installation<\/td>\n<td colspan=\"42\">Support mural, 2.2-2.5m<\/td>\n<\/tr>\n<tr>\n<td colspan=\"60\">\n<h4>ARD311-W<\/h4>\n<\/td>\n<\/tr>\n<tr>\n<td colspan=\"18\">pr\u00e9nom<\/td>\n<td colspan=\"42\">Capteur de porte sans fil<\/td>\n<\/tr>\n<tr>\n<td colspan=\"18\">Distance de mouvement<\/td>\n<td colspan=\"42\">25-40mm<\/td>\n<\/tr>\n<tr>\n<td colspan=\"18\">Invite d&#8217;alarme<\/td>\n<td colspan=\"42\">Notification LED, peut \u00eatre r\u00e9gl\u00e9 pour \u00e9teindre<\/td>\n<\/tr>\n<tr>\n<td colspan=\"18\">Fr\u00e9quence sans fil<\/td>\n<td colspan=\"42\">433 \/ 868MHz<\/td>\n<\/tr>\n<tr>\n<td colspan=\"18\">Puissance de transmission<\/td>\n<td colspan=\"42\">10dBm<\/td>\n<\/tr>\n<\/tbody>\n<\/table>\n<\/div>\n<\/div>\n<div id=\"div_left\">\n<div class=\"div-drop\">\n<table id=\"table003\" class=\"NEW-TABLE TableOverride-1 tab-drag\">\n<tbody>\n<tr>\n<td colspan=\"18\">Distance de transmission<\/td>\n<td colspan=\"42\">150m (zone ouverte \/ aucune interf\u00e9rence)<\/td>\n<\/tr>\n<tr>\n<td colspan=\"18\">Alt\u00e9rer<\/td>\n<td colspan=\"42\">Couverture avant et arri\u00e8re<\/td>\n<\/tr>\n<tr>\n<td colspan=\"18\">Puissance<\/td>\n<td colspan=\"42\">Batterie 1xCR123A<\/td>\n<\/tr>\n<tr>\n<td colspan=\"18\">Mani\u00e8re d&#8217;installation<\/td>\n<td colspan=\"42\">Vis et colle<\/td>\n<\/tr>\n<tr>\n<td colspan=\"18\">Dimensions<\/td>\n<td colspan=\"42\">84 * 39 * 22mm<\/td>\n<\/tr>\n<tr>\n<td colspan=\"18\">Poids<\/td>\n<td colspan=\"42\">0,1 kg<\/td>\n<\/tr>\n<tr>\n<td colspan=\"18\">Temp\u00e9rature<\/td>\n<td colspan=\"42\">-10 \u00b0 C ~ 50 \u00b0 C<\/td>\n<\/tr>\n<tr>\n<td colspan=\"18\">Humidit\u00e9<\/td>\n<td colspan=\"42\">&lt;95%<\/td>\n<\/tr>\n<tr>\n<td colspan=\"18\">Installation<\/td>\n<td colspan=\"42\">Visser ou coller pour monter<\/td>\n<\/tr>\n<tr>\n<td colspan=\"60\">\n<h4>ARA22-W<\/h4>\n<\/td>\n<\/tr>\n<tr>\n<td colspan=\"18\">pr\u00e9nom<\/td>\n<td colspan=\"42\">T\u00e9l\u00e9commande<\/td>\n<\/tr>\n<tr>\n<td colspan=\"18\">Tension de travail<\/td>\n<td colspan=\"42\">DC3.0V<\/td>\n<\/tr>\n<tr>\n<td colspan=\"18\">La fr\u00e9quence<\/td>\n<td colspan=\"42\">433 \/ 868MHz<\/td>\n<\/tr>\n<tr>\n<td colspan=\"18\">Puissance de transmission<\/td>\n<td colspan=\"42\">10dBm<\/td>\n<\/tr>\n<tr>\n<td colspan=\"18\">Cl\u00e9<\/td>\n<td colspan=\"42\">Bras absent \/ Bras restant \/ D\u00e9sarmer \/ SOS<\/td>\n<\/tr>\n<tr>\n<td colspan=\"18\">Temp\u00e9rature<\/td>\n<td colspan=\"42\">-10 \u00b0 C ~ 55 \u00b0 C<\/td>\n<\/tr>\n<tr>\n<td colspan=\"18\">Protection contre la p\u00e9n\u00e9tration<\/td>\n<td colspan=\"42\">IP20<\/td>\n<\/tr>\n<tr>\n<td colspan=\"18\">Dimension<\/td>\n<td colspan=\"42\">62 * 30 * 14mm<\/td>\n<\/tr>\n<\/tbody>\n<\/table>\n<\/div>\n<\/div>\n","protected":false},"excerpt":{"rendered":"<p class=\"text\" data-v-c786ec5e=\"\">Kit de s\u00e9curit\u00e9 d&#8217;alarme<\/p>\n<ul>\n<li>WiFi pour la communication<\/li>\n<li>28 d\u00e9tecteurs sans fil + 8\u00a0t\u00e9l\u00e9commandes\u00a0sans fil + 4 sir\u00e8nes sans fil, plage de transimission allant jusqu&#8217;\u00e0 150 m d&#8217;espace ouvert<\/li>\n<li>Technologie Airfly, cryptage AES bidirectionnel dynamique \u00e0 128 bits.<\/li>\n<li>Contr\u00f4le global.\u00a0Sachez ce qui se passe 24h \/ 24, 7j \/ 7, pr\u00e9visualisez et lisez des vid\u00e9os, recevez des notifications via DMSS n&#8217;importe o\u00f9, n&#8217;importe quand<\/li>\n<li>Installation facile, pas de c\u00e2blage.\u00a0Pas de contrat ni de frais mensuels<\/li>\n<li>1 concentrateur d&#8217;alarme (WiFi), 2 d\u00e9tecteurs PIR, 2 d\u00e9tecteurs de porte \/ fen\u00eatre, 2 t\u00e9l\u00e9commandes, 1 IPC-C35<\/li>\n<\/ul>\n","protected":false},"featured_media":19052,"comment_status":"open","ping_status":"closed","template":"","meta":{"om_disable_all_campaigns":false,"_monsterinsights_skip_tracking":false,"_monsterinsights_sitenote_active":false,"_monsterinsights_sitenote_note":"","_monsterinsights_sitenote_category":0},"product_cat":[565,564],"product_tag":[205,566,567,260,208,261,262,209,210,263,264,211,228,212,213,265,214,229,191,193,216,195,218,196,272,197,198,199,220,231,241,200,201,222,280,281,223,282,255,283,284,285,257,286,224,225,287,288,289,226,290,291,292,202],"class_list":{"0":"post-18996","1":"product","2":"type-product","3":"status-publish","4":"has-post-thumbnail","6":"product_cat-kit","7":"product_cat-systemes-dalarme","8":"product_tag-alarme","9":"product_tag-art-arc2000b-06-c35","10":"product_tag-art-arc2000b-06-c35-kit-de-securite-dalarme","11":"product_tag-camera-de-surveillance-tanger","12":"product_tag-camera-ip","13":"product_tag-camera-ip-dahua","14":"product_tag-camera-maroc","15":"product_tag-camera-surveillance","16":"product_tag-camera-surveillance-afrique","17":"product_tag-camera-surveillance-avec-un-bon-prix","18":"product_tag-camera-surveillance-casablanca","19":"product_tag-camera-surveillance-dahua","20":"product_tag-camera-surveillance-maroc","21":"product_tag-camera-surveillance-tanger","22":"product_tag-camera-dahua","23":"product_tag-control-dacces-tanger","24":"product_tag-dahua-afrique","25":"product_tag-dahua-agadir","26":"product_tag-dahua-algerie","27":"product_tag-dahua-casablanca","28":"product_tag-dahua-el-jadida","29":"product_tag-dahua-fes","30":"product_tag-dahua-hoceima","31":"product_tag-dahua-kenitra","32":"product_tag-dahua-laayoune","33":"product_tag-dahua-maroc","34":"product_tag-dahua-marrakech","35":"product_tag-dahua-meknes","36":"product_tag-dahua-nador","37":"product_tag-dahua-nvr","38":"product_tag-dahua-oujda","39":"product_tag-dahua-rabat","40":"product_tag-dahua-tanger","41":"product_tag-dahua-tetouan","42":"product_tag-desenfumage-tanger","43":"product_tag-detection-incendie","44":"product_tag-disque-dur","45":"product_tag-distributeur-dahua","46":"product_tag-hdcvi","47":"product_tag-installation-alarme","48":"product_tag-installations-camera-de-surveillance-maroc","49":"product_tag-moniteur-dimage","50":"product_tag-nvr","51":"product_tag-pack-camera-de-surveillance","52":"product_tag-pack-camera-de-surveillance-dahua","53":"product_tag-pointeuse","54":"product_tag-porte-automatiques","55":"product_tag-portes-coup-feu-tanger","56":"product_tag-skydome-tanger","57":"product_tag-smart-lock","58":"product_tag-sprinkler-tanger","59":"product_tag-travaux-d-incendie-tanger","60":"product_tag-video-surveillance-tanger","61":"product_tag-x-securite","63":"first","64":"instock","65":"shipping-taxable","66":"purchasable","67":"product-type-simple","68":"add-to-wishlist-after_add_to_cart"},"aioseo_notices":[],"_links":{"self":[{"href":"https:\/\/tthcompany.ma\/index.php\/wp-json\/wp\/v2\/product\/18996","targetHints":{"allow":["GET"]}}],"collection":[{"href":"https:\/\/tthcompany.ma\/index.php\/wp-json\/wp\/v2\/product"}],"about":[{"href":"https:\/\/tthcompany.ma\/index.php\/wp-json\/wp\/v2\/types\/product"}],"replies":[{"embeddable":true,"href":"https:\/\/tthcompany.ma\/index.php\/wp-json\/wp\/v2\/comments?post=18996"}],"wp:featuredmedia":[{"embeddable":true,"href":"https:\/\/tthcompany.ma\/index.php\/wp-json\/wp\/v2\/media\/19052"}],"wp:attachment":[{"href":"https:\/\/tthcompany.ma\/index.php\/wp-json\/wp\/v2\/media?parent=18996"}],"wp:term":[{"taxonomy":"product_cat","embeddable":true,"href":"https:\/\/tthcompany.ma\/index.php\/wp-json\/wp\/v2\/product_cat?post=18996"},{"taxonomy":"product_tag","embeddable":true,"href":"https:\/\/tthcompany.ma\/index.php\/wp-json\/wp\/v2\/product_tag?post=18996"}],"curies":[{"name":"wp","href":"https:\/\/api.w.org\/{rel}","templated":true}]}}