{"id":18853,"date":"2022-08-17T10:14:13","date_gmt":"2022-08-17T10:14:13","guid":{"rendered":"https:\/\/tthcompany.ma\/?post_type=product&#038;p=18853"},"modified":"2022-08-17T10:14:26","modified_gmt":"2022-08-17T10:14:26","slug":"pfs4018-16p-250","status":"publish","type":"product","link":"https:\/\/tthcompany.ma\/index.php\/product\/pfs4018-16p-250\/","title":{"rendered":"PFS4018-16P-250"},"content":{"rendered":"<div id=\"div_left\">\n<div class=\"div-drop ui-droppable\">\n<p>&nbsp;<\/p>\n<table id=\"table001\" class=\"NEW-TABLE TableOverride-1 tab-drag ui-draggable ui-draggable-handle\">\n<tbody>\n<tr>\n<td colspan=\"2\">\n<h2><span style=\"font-size: 14pt;\">Sp\u00e9ci\ufb01cation technique<\/span><\/h2>\n<\/td>\n<\/tr>\n<tr>\n<td>Mod\u00e8le<\/td>\n<td>DH-PFS4018-16P-250<\/td>\n<\/tr>\n<tr>\n<td>Port Ethernet<\/td>\n<td>2 * 10\/100\/1000 Base-T<\/p>\n<p>16 * 10\/100 Base-T (alimentation PoE)<\/td>\n<\/tr>\n<tr>\n<td>Consommation d&#8217;\u00e9nergie PoE<\/td>\n<td>Chaque puissance<\/p>\n<p>Total\u2264250W<\/td>\n<\/tr>\n<tr>\n<td>Protocole PoE<\/td>\n<td>IEEE802.3af<\/p>\n<p>IEEE802.3at<\/td>\n<\/tr>\n<tr>\n<td>Capacit\u00e9 de commutation<\/td>\n<td>24.8G<\/td>\n<\/tr>\n<tr>\n<td>Taux de transfert de paquets<\/td>\n<td>5.36Mpps<\/td>\n<\/tr>\n<tr>\n<td>Humidit\u00e9 d&#8217;application<\/td>\n<td>10% \u00e0 90%<\/td>\n<\/tr>\n<tr>\n<td>Puissance<\/td>\n<td>AC 100 ~ 240V<\/td>\n<\/tr>\n<tr>\n<td>Protection contre la foudre<\/td>\n<td>Mode commun 2KV<\/p>\n<p>Mode diff\u00e9rentiel 1KV<\/td>\n<\/tr>\n<tr>\n<td>Temp\u00e9rature de fonctionnement<\/td>\n<td>-10\u00a0\u2103\u00a0~ 55\u00a0\u2103<\/td>\n<\/tr>\n<tr>\n<td>Poids<\/td>\n<td>2,69 kg<\/td>\n<\/tr>\n<tr>\n<td>Dimension (L \u00d7 P \u00d7 H)<\/td>\n<td>442mm \u00d7 124mm \u00d7 44.5mm<\/td>\n<\/tr>\n<\/tbody>\n<\/table>\n<\/div>\n<\/div>\n<div id=\"div_right\">\n<div class=\"div-drop ui-droppable\">\n<table id=\"table002\" class=\"NEW-TABLE TableOverride-1 tab-drag ui-draggable ui-draggable-handle\">\n<tbody>\n<tr>\n<td colspan=\"2\">\n<h2><span style=\"font-size: 14pt;\">Caract\u00e9ristiques du service<\/span><\/h2>\n<\/td>\n<\/tr>\n<tr>\n<td rowspan=\"2\">Syst\u00e8me<\/td>\n<td>Nom d&#8217;utilisateur \/ mot de passe: admin \/ admin<\/td>\n<\/tr>\n<tr>\n<td>Adresse IP: 192.168.1.200\/24<\/td>\n<\/tr>\n<tr>\n<td>PoE Budget<\/td>\n<td>250W<\/td>\n<\/tr>\n<tr>\n<td>Table MAC<\/td>\n<td>16K<\/td>\n<\/tr>\n<tr>\n<td rowspan=\"2\">VLAN<\/td>\n<td>VLAN bas\u00e9 sur le port<\/td>\n<\/tr>\n<tr>\n<td>VLAN standard 802.1Q<\/td>\n<\/tr>\n<tr>\n<td rowspan=\"2\">Spanning Tree<\/td>\n<td>STP<\/td>\n<\/tr>\n<tr>\n<td>RSTP<\/td>\n<\/tr>\n<tr>\n<td>Agr\u00e9gation Portuaire<\/td>\n<td>Agr\u00e9gation de liens<\/td>\n<\/tr>\n<tr>\n<td>En miroir<\/td>\n<td>Prise en charge de la mise en miroir de ports plusieurs-\u00e0-un<\/td>\n<\/tr>\n<tr>\n<td rowspan=\"2\">Contr\u00f4le de flux<\/td>\n<td>Prise en charge du semi-duplex bas\u00e9 sur le contr\u00f4le du type de contre-pression<\/td>\n<\/tr>\n<tr>\n<td>Prise en charge du duplex int\u00e9gral bas\u00e9 sur le cadre PAUSE<\/td>\n<\/tr>\n<tr>\n<td>Multidiffusion<\/td>\n<td>IGMP Snooping<\/td>\n<\/tr>\n<tr>\n<td rowspan=\"2\">Fonctions de s\u00e9curit\u00e9<\/td>\n<td>Le mat\u00e9riel prend en charge la liaison IP + MAC en fonction du port<\/td>\n<\/tr>\n<tr>\n<td>Prise en charge de l&#8217;authentification du port IEEE802.1x<\/td>\n<\/tr>\n<tr>\n<td rowspan=\"3\">Entretien du syst\u00e8me<\/td>\n<td>Soutenir le t\u00e9l\u00e9chargement du fichier de configuration<\/td>\n<\/tr>\n<tr>\n<td>Soutenir le t\u00e9l\u00e9chargement de paquets mis \u00e0 jour<\/td>\n<\/tr>\n<tr>\n<td>Journaux syst\u00e8me de soutien<\/td>\n<\/tr>\n<tr>\n<td>La gestion du r\u00e9seau<\/td>\n<td>WEB (protocole http et https)<\/td>\n<\/tr>\n<\/tbody>\n<\/table>\n<p>&nbsp;<\/p>\n<\/div>\n<\/div>\n","protected":false},"excerpt":{"rendered":"<h1 class=\"text\"><span style=\"color: #000000; font-size: 10pt;\"><strong>Commutateur PoE 16 ports<\/strong><\/span><\/h1>\n<ul>\n<li>Commutateur PoE de gestion de r\u00e9seau \u00e0 deux couches<\/li>\n<li>Prise en charge des normes IEEE802.3af, IEEE802.3at<\/li>\n<li>Protocole STP \/ RSTP de prise en charge<\/li>\n<li>Conformit\u00e9 aux normes IEEE802.3, IEEE802.3u, IEEE802.3ab et IEEE802.3X<\/li>\n<li>Prise en charge de la r\u00e9cup\u00e9ration par cl\u00e9 de l&#8217;adresse IP et du mot de passe de l&#8217;utilisateur<\/li>\n<\/ul>\n","protected":false},"featured_media":18870,"comment_status":"open","ping_status":"closed","template":"","meta":{"om_disable_all_campaigns":false,"_monsterinsights_skip_tracking":false,"_monsterinsights_sitenote_active":false,"_monsterinsights_sitenote_note":"","_monsterinsights_sitenote_category":0},"product_cat":[302,330],"product_tag":[205,331,260,261,262,210,263,264,211,228,212,213,189,265,214,229,266,193,267,216,217,268,195,218,269,196,270,271,272,197,198,199,220,273,241,200,274,275,201,276,277,222,278,279,280,281,282,283,284,285,286,224,332,225,287,288,289,226,290,333,291,292],"class_list":{"0":"post-18853","1":"product","2":"type-product","3":"status-publish","4":"has-post-thumbnail","6":"product_cat-produits-ip","7":"product_cat-switch-poe","8":"product_tag-alarme","9":"product_tag-camera-de-surveillance-maroc","10":"product_tag-camera-de-surveillance-tanger","11":"product_tag-camera-ip-dahua","12":"product_tag-camera-maroc","13":"product_tag-camera-surveillance-afrique","14":"product_tag-camera-surveillance-avec-un-bon-prix","15":"product_tag-camera-surveillance-casablanca","16":"product_tag-camera-surveillance-dahua","17":"product_tag-camera-surveillance-maroc","18":"product_tag-camera-surveillance-tanger","19":"product_tag-camera-dahua","20":"product_tag-camera-dahua-sd59230t-hn","21":"product_tag-control-dacces-tanger","22":"product_tag-dahua-afrique","23":"product_tag-dahua-agadir","24":"product_tag-dahua-azrou","25":"product_tag-dahua-casablanca","26":"product_tag-dahua-dakhla","27":"product_tag-dahua-el-jadida","28":"product_tag-dahua-eljadida","29":"product_tag-dahua-errachidia","30":"product_tag-dahua-fes","31":"product_tag-dahua-hoceima","32":"product_tag-dahua-ifrane","33":"product_tag-dahua-kenitra","34":"product_tag-dahua-khemisset","35":"product_tag-dahua-khouribga","36":"product_tag-dahua-laayoune","37":"product_tag-dahua-maroc","38":"product_tag-dahua-marrakech","39":"product_tag-dahua-meknes","40":"product_tag-dahua-nador","41":"product_tag-dahua-ouarzazate","42":"product_tag-dahua-oujda","43":"product_tag-dahua-rabat","44":"product_tag-dahua-safi","45":"product_tag-dahua-settat","46":"product_tag-dahua-tanger","47":"product_tag-dahua-taroudant","48":"product_tag-dahua-taza","49":"product_tag-dahua-tetouan","50":"product_tag-dahua-tiflet","51":"product_tag-dahua-tiznit","52":"product_tag-desenfumage-tanger","53":"product_tag-detection-incendie","54":"product_tag-distributeur-dahua","55":"product_tag-installation-alarme","56":"product_tag-installations-camera-de-surveillance-maroc","57":"product_tag-moniteur-dimage","58":"product_tag-pack-camera-de-surveillance","59":"product_tag-pack-camera-de-surveillance-dahua","60":"product_tag-pfs4018-16p-250","61":"product_tag-pointeuse","62":"product_tag-porte-automatiques","63":"product_tag-portes-coup-feu-tanger","64":"product_tag-skydome-tanger","65":"product_tag-smart-lock","66":"product_tag-sprinkler-tanger","67":"product_tag-switch","68":"product_tag-travaux-d-incendie-tanger","69":"product_tag-video-surveillance-tanger","71":"first","72":"instock","73":"shipping-taxable","74":"purchasable","75":"product-type-simple","76":"add-to-wishlist-after_add_to_cart"},"aioseo_notices":[],"_links":{"self":[{"href":"https:\/\/tthcompany.ma\/index.php\/wp-json\/wp\/v2\/product\/18853","targetHints":{"allow":["GET"]}}],"collection":[{"href":"https:\/\/tthcompany.ma\/index.php\/wp-json\/wp\/v2\/product"}],"about":[{"href":"https:\/\/tthcompany.ma\/index.php\/wp-json\/wp\/v2\/types\/product"}],"replies":[{"embeddable":true,"href":"https:\/\/tthcompany.ma\/index.php\/wp-json\/wp\/v2\/comments?post=18853"}],"wp:featuredmedia":[{"embeddable":true,"href":"https:\/\/tthcompany.ma\/index.php\/wp-json\/wp\/v2\/media\/18870"}],"wp:attachment":[{"href":"https:\/\/tthcompany.ma\/index.php\/wp-json\/wp\/v2\/media?parent=18853"}],"wp:term":[{"taxonomy":"product_cat","embeddable":true,"href":"https:\/\/tthcompany.ma\/index.php\/wp-json\/wp\/v2\/product_cat?post=18853"},{"taxonomy":"product_tag","embeddable":true,"href":"https:\/\/tthcompany.ma\/index.php\/wp-json\/wp\/v2\/product_tag?post=18853"}],"curies":[{"name":"wp","href":"https:\/\/api.w.org\/{rel}","templated":true}]}}