{"id":18835,"date":"2022-08-17T10:14:12","date_gmt":"2022-08-17T10:14:12","guid":{"rendered":"https:\/\/tthcompany.ma\/?post_type=product&#038;p=18835"},"modified":"2022-08-17T10:14:16","modified_gmt":"2022-08-17T10:14:16","slug":"me1200ap","status":"publish","type":"product","link":"https:\/\/tthcompany.ma\/index.php\/product\/me1200ap\/","title":{"rendered":"ME1200AP"},"content":{"rendered":"<div id=\"div_left\">\n<div class=\"div-drop\">\n<table id=\"table001\" class=\"NEW-TABLE TableOverride-1 tab-drag\">\n<tbody>\n<tr>\n<td colspan=\"60\">\n<h2><span style=\"font-size: 14pt;\">Cam\u00e9ra<\/span><\/h2>\n<\/td>\n<\/tr>\n<tr>\n<td colspan=\"18\">Capteur d&#8217;image<\/td>\n<td colspan=\"42\">CMOS 1 \/ 2,7 &#8220;<\/td>\n<\/tr>\n<tr>\n<td colspan=\"18\">Pixels efficaces<\/td>\n<td colspan=\"42\">1920 (H) \u00d7 1080 (V), 2MP<\/td>\n<\/tr>\n<tr>\n<td colspan=\"18\">Syst\u00e8me de num\u00e9risation<\/td>\n<td colspan=\"42\">Progressive<\/td>\n<\/tr>\n<tr>\n<td colspan=\"18\">Vitesse d&#8217;obturation \u00e9lectronique<\/td>\n<td colspan=\"42\">PAL: 1\/25 ~ 1 \/ 100000s<\/p>\n<p>NTSC: 1\/30 ~ 1 \/ 100000s<\/td>\n<\/tr>\n<tr>\n<td colspan=\"18\">Illumination minimum<\/td>\n<td colspan=\"42\">0.02Lux \/ F2.4 (couleur), 0.002Lux \/ F2.4 (N \/ B)<\/td>\n<\/tr>\n<tr>\n<td colspan=\"18\">Rapport S \/ N<\/td>\n<td colspan=\"42\">Plus de 65 dB<\/td>\n<\/tr>\n<tr>\n<td colspan=\"18\">Distance IR<\/td>\n<td colspan=\"42\">N \/ A<\/td>\n<\/tr>\n<tr>\n<td colspan=\"18\">Contr\u00f4le marche \/ arr\u00eat IR<\/td>\n<td colspan=\"42\">N \/ A<\/td>\n<\/tr>\n<tr>\n<td colspan=\"18\">LED IR<\/td>\n<td colspan=\"42\">N \/ A<\/td>\n<\/tr>\n<tr>\n<td colspan=\"60\">\n<h2><span style=\"font-size: 14pt;\">Lentille<\/span><\/h2>\n<\/td>\n<\/tr>\n<tr>\n<td colspan=\"18\">Type de lentille<\/td>\n<td colspan=\"42\">Objectif fixe \/ Iris fixe<\/td>\n<\/tr>\n<tr>\n<td colspan=\"18\">Type de montage<\/td>\n<td colspan=\"42\">Embarquement<\/td>\n<\/tr>\n<tr>\n<td colspan=\"18\">Distance focale<\/td>\n<td colspan=\"42\">3,6 mm (2,8 mm en option)<\/td>\n<\/tr>\n<tr>\n<td colspan=\"18\">Ouverture maximale<\/td>\n<td colspan=\"42\">F2.4<\/td>\n<\/tr>\n<tr>\n<td colspan=\"18\">Angle de vue<\/td>\n<td colspan=\"42\">H: 96 \u00b0 (107 \u00b0)<\/td>\n<\/tr>\n<tr>\n<td colspan=\"18\">Contr\u00f4le de la mise au point<\/td>\n<td colspan=\"42\">N \/ A<\/td>\n<\/tr>\n<tr>\n<td colspan=\"18\">Distance de mise au point rapproch\u00e9e<\/td>\n<td colspan=\"42\">500 mm (500 mm)<\/p>\n<p>19,7 pouces (19,7 pouces)<\/td>\n<\/tr>\n<tr>\n<td colspan=\"60\">\n<h2><span style=\"font-size: 14pt;\">Distance DORI<\/span><\/h2>\n<\/td>\n<\/tr>\n<tr>\n<td colspan=\"60\">Remarque: la distance DORI est une \u00abproximit\u00e9 g\u00e9n\u00e9rale\u00bb de la distance qui permet de localiser facilement la cam\u00e9ra adapt\u00e9e \u00e0 vos besoins.\u00a0La distance DORI est calcul\u00e9e en fonction des sp\u00e9cifications du capteur et du r\u00e9sultat du test de laboratoire conform\u00e9ment \u00e0 la norme EN 62676-4 qui d\u00e9finit respectivement les crit\u00e8res de d\u00e9tection, d&#8217;observation, de reconnaissance et d&#8217;identification.<\/td>\n<\/tr>\n<tr>\n<td colspan=\"18\"><\/td>\n<td colspan=\"21\">DORI<\/p>\n<p>D\u00e9finition<\/td>\n<td colspan=\"21\">Distance<\/td>\n<\/tr>\n<tr>\n<td colspan=\"18\">D\u00e9tecter<\/td>\n<td colspan=\"21\">25 px \/ m<\/p>\n<p>(8px \/ pi)<\/td>\n<td colspan=\"21\">2,8 mm: 41 m (134 pieds)<\/p>\n<p>3,6 mm: 49 m (162 pieds)<\/td>\n<\/tr>\n<tr>\n<td colspan=\"18\">Observer<\/td>\n<td colspan=\"21\">63 px \/ m<\/p>\n<p>(19 px \/ pi)<\/td>\n<td colspan=\"21\">2,8 mm: 16 m (53 pieds)<\/p>\n<p>3,6 mm: 20 m (65 pieds)<\/td>\n<\/tr>\n<tr>\n<td colspan=\"18\">Reconna\u00eetre<\/td>\n<td colspan=\"21\">125 px \/ m<\/p>\n<p>(38 px \/ pi)<\/td>\n<td colspan=\"21\">2,8 mm: 8 m (27 pieds)<\/p>\n<p>3,6 mm: 10 m (32 pieds)<\/td>\n<\/tr>\n<tr>\n<td colspan=\"18\">Identifier<\/td>\n<td colspan=\"21\">250 ppm<\/p>\n<p>(76 px \/ pi)<\/td>\n<td colspan=\"21\">2,8 mm: 4 m (13 pieds)<\/p>\n<p>3,6 mm: 5 m (16 pieds)<\/td>\n<\/tr>\n<tr>\n<td colspan=\"60\">\n<h2><span style=\"font-size: 14pt;\">Panoramique \/ inclinaison \/ rotation<\/span><\/h2>\n<\/td>\n<\/tr>\n<tr>\n<td colspan=\"18\">Panoramique \/ inclinaison \/ rotation<\/td>\n<td colspan=\"42\">Pan: 0 \u00b0 ~ 360 \u00b0<\/p>\n<p>Inclinaison: 0 \u00b0 ~ 90 \u00b0<\/p>\n<p>Rotation: 0 \u00b0 ~ 360 \u00b0<\/td>\n<\/tr>\n<tr>\n<td colspan=\"60\">\n<h2><span style=\"font-size: 14pt;\">Vid\u00e9o<\/span><\/h2>\n<\/td>\n<\/tr>\n<tr>\n<td colspan=\"18\">R\u00e9solution<\/td>\n<td colspan=\"42\">1080P (1920 \u00d7 1080)<\/td>\n<\/tr>\n<tr>\n<td colspan=\"18\">Fr\u00e9quence d&#8217;images<\/td>\n<td colspan=\"42\">25 \/ 30fps \u00e0 1080P, 25 \/ 30fps \u00e0 720P<\/td>\n<\/tr>\n<tr>\n<td colspan=\"18\">Sortie vid\u00e9o<\/td>\n<td colspan=\"42\">Sortie vid\u00e9o haute d\u00e9finition BNC 1 canal \/ CVBS<\/p>\n<p>sortie vid\u00e9o (peut basculer)<\/td>\n<\/tr>\n<tr>\n<td colspan=\"18\">Jour Nuit<\/td>\n<td colspan=\"42\">\u00c9lectronique<\/td>\n<\/tr>\n<\/tbody>\n<\/table>\n<\/div>\n<\/div>\n<div id=\"div_left\">\n<div class=\"div-drop\">\n<table id=\"table002\" class=\"NEW-TABLE TableOverride-1 tab-drag\">\n<tbody>\n<tr>\n<td colspan=\"18\">Menu OSD<\/td>\n<td colspan=\"42\">Multi-langue<\/td>\n<\/tr>\n<tr>\n<td colspan=\"18\">Mode BLC<\/td>\n<td colspan=\"42\">BLC \/ HLC \/ DWDR<\/td>\n<\/tr>\n<tr>\n<td colspan=\"18\">WDR<\/td>\n<td colspan=\"42\">DWDR<\/td>\n<\/tr>\n<tr>\n<td colspan=\"18\">Prendre le contr\u00f4le<\/td>\n<td colspan=\"42\">AGC<\/td>\n<\/tr>\n<tr>\n<td colspan=\"18\">R\u00e9duction de bruit<\/td>\n<td colspan=\"42\">2D<\/td>\n<\/tr>\n<tr>\n<td colspan=\"18\">Balance des blancs<\/td>\n<td colspan=\"42\">Auto \/ Manuel<\/td>\n<\/tr>\n<tr>\n<td colspan=\"18\">IR intelligent<\/td>\n<td colspan=\"42\">N \/ A<\/td>\n<\/tr>\n<tr>\n<td colspan=\"18\">PIR<\/td>\n<td colspan=\"42\"><\/td>\n<\/tr>\n<tr>\n<td colspan=\"18\">D\u00e9tection<\/td>\n<td colspan=\"42\">Infrarouge passif<\/td>\n<\/tr>\n<tr>\n<td colspan=\"18\">Port\u00e9e de d\u00e9tection<\/td>\n<td colspan=\"42\">10m, 110 \u00b0<\/td>\n<\/tr>\n<tr>\n<td colspan=\"18\">Hauteur d&#8217;installation<\/td>\n<td colspan=\"42\">Support Defualt, montage mural, 2,2-3 m<\/td>\n<\/tr>\n<tr>\n<td colspan=\"60\">\n<h2><span style=\"font-size: 14pt;\">Certifications<\/span><\/h2>\n<\/td>\n<\/tr>\n<tr>\n<td colspan=\"18\">Certifications<\/td>\n<td colspan=\"42\">CE (EN55032, EN55024, EN50130-4)<\/p>\n<p>FCC (CFR 47 FCC Partie 15 sous-partie B, ANSI C63.4-2014)<\/p>\n<p>UL (UL60950-1 + CAN \/ CSA C22.2 n \u00b0 60950-1)<\/td>\n<\/tr>\n<tr>\n<td colspan=\"60\">\n<h2><span style=\"font-size: 14pt;\">Interface<\/span><\/h2>\n<\/td>\n<\/tr>\n<tr>\n<td colspan=\"18\">Interface audio<\/td>\n<td colspan=\"42\">N \/ A<\/td>\n<\/tr>\n<tr>\n<td colspan=\"60\">\n<h2><span style=\"font-size: 14pt;\">\u00c9lectrique<\/span><\/h2>\n<\/td>\n<\/tr>\n<tr>\n<td colspan=\"18\">Source de courant<\/td>\n<td colspan=\"42\">12 V CC \u00b1 30%<\/td>\n<\/tr>\n<tr>\n<td colspan=\"18\">Consommation d&#8217;\u00e9nergie<\/td>\n<td colspan=\"42\">Max 0.8W (12V DC, IR activ\u00e9)<\/td>\n<\/tr>\n<tr>\n<td colspan=\"60\">\n<h2><span style=\"font-size: 14pt;\">Environnement<\/span><\/h2>\n<\/td>\n<\/tr>\n<tr>\n<td colspan=\"18\">Des conditions de fonctionnement<\/td>\n<td colspan=\"42\">-10 \u00b0 C ~ + 50 \u00b0 C (+ 14 \u00b0 F ~ + 122 \u00b0 F) \/ Moins de 95% HR<\/p>\n<p>* Le d\u00e9marrage doit \u00eatre effectu\u00e9 \u00e0 une temp\u00e9rature sup\u00e9rieure \u00e0 -10 \u00b0 C (14 \u00b0 F)<\/td>\n<\/tr>\n<tr>\n<td colspan=\"18\">Conditions de stockage<\/td>\n<td colspan=\"42\">-10 \u00b0 C ~ + 50 \u00b0 C (+ 14 \u00b0 F ~ + 122 \u00b0 F) \/ Moins de 95% HR<\/td>\n<\/tr>\n<tr>\n<td colspan=\"18\">Protection contre les infiltrations et\u00a0r\u00e9sistance au vandalisme<\/td>\n<td colspan=\"42\">N \/ A<\/td>\n<\/tr>\n<tr>\n<td colspan=\"60\">\n<h2><span style=\"font-size: 14pt;\">Construction<\/span><\/h2>\n<\/td>\n<\/tr>\n<tr>\n<td colspan=\"18\">Enveloppe<\/td>\n<td colspan=\"42\">Plastique<\/td>\n<\/tr>\n<tr>\n<td colspan=\"18\">Dimensions<\/td>\n<td colspan=\"42\">120 mm \u00d7 62 mm \u00d7 58 mm (4,72 &#8220;\u00d7 2,44&#8221; \u00d7 2,28 &#8220;)<\/td>\n<\/tr>\n<tr>\n<td colspan=\"18\">Poids net<\/td>\n<td colspan=\"42\">0,13 kg (0,29 livre)<\/td>\n<\/tr>\n<tr>\n<td colspan=\"18\">Poids brut<\/td>\n<td colspan=\"42\">0,18 kg (0,40 livre)<\/td>\n<\/tr>\n<\/tbody>\n<\/table>\n<\/div>\n<\/div>\n","protected":false},"excerpt":{"rendered":"<h1 id=\"tw-target-text\" class=\"tw-data-text tw-text-large tw-ta\" dir=\"ltr\" data-placeholder=\"Traduction\"><span style=\"color: #000000;\"><strong><span style=\"font-size: 10pt; font-family: georgia, palatino, serif;\">Cam\u00e9ra MotionEye HDCVI 2MP<\/span><\/strong><\/span><\/h1>\n<ul>\n<li>30 images \/ seconde maxi @ 1080p<\/li>\n<li>Sorties HD et SD commutables<\/li>\n<li>Objectif fixe de 2,8 mm<\/li>\n<li>Port\u00e9e \/ angle de d\u00e9tection de 12 m \/ 100 \u00b0<\/li>\n<li>Sensibilit\u00e9 de d\u00e9tection de deux niveaux r\u00e9glable<\/li>\n<li>Interrupteur de s\u00e9curit\u00e9 int\u00e9gr\u00e9<\/li>\n<li>DC12V<br \/>\n<img decoding=\"async\" class=\"alignnone size-medium wp-image-6117\" src=\"http:\/\/tthcompany.com\/wp-content\/uploads\/2017\/08\/20161028025958_17654-300x32.png\" alt=\"\" width=\"300\" height=\"32\" \/><\/li>\n<\/ul>\n<div id=\"gtx-trans\" style=\"position: absolute; left: 863px; top: 60.213px;\">\n<div class=\"gtx-trans-icon\"><\/div>\n<\/div>\n","protected":false},"featured_media":18860,"comment_status":"open","ping_status":"closed","template":"","meta":{"om_disable_all_campaigns":false,"_monsterinsights_skip_tracking":false,"_monsterinsights_sitenote_active":false,"_monsterinsights_sitenote_note":"","_monsterinsights_sitenote_category":0},"product_cat":[244,234,243,186],"product_tag":[204,206,209,213,238,214,191,192,215,230,239,193,216,217,195,218,240,196,198,200,201,222,245],"class_list":{"0":"post-18835","1":"product","2":"type-product","3":"status-publish","4":"has-post-thumbnail","6":"product_cat-2mp-cachee","7":"product_cat-cameras-hdcvi","8":"product_cat-cameras-pir","9":"product_cat-produits-hdcvi","10":"product_tag-afrique-du-sud","11":"product_tag-camera","12":"product_tag-camera-surveillance","13":"product_tag-camera-dahua","14":"product_tag-daha-maroc","15":"product_tag-dahua-afrique","16":"product_tag-dahua-algerie","17":"product_tag-dahua-assila","18":"product_tag-dahua-camera","19":"product_tag-dahua-camera-4mp","20":"product_tag-dahua-casa","21":"product_tag-dahua-casablanca","22":"product_tag-dahua-el-jadida","23":"product_tag-dahua-eljadida","24":"product_tag-dahua-fes","25":"product_tag-dahua-hoceima","26":"product_tag-dahua-jadida","27":"product_tag-dahua-kenitra","28":"product_tag-dahua-marrakech","29":"product_tag-dahua-rabat","30":"product_tag-dahua-tanger","31":"product_tag-dahua-tetouan","32":"product_tag-hac-hum1220a-pir","34":"first","35":"instock","36":"shipping-taxable","37":"purchasable","38":"product-type-simple","39":"add-to-wishlist-after_add_to_cart"},"aioseo_notices":[],"_links":{"self":[{"href":"https:\/\/tthcompany.ma\/index.php\/wp-json\/wp\/v2\/product\/18835","targetHints":{"allow":["GET"]}}],"collection":[{"href":"https:\/\/tthcompany.ma\/index.php\/wp-json\/wp\/v2\/product"}],"about":[{"href":"https:\/\/tthcompany.ma\/index.php\/wp-json\/wp\/v2\/types\/product"}],"replies":[{"embeddable":true,"href":"https:\/\/tthcompany.ma\/index.php\/wp-json\/wp\/v2\/comments?post=18835"}],"wp:featuredmedia":[{"embeddable":true,"href":"https:\/\/tthcompany.ma\/index.php\/wp-json\/wp\/v2\/media\/18860"}],"wp:attachment":[{"href":"https:\/\/tthcompany.ma\/index.php\/wp-json\/wp\/v2\/media?parent=18835"}],"wp:term":[{"taxonomy":"product_cat","embeddable":true,"href":"https:\/\/tthcompany.ma\/index.php\/wp-json\/wp\/v2\/product_cat?post=18835"},{"taxonomy":"product_tag","embeddable":true,"href":"https:\/\/tthcompany.ma\/index.php\/wp-json\/wp\/v2\/product_tag?post=18835"}],"curies":[{"name":"wp","href":"https:\/\/api.w.org\/{rel}","templated":true}]}}