{"id":17345,"date":"2021-01-26T21:27:35","date_gmt":"2021-01-26T14:27:35","guid":{"rendered":"https:\/\/tthcompany.ma\/?post_type=product&#038;p=17345"},"modified":"2024-06-14T10:40:03","modified_gmt":"2024-06-14T10:40:03","slug":"canon-digital-camera-w-42x-optical-zoom","status":"publish","type":"product","link":"https:\/\/tthcompany.ma\/index.php\/product\/canon-digital-camera-w-42x-optical-zoom\/","title":{"rendered":"Armoire 4U"},"content":{"rendered":"<section class=\"elementor-section elementor-top-section elementor-element elementor-element-4a15fa82 elementor-section-boxed elementor-section-height-default elementor-section-height-default\" data-id=\"4a15fa82\" data-element_type=\"section\" data-settings=\"{&quot;background_background&quot;:&quot;classic&quot;}\">\n<div class=\"elementor-container elementor-column-gap-default\">\n<div class=\"elementor-column elementor-col-100 elementor-top-column elementor-element elementor-element-5e828b0a\" data-id=\"5e828b0a\" data-element_type=\"column\">\n<div class=\"elementor-widget-wrap elementor-element-populated\">\n<div class=\"elementor-element elementor-element-2252fe0d elementor-widget elementor-widget-heading\" data-id=\"2252fe0d\" data-element_type=\"widget\" data-widget_type=\"heading.default\">\n<div class=\"elementor-widget-container\">\n<h3 class=\"elementor-heading-title elementor-size-default\">Caract\u00e9ristiques techniques<\/h3>\n<\/div>\n<\/div>\n<div class=\"elementor-element elementor-element-cadd80 elementor-widget elementor-widget-text-editor\" data-id=\"cadd80\" data-element_type=\"widget\" data-widget_type=\"text-editor.default\">\n<div class=\"elementor-widget-container\">\n<ul>\n<li>Coffret mural 19 \u2018\u2019<\/li>\n<li>Installation murale du coffret facilit\u00e9e par un syst\u00e8me d\u2019\u00e9querre m\u00e9tallique : une seule personne seulement est n\u00e9cessaire pour la fixation au mur<\/li>\n<li>Noir RAL 9004<\/li>\n<li>Porte avant avec vitre en verre, d\u00e9montable et r\u00e9versible et \u00e9quip\u00e9e d\u2019une serrure<\/li>\n<li>Panneaux lat\u00e9raux : 2 points de fermeture sans clef<\/li>\n<li>4 montants 19\u2019\u2019<\/li>\n<li>Perforation pour fixation d\u2019un ventilateur sur le toit<\/li>\n<li>Ventilation naturelle via perforation des parties lat\u00e9rales et sup\u00e9rieures du coffret<\/li>\n<li>Pr\u00e9d\u00e9coupes sur les parties inf\u00e9rieures, sup\u00e9rieures et arri\u00e8res du coffret pour l\u2019entr\u00e9e des c\u00e2bles qui peuvent \u00eatre ferm\u00e9es avec des obturateurs pour plus d\u2019esth\u00e9tisme et une meilleure protection anti poussi\u00e8re<\/li>\n<li>Profondeur 400 mm<\/li>\n<li>Capacit\u00e9 de charge 40 Kg<\/li>\n<li>Conforme aux normes : ANSI\/EIA RS-310-D,DIN41497 part 1, IEC297- 2 , DIN41494 part<br \/>\n7, GBIT3047.2 -92<\/li>\n<\/ul>\n<\/div>\n<\/div>\n<div class=\"elementor-element elementor-element-3a9a4c31 elementor-widget elementor-widget-heading\" data-id=\"3a9a4c31\" data-element_type=\"widget\" data-widget_type=\"heading.default\">\n<div class=\"elementor-widget-container\">\n<h3 class=\"elementor-heading-title elementor-size-default\">Dimensions<\/h3>\n<\/div>\n<\/div>\n<div class=\"elementor-element elementor-element-907be4c elementor-widget elementor-widget-image\" data-id=\"907be4c\" data-element_type=\"widget\" data-widget_type=\"image.default\">\n<div class=\"elementor-widget-container\"><img fetchpriority=\"high\" decoding=\"async\" class=\"attachment-large size-large\" src=\"https:\/\/www.ttlinkcompany.com\/wp-content\/uploads\/2021\/06\/fiche-technique-SW4.54xx-06-06.png\" alt=\"\" width=\"568\" height=\"287\" \/><\/div>\n<\/div>\n<div class=\"elementor-element elementor-element-750490b7 elementor-widget elementor-widget-heading\" data-id=\"750490b7\" data-element_type=\"widget\" data-widget_type=\"heading.default\">\n<div class=\"elementor-widget-container\">\n<h3 class=\"elementor-heading-title elementor-size-default\">La composition d\u2019emballage :<\/h3>\n<\/div>\n<\/div>\n<div class=\"elementor-element elementor-element-2925f39f elementor-widget elementor-widget-text-editor\" data-id=\"2925f39f\" data-element_type=\"widget\" data-widget_type=\"text-editor.default\">\n<div class=\"elementor-widget-container\">\n<ul>\n<li>1 pi\u00e8ce : Cadre inf\u00e9rieur<\/li>\n<li>2 pi\u00e8ces : Colonne avant<\/li>\n<li>1 pi\u00e8ces : Panneau arri\u00e8re<\/li>\n<li>1 pi\u00e8ce : Couvercle sup\u00e9rieur<\/li>\n<li>4 pi\u00e8ces : Montant vertical<\/li>\n<li>2 pi\u00e8ces : Porte lat\u00e9rale<\/li>\n<li>1 pi\u00e8ces : Porte avant<\/li>\n<\/ul>\n<\/div>\n<\/div>\n<div class=\"elementor-element elementor-element-8126363 elementor-widget elementor-widget-wpdatatables\" data-id=\"8126363\" data-element_type=\"widget\" data-widget_type=\"wpdatatables.default\">\n<div class=\"elementor-widget-container\">Please select a wpDataTable.<\/div>\n<\/div>\n<\/div>\n<\/div>\n<\/div>\n<\/section>\n","protected":false},"excerpt":{"rendered":"<p><strong>Description du coffret informatique TTLINK<\/strong><br \/>\nLe coffret 19\u2019\u2019 TTLINK est la solution compl\u00e9te et parfaite des coffrets informatiques avec un design \u00e9l\u00e9gant et pourra \u00eatre install\u00e9 dans tous les environnements, tout en offrant un parfait point de d\u00e9part pour la distribution de c\u00e2blage.<\/p>\n","protected":false},"featured_media":18692,"comment_status":"open","ping_status":"closed","template":"","meta":{"om_disable_all_campaigns":false,"_monsterinsights_skip_tracking":false,"_monsterinsights_sitenote_active":false,"_monsterinsights_sitenote_note":"","_monsterinsights_sitenote_category":0},"product_cat":[858],"product_tag":[896,66],"class_list":{"0":"post-17345","1":"product","2":"type-product","3":"status-publish","4":"has-post-thumbnail","6":"product_cat-armoires","7":"product_tag-armoire-4u","8":"product_tag-digital-camera","9":"ts_product_brand-dahua","11":"first","12":"instock","13":"featured","14":"shipping-taxable","15":"purchasable","16":"product-type-simple","17":"add-to-wishlist-after_add_to_cart"},"aioseo_notices":[],"_links":{"self":[{"href":"https:\/\/tthcompany.ma\/index.php\/wp-json\/wp\/v2\/product\/17345","targetHints":{"allow":["GET"]}}],"collection":[{"href":"https:\/\/tthcompany.ma\/index.php\/wp-json\/wp\/v2\/product"}],"about":[{"href":"https:\/\/tthcompany.ma\/index.php\/wp-json\/wp\/v2\/types\/product"}],"replies":[{"embeddable":true,"href":"https:\/\/tthcompany.ma\/index.php\/wp-json\/wp\/v2\/comments?post=17345"}],"wp:featuredmedia":[{"embeddable":true,"href":"https:\/\/tthcompany.ma\/index.php\/wp-json\/wp\/v2\/media\/18692"}],"wp:attachment":[{"href":"https:\/\/tthcompany.ma\/index.php\/wp-json\/wp\/v2\/media?parent=17345"}],"wp:term":[{"taxonomy":"product_cat","embeddable":true,"href":"https:\/\/tthcompany.ma\/index.php\/wp-json\/wp\/v2\/product_cat?post=17345"},{"taxonomy":"product_tag","embeddable":true,"href":"https:\/\/tthcompany.ma\/index.php\/wp-json\/wp\/v2\/product_tag?post=17345"}],"curies":[{"name":"wp","href":"https:\/\/api.w.org\/{rel}","templated":true}]}}