{"id":20820,"date":"2022-11-07T11:06:02","date_gmt":"2022-11-07T11:06:02","guid":{"rendered":"https:\/\/tthcompany.ma\/?page_id=20820"},"modified":"2023-02-15T13:44:10","modified_gmt":"2023-02-15T13:44:10","slug":"dahua-services","status":"publish","type":"page","link":"https:\/\/tthcompany.ma\/index.php\/dahua-services\/","title":{"rendered":"Services"},"content":{"rendered":"\t\t<div data-elementor-type=\"wp-page\" data-elementor-id=\"20820\" class=\"elementor elementor-20820\" data-elementor-post-type=\"page\">\n\t\t\t\t\t\t<section class=\"elementor-section elementor-top-section elementor-element elementor-element-1d0d9e91 elementor-section-content-middle elementor-section-boxed elementor-section-height-default elementor-section-height-default\" data-id=\"1d0d9e91\" data-element_type=\"section\">\n\t\t\t\t\t\t<div class=\"elementor-container elementor-column-gap-no\">\n\t\t\t\t\t<div class=\"elementor-column elementor-col-100 elementor-top-column elementor-element elementor-element-d5f8188\" data-id=\"d5f8188\" data-element_type=\"column\">\n\t\t\t<div class=\"elementor-widget-wrap elementor-element-populated\">\n\t\t\t\t\t\t<div class=\"elementor-element elementor-element-4de213d8 elementor-widget elementor-widget-heading\" data-id=\"4de213d8\" data-element_type=\"widget\" data-widget_type=\"heading.default\">\n\t\t\t\t<div class=\"elementor-widget-container\">\n\t\t\t<style>\/*! elementor - v3.21.0 - 24-04-2024 *\/\n.elementor-heading-title{padding:0;margin:0;line-height:1}.elementor-widget-heading .elementor-heading-title[class*=elementor-size-]>a{color:inherit;font-size:inherit;line-height:inherit}.elementor-widget-heading .elementor-heading-title.elementor-size-small{font-size:15px}.elementor-widget-heading .elementor-heading-title.elementor-size-medium{font-size:19px}.elementor-widget-heading .elementor-heading-title.elementor-size-large{font-size:29px}.elementor-widget-heading .elementor-heading-title.elementor-size-xl{font-size:39px}.elementor-widget-heading .elementor-heading-title.elementor-size-xxl{font-size:59px}<\/style><h4 class=\"elementor-heading-title elementor-size-default\">Services<\/h4>\t\t<\/div>\n\t\t\t\t<\/div>\n\t\t\t\t<section class=\"elementor-section elementor-inner-section elementor-element elementor-element-541fc5a4 elementor-section-content-middle elementor-section-boxed elementor-section-height-default elementor-section-height-default\" data-id=\"541fc5a4\" data-element_type=\"section\">\n\t\t\t\t\t\t<div class=\"elementor-container elementor-column-gap-no\">\n\t\t\t\t\t<div class=\"elementor-column elementor-col-33 elementor-inner-column elementor-element elementor-element-59ca776d\" data-id=\"59ca776d\" data-element_type=\"column\">\n\t\t\t<div class=\"elementor-widget-wrap elementor-element-populated\">\n\t\t\t\t\t\t<div class=\"elementor-element elementor-element-2f14a429 elementor-position-top elementor-widget elementor-widget-image-box\" data-id=\"2f14a429\" data-element_type=\"widget\" data-widget_type=\"image-box.default\">\n\t\t\t\t<div class=\"elementor-widget-container\">\n\t\t\t<style>\/*! elementor - v3.21.0 - 24-04-2024 *\/\n.elementor-widget-image-box .elementor-image-box-content{width:100%}@media (min-width:768px){.elementor-widget-image-box.elementor-position-left .elementor-image-box-wrapper,.elementor-widget-image-box.elementor-position-right .elementor-image-box-wrapper{display:flex}.elementor-widget-image-box.elementor-position-right .elementor-image-box-wrapper{text-align:end;flex-direction:row-reverse}.elementor-widget-image-box.elementor-position-left .elementor-image-box-wrapper{text-align:start;flex-direction:row}.elementor-widget-image-box.elementor-position-top .elementor-image-box-img{margin:auto}.elementor-widget-image-box.elementor-vertical-align-top .elementor-image-box-wrapper{align-items:flex-start}.elementor-widget-image-box.elementor-vertical-align-middle .elementor-image-box-wrapper{align-items:center}.elementor-widget-image-box.elementor-vertical-align-bottom .elementor-image-box-wrapper{align-items:flex-end}}@media (max-width:767px){.elementor-widget-image-box .elementor-image-box-img{margin-left:auto!important;margin-right:auto!important;margin-bottom:15px}}.elementor-widget-image-box .elementor-image-box-img{display:inline-block}.elementor-widget-image-box .elementor-image-box-title a{color:inherit}.elementor-widget-image-box .elementor-image-box-wrapper{text-align:center}.elementor-widget-image-box .elementor-image-box-description{margin:0}<\/style><div class=\"elementor-image-box-wrapper\"><figure class=\"elementor-image-box-img\"><img fetchpriority=\"high\" decoding=\"async\" width=\"861\" height=\"557\" src=\"https:\/\/tthcompany.ma\/wp-content\/uploads\/2022\/11\/etude-marche-min.jpg\" class=\"attachment-full size-full wp-image-20842\" alt=\"\u00c9tude personnalis\u00e9e\" srcset=\"https:\/\/tthcompany.ma\/wp-content\/uploads\/2022\/11\/etude-marche-min.jpg 861w, https:\/\/tthcompany.ma\/wp-content\/uploads\/2022\/11\/etude-marche-min-300x194.jpg 300w, https:\/\/tthcompany.ma\/wp-content\/uploads\/2022\/11\/etude-marche-min-768x497.jpg 768w, https:\/\/tthcompany.ma\/wp-content\/uploads\/2022\/11\/etude-marche-min-600x388.jpg 600w\" sizes=\"(max-width: 861px) 100vw, 861px\" \/><\/figure><div class=\"elementor-image-box-content\"><h2 class=\"elementor-image-box-title\"> \u00c9tude personnalis\u00e9e<\/h2><p class=\"elementor-image-box-description\">\n\nAvez-vous un mode de vie sp\u00e9cial, un type d\u2019habitation ou un besoin sp\u00e9cifique ?\n<\/p><\/div><\/div>\t\t<\/div>\n\t\t\t\t<\/div>\n\t\t\t\t\t<\/div>\n\t\t<\/div>\n\t\t\t\t<div class=\"elementor-column elementor-col-33 elementor-inner-column elementor-element elementor-element-30804cf\" data-id=\"30804cf\" data-element_type=\"column\">\n\t\t\t<div class=\"elementor-widget-wrap elementor-element-populated\">\n\t\t\t\t\t\t<div class=\"elementor-element elementor-element-1f9837a elementor-position-top elementor-widget elementor-widget-image-box\" data-id=\"1f9837a\" data-element_type=\"widget\" data-widget_type=\"image-box.default\">\n\t\t\t\t<div class=\"elementor-widget-container\">\n\t\t\t<div class=\"elementor-image-box-wrapper\"><figure class=\"elementor-image-box-img\"><img decoding=\"async\" width=\"1024\" height=\"683\" src=\"https:\/\/tthcompany.ma\/wp-content\/uploads\/2022\/11\/9e8d152693c24c30afc78a91a5605a40-min.jpg\" class=\"attachment-full size-full wp-image-20843\" alt=\"Livraison Rapide\" srcset=\"https:\/\/tthcompany.ma\/wp-content\/uploads\/2022\/11\/9e8d152693c24c30afc78a91a5605a40-min.jpg 1024w, https:\/\/tthcompany.ma\/wp-content\/uploads\/2022\/11\/9e8d152693c24c30afc78a91a5605a40-min-300x200.jpg 300w, https:\/\/tthcompany.ma\/wp-content\/uploads\/2022\/11\/9e8d152693c24c30afc78a91a5605a40-min-768x512.jpg 768w, https:\/\/tthcompany.ma\/wp-content\/uploads\/2022\/11\/9e8d152693c24c30afc78a91a5605a40-min-600x400.jpg 600w\" sizes=\"(max-width: 1024px) 100vw, 1024px\" \/><\/figure><div class=\"elementor-image-box-content\"><h2 class=\"elementor-image-box-title\"> Livraison Rapide<\/h2><p class=\"elementor-image-box-description\">\n\nTTH COMPANY s\u2019engage \u00e0 vous livrer votre colis rapidement et en toute s\u00e9curit\u00e9.\n<\/p><\/div><\/div>\t\t<\/div>\n\t\t\t\t<\/div>\n\t\t\t\t\t<\/div>\n\t\t<\/div>\n\t\t\t\t<div class=\"elementor-column elementor-col-33 elementor-inner-column elementor-element elementor-element-179bfc1\" data-id=\"179bfc1\" data-element_type=\"column\">\n\t\t\t<div class=\"elementor-widget-wrap elementor-element-populated\">\n\t\t\t\t\t\t<div class=\"elementor-element elementor-element-ce09582 elementor-position-top elementor-widget elementor-widget-image-box\" data-id=\"ce09582\" data-element_type=\"widget\" data-widget_type=\"image-box.default\">\n\t\t\t\t<div class=\"elementor-widget-container\">\n\t\t\t<div class=\"elementor-image-box-wrapper\"><figure class=\"elementor-image-box-img\"><img decoding=\"async\" width=\"1000\" height=\"667\" src=\"https:\/\/tthcompany.ma\/wp-content\/uploads\/2022\/11\/shutterstock_722489089-min.jpg\" class=\"attachment-full size-full wp-image-20844\" alt=\"tth company Support technique\" srcset=\"https:\/\/tthcompany.ma\/wp-content\/uploads\/2022\/11\/shutterstock_722489089-min.jpg 1000w, https:\/\/tthcompany.ma\/wp-content\/uploads\/2022\/11\/shutterstock_722489089-min-300x200.jpg 300w, https:\/\/tthcompany.ma\/wp-content\/uploads\/2022\/11\/shutterstock_722489089-min-768x512.jpg 768w, https:\/\/tthcompany.ma\/wp-content\/uploads\/2022\/11\/shutterstock_722489089-min-600x400.jpg 600w\" sizes=\"(max-width: 1000px) 100vw, 1000px\" \/><\/figure><div class=\"elementor-image-box-content\"><h2 class=\"elementor-image-box-title\"> Support technique<\/h2><p class=\"elementor-image-box-description\">\n\nNos techniciens s\u2019occupent de r\u00e9soudre vos probl\u00e8mes techniques et vous fournissent des conseils dans les meilleurs d\u00e9lais.\n<\/p><\/div><\/div>\t\t<\/div>\n\t\t\t\t<\/div>\n\t\t\t\t\t<\/div>\n\t\t<\/div>\n\t\t\t\t\t<\/div>\n\t\t<\/section>\n\t\t\t\t<section class=\"elementor-section elementor-inner-section elementor-element elementor-element-28474220 elementor-section-content-middle elementor-section-boxed elementor-section-height-default elementor-section-height-default\" data-id=\"28474220\" data-element_type=\"section\">\n\t\t\t\t\t\t<div class=\"elementor-container elementor-column-gap-no\">\n\t\t\t\t\t<div class=\"elementor-column elementor-col-33 elementor-inner-column elementor-element elementor-element-77bd168c\" data-id=\"77bd168c\" data-element_type=\"column\">\n\t\t\t<div class=\"elementor-widget-wrap elementor-element-populated\">\n\t\t\t\t\t\t<div class=\"elementor-element elementor-element-50cd1a2a elementor-position-top elementor-widget elementor-widget-image-box\" data-id=\"50cd1a2a\" data-element_type=\"widget\" data-widget_type=\"image-box.default\">\n\t\t\t\t<div class=\"elementor-widget-container\">\n\t\t\t<div class=\"elementor-image-box-wrapper\"><figure class=\"elementor-image-box-img\"><img loading=\"lazy\" decoding=\"async\" width=\"2048\" height=\"1371\" src=\"https:\/\/tthcompany.ma\/wp-content\/uploads\/2022\/11\/shutterstock_582253744-2048x1371-min.jpg\" class=\"attachment-full size-full wp-image-20862\" alt=\"TTH Company Contrat de maintenance\" srcset=\"https:\/\/tthcompany.ma\/wp-content\/uploads\/2022\/11\/shutterstock_582253744-2048x1371-min.jpg 2048w, https:\/\/tthcompany.ma\/wp-content\/uploads\/2022\/11\/shutterstock_582253744-2048x1371-min-300x201.jpg 300w, https:\/\/tthcompany.ma\/wp-content\/uploads\/2022\/11\/shutterstock_582253744-2048x1371-min-1024x686.jpg 1024w, https:\/\/tthcompany.ma\/wp-content\/uploads\/2022\/11\/shutterstock_582253744-2048x1371-min-768x514.jpg 768w, https:\/\/tthcompany.ma\/wp-content\/uploads\/2022\/11\/shutterstock_582253744-2048x1371-min-600x402.jpg 600w, https:\/\/tthcompany.ma\/wp-content\/uploads\/2022\/11\/shutterstock_582253744-2048x1371-min-1536x1028.jpg 1536w, https:\/\/tthcompany.ma\/wp-content\/uploads\/2022\/11\/shutterstock_582253744-2048x1371-min-1300x870.jpg 1300w\" sizes=\"(max-width: 2048px) 100vw, 2048px\" \/><\/figure><div class=\"elementor-image-box-content\"><h2 class=\"elementor-image-box-title\">Contrat de maintenance<\/h2><p class=\"elementor-image-box-description\">\n\nNous nous engageons sur la dur\u00e9e en restant \u00e0 votre \u00e9coute pour vous aider et vous conseiller.\n<\/p><\/div><\/div>\t\t<\/div>\n\t\t\t\t<\/div>\n\t\t\t\t\t<\/div>\n\t\t<\/div>\n\t\t\t\t<div class=\"elementor-column elementor-col-33 elementor-inner-column elementor-element elementor-element-1c18a8b\" data-id=\"1c18a8b\" data-element_type=\"column\">\n\t\t\t<div class=\"elementor-widget-wrap elementor-element-populated\">\n\t\t\t\t\t\t<div class=\"elementor-element elementor-element-5f8124e elementor-position-top elementor-widget elementor-widget-image-box\" data-id=\"5f8124e\" data-element_type=\"widget\" data-widget_type=\"image-box.default\">\n\t\t\t\t<div class=\"elementor-widget-container\">\n\t\t\t<div class=\"elementor-image-box-wrapper\"><figure class=\"elementor-image-box-img\"><img loading=\"lazy\" decoding=\"async\" width=\"1900\" height=\"1070\" src=\"https:\/\/tthcompany.ma\/wp-content\/uploads\/2022\/11\/36.-CARTOUCHE-CERTIFICATIONS-1900x1070-1-min.jpg\" class=\"attachment-full size-full wp-image-20861\" alt=\"TTH Company Garantie professionnelle\" srcset=\"https:\/\/tthcompany.ma\/wp-content\/uploads\/2022\/11\/36.-CARTOUCHE-CERTIFICATIONS-1900x1070-1-min.jpg 1900w, https:\/\/tthcompany.ma\/wp-content\/uploads\/2022\/11\/36.-CARTOUCHE-CERTIFICATIONS-1900x1070-1-min-300x169.jpg 300w, https:\/\/tthcompany.ma\/wp-content\/uploads\/2022\/11\/36.-CARTOUCHE-CERTIFICATIONS-1900x1070-1-min-1024x577.jpg 1024w, https:\/\/tthcompany.ma\/wp-content\/uploads\/2022\/11\/36.-CARTOUCHE-CERTIFICATIONS-1900x1070-1-min-768x433.jpg 768w, https:\/\/tthcompany.ma\/wp-content\/uploads\/2022\/11\/36.-CARTOUCHE-CERTIFICATIONS-1900x1070-1-min-600x338.jpg 600w, https:\/\/tthcompany.ma\/wp-content\/uploads\/2022\/11\/36.-CARTOUCHE-CERTIFICATIONS-1900x1070-1-min-1536x865.jpg 1536w, https:\/\/tthcompany.ma\/wp-content\/uploads\/2022\/11\/36.-CARTOUCHE-CERTIFICATIONS-1900x1070-1-min-1300x732.jpg 1300w\" sizes=\"(max-width: 1900px) 100vw, 1900px\" \/><\/figure><div class=\"elementor-image-box-content\"><h2 class=\"elementor-image-box-title\"> Garantie professionnelle<\/h2><p class=\"elementor-image-box-description\">\n\nVous b\u00e9n\u00e9ficiez d\u2019une garantie totale de 3 ann\u00e9es sur tous nos produits.\n<\/p><\/div><\/div>\t\t<\/div>\n\t\t\t\t<\/div>\n\t\t\t\t\t<\/div>\n\t\t<\/div>\n\t\t\t\t<div class=\"elementor-column elementor-col-33 elementor-inner-column elementor-element elementor-element-a311b19\" data-id=\"a311b19\" data-element_type=\"column\">\n\t\t\t<div class=\"elementor-widget-wrap elementor-element-populated\">\n\t\t\t\t\t\t<div class=\"elementor-element elementor-element-763126b elementor-position-top elementor-widget elementor-widget-image-box\" data-id=\"763126b\" data-element_type=\"widget\" data-widget_type=\"image-box.default\">\n\t\t\t\t<div class=\"elementor-widget-container\">\n\t\t\t<div class=\"elementor-image-box-wrapper\"><figure class=\"elementor-image-box-img\"><img loading=\"lazy\" decoding=\"async\" width=\"1000\" height=\"667\" src=\"https:\/\/tthcompany.ma\/wp-content\/uploads\/2022\/11\/shutterstock_296302733-min.jpg\" class=\"attachment-full size-full wp-image-20864\" alt=\"TTH Company Formations\" srcset=\"https:\/\/tthcompany.ma\/wp-content\/uploads\/2022\/11\/shutterstock_296302733-min.jpg 1000w, https:\/\/tthcompany.ma\/wp-content\/uploads\/2022\/11\/shutterstock_296302733-min-300x200.jpg 300w, https:\/\/tthcompany.ma\/wp-content\/uploads\/2022\/11\/shutterstock_296302733-min-768x512.jpg 768w, https:\/\/tthcompany.ma\/wp-content\/uploads\/2022\/11\/shutterstock_296302733-min-600x400.jpg 600w\" sizes=\"(max-width: 1000px) 100vw, 1000px\" \/><\/figure><div class=\"elementor-image-box-content\"><h2 class=\"elementor-image-box-title\"> Formations<\/h2><p class=\"elementor-image-box-description\">\n\nVous b\u00e9n\u00e9ficiez de formations aux produits que nous vous fournissons, pour que votre installation soit ma\u00eetris\u00e9e.\n<\/p><\/div><\/div>\t\t<\/div>\n\t\t\t\t<\/div>\n\t\t\t\t\t<\/div>\n\t\t<\/div>\n\t\t\t\t\t<\/div>\n\t\t<\/section>\n\t\t\t\t\t<\/div>\n\t\t<\/div>\n\t\t\t\t\t<\/div>\n\t\t<\/section>\n\t\t\t\t<\/div>\n\t\t","protected":false},"excerpt":{"rendered":"<p>Services \u00c9tude personnalis\u00e9e Avez-vous un mode de vie sp\u00e9cial, un type d\u2019habitation ou un besoin sp\u00e9cifique ? Livraison Rapide TTH COMPANY s\u2019engage \u00e0 vous livrer votre colis rapidement et en toute s\u00e9curit\u00e9. Support technique Nos techniciens s\u2019occupent de r\u00e9soudre vos probl\u00e8mes techniques et vous fournissent des conseils dans les meilleurs d\u00e9lais. Contrat de maintenance Nous [&hellip;]<\/p>\n","protected":false},"author":113,"featured_media":0,"parent":0,"menu_order":0,"comment_status":"closed","ping_status":"closed","template":"","meta":{"om_disable_all_campaigns":false,"_monsterinsights_skip_tracking":false,"_monsterinsights_sitenote_active":false,"_monsterinsights_sitenote_note":"","_monsterinsights_sitenote_category":0,"footnotes":""},"class_list":["post-20820","page","type-page","status-publish","hentry"],"aioseo_notices":[],"_links":{"self":[{"href":"https:\/\/tthcompany.ma\/index.php\/wp-json\/wp\/v2\/pages\/20820","targetHints":{"allow":["GET"]}}],"collection":[{"href":"https:\/\/tthcompany.ma\/index.php\/wp-json\/wp\/v2\/pages"}],"about":[{"href":"https:\/\/tthcompany.ma\/index.php\/wp-json\/wp\/v2\/types\/page"}],"author":[{"embeddable":true,"href":"https:\/\/tthcompany.ma\/index.php\/wp-json\/wp\/v2\/users\/113"}],"replies":[{"embeddable":true,"href":"https:\/\/tthcompany.ma\/index.php\/wp-json\/wp\/v2\/comments?post=20820"}],"version-history":[{"count":45,"href":"https:\/\/tthcompany.ma\/index.php\/wp-json\/wp\/v2\/pages\/20820\/revisions"}],"predecessor-version":[{"id":22646,"href":"https:\/\/tthcompany.ma\/index.php\/wp-json\/wp\/v2\/pages\/20820\/revisions\/22646"}],"wp:attachment":[{"href":"https:\/\/tthcompany.ma\/index.php\/wp-json\/wp\/v2\/media?parent=20820"}],"curies":[{"name":"wp","href":"https:\/\/api.w.org\/{rel}","templated":true}]}}